{"id":392,"date":"2016-10-18T15:31:35","date_gmt":"2016-10-18T13:31:35","guid":{"rendered":"http:\/\/dev.yoho.pl\/beethoven\/artysci\/?page_id=392"},"modified":"2025-10-06T14:49:44","modified_gmt":"2025-10-06T12:49:44","slug":"krzysztof-ksiazek","status":"publish","type":"page","link":"https:\/\/beethoven.org.pl\/artysci\/krzysztof-ksiazek\/","title":{"rendered":"Krzysztof Ksi\u0105\u017cek"},"content":{"rendered":"<p><\/p>\n<h3 style=\"text-align: center\"><em>Jeden z najciekawszych pianist\u00f3w swojego pokolenia. P\u00f3\u0142finalista i laureat dw\u00f3ch nagr\u00f3d pozaregulaminowych w XVII Mi\u0119dzynarodowym Konkursie im. Fryderyka Chopina w Warszawie (2015) oraz laureat III nagrody i nagrody specjalnej za najlepsze wykonanie mazurk\u00f3w I Mi\u0119dzynarodowego Konkursu Chopinowskiego na Instrumentach Historycznych (2018).\u00a0 <\/em><\/h3>\n<p>&nbsp;<\/p>\n<p><img loading=\"lazy\" decoding=\"async\" class=\"wp-image-2118 size-full\" src=\"http:\/\/beethoven.org.pl\/artysci\/wp-content\/uploads\/sites\/2\/2018\/07\/BF180512_4373.jpg\" alt=\"\" width=\"1712\" height=\"2232\" srcset=\"https:\/\/beethoven.org.pl\/artysci\/wp-content\/uploads\/sites\/2\/2018\/07\/BF180512_4373.jpg 1712w, https:\/\/beethoven.org.pl\/artysci\/wp-content\/uploads\/sites\/2\/2018\/07\/BF180512_4373-230x300.jpg 230w, https:\/\/beethoven.org.pl\/artysci\/wp-content\/uploads\/sites\/2\/2018\/07\/BF180512_4373-768x1001.jpg 768w, https:\/\/beethoven.org.pl\/artysci\/wp-content\/uploads\/sites\/2\/2018\/07\/BF180512_4373-785x1024.jpg 785w\" sizes=\"auto, (max-width: 1712px) 100vw, 1712px\" \/><\/p>\n<p>Wielokrotnie nagradzany i doceniany za wykonawstwo muzyki Fryderyka Chopina i muzyki polskiej.<\/p>\n<p>Artysta wyst\u0119powa\u0142 na licznych festiwalach w kraju i zagranic\u0105, m.in. na: Mi\u0119dzynarodowym Festiwalu Chopinowskim w Dusznikach Zdroju,\u00a0 Festiwalu \u201eChopin i Jego Europa\u201d, Festival Chopin \u00e0 Paris,\u00a0 New Year Music Festival w Gstaad, Wielkanocnym Festiwalu Ludwiga van Beethovena w Warszawie. Koncertowa\u0142 w Europie, Afryce, Stanach Zjednocznych i Azji. Wyst\u0119powa\u0142 pod batut\u0105 takich dyrygent\u00f3w jak: Antoni Wit, Jacek Kaspszyk, Tadeusz Struga\u0142a, Grzegorz Nowak, V\u00e1clav Luks, Jos\u00e9 Maria Flor\u00eancio, Yu Feng, George Tchitchinadze, \u0141ukasz Borowicz, Ewa Strusi\u0144ska.<\/p>\n<p>Szeroki obszar muzycznych zainteresowa\u0144 sytuuje go w\u015br\u00f3d najbardziej wszechstronnych artyst\u00f3w swojego pokolenia. Opr\u00f3cz kanonu dzie\u0142 najznamienitszych kompozytor\u00f3w si\u0119ga tak\u017ce po pozycje mniej znane (m.in. <em>Koncert fortepianowy <\/em>S. Wis\u0142ockiego, <em>Rapsodia Symfoniczna na fortepian i orkiestr\u0119 <\/em>Z. Stojowskiego, <em>Wariacje na temat piosenki Dzieci\u0119cej <\/em>E. von Dohnanyi\u2019ego, czy <em>Yellow River Piano Concerto<\/em>). Nie stroni tak\u017ce od muzyki najnowszej (<em>Koncert na fortepian i perkusj\u0119 <\/em>Z. Bargielskiego, dzie\u0142a na fortepian Rafa\u0142a Augustyna). Du\u017c\u0105 rado\u015b\u0107 artysta czerpie z wykonawstwa muzyki na instrumentach historycznych, czego najlepszym dowodem obok wsp\u00f3\u0142pracy z takimi zespo\u0142ami jak Orkiestra XVIII wieku, Collegium 1704, czy {oh!} Orkiestra Historyczna, jest nagranie recitalu na kopii warszawskiego fortepianu Chopina \u2013 Buchholtza z ok. 1825 roku. Wa\u017cn\u0105 cz\u0119\u015b\u0107 jego dzia\u0142alno\u015bci stanowi muzyka kameralna, kt\u00f3rej uczy\u0142 si\u0119 pod kierunkiem prof. Kai Danczowskiej, prof. Marii Szwajger-Ku\u0142akowskiej i dr hab. S\u0142awomira Cierpika, dr hab. Bart\u0142omieja Kominka, duetu Silver-Garburg. Razem z \u017con\u0105 Agnieszk\u0105 Zahaczewsk\u0105-Ksi\u0105\u017cek wsp\u00f3\u0142tworzy Ksi\u0105\u017cek Piano Duo. Zesp\u00f3\u0142 zdoby\u0142 I nagrod\u0119 II Mi\u0119dzynarodowego Konkursu Muzyki Polskiej w Rzeszowie (2021) oraz II nagrod\u0119 XII Mi\u0119dzynarodowego Konkursu Kameralnego \u201eFranz Schubert und die Musik der Moderne\u201d w Graz (Austria, 2025) w\u00a0kategorii duet fortepianowy. Na sta\u0142e wsp\u00f3\u0142pracuje ze \u015bpiewaczk\u0105 i kompozytork\u0105 Agat\u0105 Zubel. Ich p\u0142yta \u201eApparition\u201d (CD Accord) z pie\u015bniami kompozytor\u00f3w XX w. nagrodzona zosta\u0142a FRYDERYKIEM 2020.<\/p>\n<p>Dyskografia pianisty obejmuje obok wy\u017cej wymienionych obejmuje p\u0142yty z muzyk\u0105 Chopina, Augustyna, suitami na dwa fortepiany Antona Are\u0144skiego i Sergiusza Rachmaninowa oraz dzie\u0142ami na cztery r\u0119ce polskich tw\u00f3rc\u00f3w pocz\u0105tku XIX wieku.<\/p>\n<p>Krzysztof Ksi\u0105\u017cek jest absolwentem Akademii Muzycznych w Krakowie i Bydgoszczy w\u00a0klasie prof. Stefana Wojtasa oraz Hochschule f\u00fcr Musik, Theater und Medien Hannover. w\u00a0klasie prof. Arie Vardiego.<\/p>\n<p>By\u0142 stypendyst\u0105 programu stypendialnego &#8222;M\u0142oda Polska&#8221;. W marcu 2014 roku otrzyma\u0142 Stypendium Krystiana Zimermana.<\/p>\n<p><em>Krzysztof Ksi\u0105\u017cek jest reprezentowany przez Stowarzyszenie im. Ludwiga van Beethovena.<\/em><\/p>\n<p>&nbsp;<\/p>","protected":false},"excerpt":{"rendered":"<p>Jeden z najciekawszych pianist\u00f3w swojego pokolenia. P\u00f3\u0142finalista i laureat dw\u00f3ch nagr\u00f3d pozaregulaminowych w XVII Mi\u0119dzynarodowym Konkursie im. Fryderyka Chopina w Warszawie (2015) oraz laureat III nagrody i nagrody specjalnej za najlepsze wykonanie mazurk\u00f3w I Mi\u0119dzynarodowego Konkursu Chopinowskiego na Instrumentach Historycznych (2018).\u00a0 &nbsp; Wielokrotnie nagradzany i doceniany za wykonawstwo muzyki Fryderyka Chopina i muzyki polskiej. Artysta [&hellip;]<\/p>\n","protected":false},"author":2,"featured_media":0,"parent":0,"menu_order":18,"comment_status":"closed","ping_status":"closed","template":"template-artist.php","meta":{"footnotes":""},"categories":[5],"class_list":["post-392","page","type-page","status-publish","hentry","category-pianisci"],"_links":{"self":[{"href":"https:\/\/beethoven.org.pl\/artysci\/wp-json\/wp\/v2\/pages\/392","targetHints":{"allow":["GET"]}}],"collection":[{"href":"https:\/\/beethoven.org.pl\/artysci\/wp-json\/wp\/v2\/pages"}],"about":[{"href":"https:\/\/beethoven.org.pl\/artysci\/wp-json\/wp\/v2\/types\/page"}],"author":[{"embeddable":true,"href":"https:\/\/beethoven.org.pl\/artysci\/wp-json\/wp\/v2\/users\/2"}],"replies":[{"embeddable":true,"href":"https:\/\/beethoven.org.pl\/artysci\/wp-json\/wp\/v2\/comments?post=392"}],"version-history":[{"count":38,"href":"https:\/\/beethoven.org.pl\/artysci\/wp-json\/wp\/v2\/pages\/392\/revisions"}],"predecessor-version":[{"id":2534,"href":"https:\/\/beethoven.org.pl\/artysci\/wp-json\/wp\/v2\/pages\/392\/revisions\/2534"}],"wp:attachment":[{"href":"https:\/\/beethoven.org.pl\/artysci\/wp-json\/wp\/v2\/media?parent=392"}],"wp:term":[{"taxonomy":"category","embeddable":true,"href":"https:\/\/beethoven.org.pl\/artysci\/wp-json\/wp\/v2\/categories?post=392"}],"curies":[{"name":"wp","href":"https:\/\/api.w.org\/{rel}","templated":true}]}}

Krzysztof Książek

<p></p>
<h3 style="text-align: center"><em>Jeden z najciekawszych pianistów swojego pokolenia. Półfinalista i laureat dwóch nagród pozaregulaminowych w XVII Międzynarodowym Konkursie im. Fryderyka Chopina w Warszawie (2015) oraz laureat III nagrody i nagrody specjalnej za najlepsze wykonanie mazurków I Międzynarodowego Konkursu Chopinowskiego na Instrumentach Historycznych (2018).  </em></h3>
<p>&nbsp;</p>
<p><img loading="lazy" decoding="async" class="wp-image-2118 size-full" src="http://beethoven.org.pl/artysci/wp-content/uploads/sites/2/2018/07/BF180512_4373.jpg" alt="" width="1712" height="2232" srcset="https://beethoven.org.pl/artysci/wp-content/uploads/sites/2/2018/07/BF180512_4373.jpg 1712w, https://beethoven.org.pl/artysci/wp-content/uploads/sites/2/2018/07/BF180512_4373-230x300.jpg 230w, https://beethoven.org.pl/artysci/wp-content/uploads/sites/2/2018/07/BF180512_4373-768x1001.jpg 768w, https://beethoven.org.pl/artysci/wp-content/uploads/sites/2/2018/07/BF180512_4373-785x1024.jpg 785w" sizes="auto, (max-width: 1712px) 100vw, 1712px" /></p>
<p>Wielokrotnie nagradzany i doceniany za wykonawstwo muzyki Fryderyka Chopina i muzyki polskiej.</p>
<p>Artysta występował na licznych festiwalach w kraju i zagranicą, m.in. na: Międzynarodowym Festiwalu Chopinowskim w Dusznikach Zdroju,  Festiwalu „Chopin i Jego Europa”, Festival Chopin à Paris,  New Year Music Festival w Gstaad, Wielkanocnym Festiwalu Ludwiga van Beethovena w Warszawie. Koncertował w Europie, Afryce, Stanach Zjednocznych i Azji. Występował pod batutą takich dyrygentów jak: Antoni Wit, Jacek Kaspszyk, Tadeusz Strugała, Grzegorz Nowak, Václav Luks, José Maria Florêncio, Yu Feng, George Tchitchinadze, Łukasz Borowicz, Ewa Strusińska.</p>
<p>Szeroki obszar muzycznych zainteresowań sytuuje go wśród najbardziej wszechstronnych artystów swojego pokolenia. Oprócz kanonu dzieł najznamienitszych kompozytorów sięga także po pozycje mniej znane (m.in. <em>Koncert fortepianowy </em>S. Wisłockiego, <em>Rapsodia Symfoniczna na fortepian i orkiestrę </em>Z. Stojowskiego, <em>Wariacje na temat piosenki Dziecięcej </em>E. von Dohnanyi’ego, czy <em>Yellow River Piano Concerto</em>). Nie stroni także od muzyki najnowszej (<em>Koncert na fortepian i perkusję </em>Z. Bargielskiego, dzieła na fortepian Rafała Augustyna). Dużą radość artysta czerpie z wykonawstwa muzyki na instrumentach historycznych, czego najlepszym dowodem obok współpracy z takimi zespołami jak Orkiestra XVIII wieku, Collegium 1704, czy {oh!} Orkiestra Historyczna, jest nagranie recitalu na kopii warszawskiego fortepianu Chopina – Buchholtza z ok. 1825 roku. Ważną część jego działalności stanowi muzyka kameralna, której uczył się pod kierunkiem prof. Kai Danczowskiej, prof. Marii Szwajger-Kułakowskiej i dr hab. Sławomira Cierpika, dr hab. Bartłomieja Kominka, duetu Silver-Garburg. Razem z żoną Agnieszką Zahaczewską-Książek współtworzy Książek Piano Duo. Zespół zdobył I nagrodę II Międzynarodowego Konkursu Muzyki Polskiej w Rzeszowie (2021) oraz II nagrodę XII Międzynarodowego Konkursu Kameralnego „Franz Schubert und die Musik der Moderne” w Graz (Austria, 2025) w kategorii duet fortepianowy. Na stałe współpracuje ze śpiewaczką i kompozytorką Agatą Zubel. Ich płyta „Apparition” (CD Accord) z pieśniami kompozytorów XX w. nagrodzona została FRYDERYKIEM 2020.</p>
<p>Dyskografia pianisty obejmuje obok wyżej wymienionych obejmuje płyty z muzyką Chopina, Augustyna, suitami na dwa fortepiany Antona Areńskiego i Sergiusza Rachmaninowa oraz dziełami na cztery ręce polskich twórców początku XIX wieku.</p>
<p>Krzysztof Książek jest absolwentem Akademii Muzycznych w Krakowie i Bydgoszczy w klasie prof. Stefana Wojtasa oraz Hochschule für Musik, Theater und Medien Hannover. w klasie prof. Arie Vardiego.</p>
<p>Był stypendystą programu stypendialnego &#8222;Młoda Polska&#8221;. W marcu 2014 roku otrzymał Stypendium Krystiana Zimermana.</p>
<p><em>Krzysztof Książek jest reprezentowany przez Stowarzyszenie im. Ludwiga van Beethovena.</em></p>
<p>&nbsp;</p>

<p>Jeden z najciekawszych pianistów swojego pokolenia. Półfinalista i laureat dwóch nagród pozaregulaminowych w XVII Międzynarodowym Konkursie im. Fryderyka Chopina w Warszawie (2015) oraz laureat III nagrody i nagrody specjalnej za najlepsze wykonanie mazurków I Międzynarodowego Konkursu Chopinowskiego na Instrumentach Historycznych (2018).  &nbsp; Wielokrotnie nagradzany i doceniany za wykonawstwo muzyki Fryderyka Chopina i muzyki polskiej. Artysta [&hellip;]</p>
