{"id":374,"date":"2016-10-17T20:47:01","date_gmt":"2016-10-17T18:47:01","guid":{"rendered":"http:\/\/dev.yoho.pl\/beethoven\/artysci\/?page_id=374"},"modified":"2023-06-15T10:36:43","modified_gmt":"2023-06-15T08:36:43","slug":"wotek-gierlach","status":"publish","type":"page","link":"https:\/\/beethoven.org.pl\/artysci\/wotek-gierlach\/","title":{"rendered":"Wojtek Gierlach"},"content":{"rendered":"<p><\/p>\n<p style=\"text-align: center\"><strong>Bas.\u00a0<\/strong><strong>Artysta by\u0142 obsadzany w wielu wa\u017cnych rolach operowych. Jego p\u0142yty s\u0105 doceniane przez mi\u0142o\u015bnik\u00f3w muzyki na ca\u0142ym \u015bwiecie. <\/strong><\/p>\n<p><img loading=\"lazy\" decoding=\"async\" class=\"wp-image-904 size-full aligncenter\" src=\"http:\/\/beethoven.org.pl\/artysci\/wp-content\/uploads\/sites\/2\/2016\/10\/gierlach.jpg\" alt=\"gierlach\" width=\"324\" height=\"249\" srcset=\"https:\/\/beethoven.org.pl\/artysci\/wp-content\/uploads\/sites\/2\/2016\/10\/gierlach.jpg 324w, https:\/\/beethoven.org.pl\/artysci\/wp-content\/uploads\/sites\/2\/2016\/10\/gierlach-300x231.jpg 300w\" sizes=\"auto, (max-width: 324px) 100vw, 324px\" \/><\/p>\n<p>Urodzi\u0142 si\u0119 w Tarnawie G\u00f3rnej. Uko\u0144czy\u0142 Akademi\u0119 Muzyczn\u0105 im F. Chopina w Warszawie w klasie Prof. Kazimierza Pustelaka otrzymuj\u0105c wyr\u00f3\u017cnienie Magna cum Laude.<\/p>\n<p>Jest laureatem g\u0142\u00f3wnych nagr\u00f3d na mi\u0119dzynarodowych konkursach wokalnych: Ada Sari 1999 r. \u2013 I miejsce, Bilbao 2000 r. \u2013 II miejsce, Premio Caruso w Mediolanie 2001 r. \u2013 Premio Caruso, F. Vinas w Barcelonie 2004 r. \u2013 III miejsce.<\/p>\n<p>Zadebiutowa\u0142 w 1999 r. rol\u0105 tytu\u0142ow\u0105 w Imeneo Haendla w Warszawskiej Operze Kameralnej. Na deskach tej sceny wcieli\u0142 si\u0119 r\u00f3wnie\u017c w posta\u0107 Don Giovanniego. Publiczno\u015b\u0107 Teatru Wielkiego Opery Narodowej podziwia\u0142a go jako Leporello, Colline\u2019a w\u00a0\u201eCyganerii\u201d, Raimonda w\u00a0\u201e\u0141ucji z Lammermoor\u201d, Alfonsa w\u00a0\u201eLukrecji Borgii\u201d,\u00a0Escamilia w\u00a0\u201eCarmen\u201d\u00a0i w roli Gesslera w\u00a0\u201eWilhelmie Tellu\u201d. W\u015br\u00f3d wyst\u0119p\u00f3w w Polsce warto wymieni\u0107 tak\u017ce Mefista w\u00a0\u201ePot\u0119pieniu Fausta\u201d\u00a0Berlioza w Filharmonii Krakowskiej oraz Kr\u00f3la Ludwika w\u00a0\u201eEuryanthe\u201d\u00a0Webera na Wielkanocnym Festiwalu im Ludwiga van Beethovena.<\/p>\n<p>Za granic\u0105 \u015bpiewa\u0142 m.in. Figara w \u201eWeselu Figara\u201d Mozarta w Teatro Piccini w Bari oraz rol\u0119 Argenia w \u201eImeneo Haendla\u201d w Opera Ireland w Dublinie. Wyst\u0105pi\u0142 jako Mustafa we\u00a0W\u0142oszce\u00a0w Algierze i w teatrach operowych w Lizbonie, Minneapolis i Ravennie, jako Assur w \u201eSemiramidzie\u201d\u00a0w Teatro di Verdi Pisa, Alidoro w\u00a0\u201eKopciuszku\u201d\u00a0na Festival d\u2019Aix-en-Provance i w Stadttheater Klagenfurt, Orbazzano w\u00a0\u201eTankredzie\u201d\u00a0w Teatro Maestranza de Sevilla, Don Basilio w\u00a0\u201eCyruliku Sewilskim\u201d\u00a0w Deutsche Oper Berlin, Gouverneur w\u00a0\u201eHrabim Ory\u201d\u00a0na Belcanto Festival Wildbad. Wcieli\u0142 si\u0119 w rol\u0119 Lorda Sidney i Don Profondo w\u00a0\u201ePodr\u00f3\u017cy do Reims\u201d\u00a0na Pesaro Rossini Festiwal oraz Timura w\u00a0\u201eTurandot\u201d\u00a0(Santa Cruz de Tenerife) oraz Commendatore w prawykonaniu i nagraniu opery\u00a0\u201eIl Dissoluto Punito\u201d R. Carnicera w ramach Mozart Festival w La Coruni. Inne znacz\u0105ce role to Salieri w operze Rimskiego\u2013Korsakowa pt.\u00a0\u201eMozart i Salieri\u201d\u00a0w Teatro Fiarmonico w Oviedo, Orfeusz w \u201eNarodne Divadlo\u201d w Bratys\u0142awie, Conte Rodolfo w\u00a0\u201eLunatyczce\u201d Belliniego i Kreon w\u00a0\u201eMedea in Corinto\u201d\u00a0Mayera w St. Gallen, czy Mefisto w\u00a0\u201ePot\u0119pieniu Fausta\u00a0Berlioza\u201d.<br \/>\nW Filharmonii Narodowej w Warszawie wzi\u0105\u0142 udzia\u0142 w wykonaniu Mszy h-moll Bacha pod dyr. H. Rillinga oraz w Requiem Verdiego pod dyr. Kaia Baumanna w Filharmonii Ba\u0142tyckiej. By\u0142 wykonawc\u0105 partii solowej w Symfonii O. Greifa podczas koncertu inauguruj\u0105cego obj\u0119cie przez Marca Minkowskiego kierownictwa artystycznego Sinfonii Varsovii. Z orkiestr\u0105 I Solisti Veneti pod dyrekcj\u0105 Claudia Scimone \u015bpiewa\u0142 w Pasji\u00a0A. Salieriego Koncert transmitowany by\u0142 przez telewizj\u0119 RAI. Wykona\u0142 \u201eStabat Mater\u201d\u00a0Rossiniego wraz z Orquesta Simfonica de Asturias pod batut\u0105 \u00a0A. Zeddy oraz Orquesta de Navarra pod dyr. Antoniego Wita, IX Symfoni\u0119 Beethovena z NOSPR, a tak\u017ce \u201eSiedem Bram Jerozolimy\u201d\u00a0K. Pendereckiego pod batut\u0105 kompozytora. Na festiwalu Praska Wiosna uczestniczy\u0142 w\u00a0Pasji\u00a0wg \u015bw. Jana Arvo P\u00e4rta.<br \/>\nDorobek fonograficzny Artysty to m.in. Mirteo w\u00a0\u201e\u201dSemiramidzie\u201d\u00a0G. Meyerbeera \u2013 pod batut\u0105 R. Bonynge, Zambri w\u00a0\u201eCiro in Babilonia\u201d, Faraon w \u201eMoj\u017ceszu w Egipcie\u201d, Douglas w\u00a0\u201eLa Donna del Lago\u201d\u00a0Rossiniego pod batut\u0105 A. Zedda oraz Dourlinski w\u00a0\u201eLodo\u00efsce\u00a0Cherubiniego\u201d, Domoslav w\u00a0\u201eDuchu G\u00f3r\u201d\u00a0L. Spohra (p\u0142yta wydana we wsp\u00f3\u0142pracy ze Stowarzyszeniem Ludwiga van Beethovena) Nagra\u0142 r\u00f3wnie\u017c rol\u0119 Wojewody w\u00a0\u201eMarii\u00a0Statkowskiego\u201d pod batut\u0105 \u0141. Borowicza.<br \/>\nWojtek Gierlach jest reprezentowany przez Stowarzyszenie im. Ludwiga van Beethovena.<\/p>","protected":false},"excerpt":{"rendered":"<p>Bas.\u00a0Artysta by\u0142 obsadzany w wielu wa\u017cnych rolach operowych. Jego p\u0142yty s\u0105 doceniane przez mi\u0142o\u015bnik\u00f3w muzyki na ca\u0142ym \u015bwiecie. Urodzi\u0142 si\u0119 w Tarnawie G\u00f3rnej. Uko\u0144czy\u0142 Akademi\u0119 Muzyczn\u0105 im F. Chopina w Warszawie w klasie Prof. Kazimierza Pustelaka otrzymuj\u0105c wyr\u00f3\u017cnienie Magna cum Laude. Jest laureatem g\u0142\u00f3wnych nagr\u00f3d na mi\u0119dzynarodowych konkursach wokalnych: Ada Sari 1999 r. \u2013 I [&hellip;]<\/p>\n","protected":false},"author":2,"featured_media":0,"parent":0,"menu_order":5,"comment_status":"closed","ping_status":"closed","template":"template-artist.php","meta":{"footnotes":""},"categories":[16],"class_list":["post-374","page","type-page","status-publish","hentry","category-artysci-dziela-krzysztofa-pendereckiego"],"_links":{"self":[{"href":"https:\/\/beethoven.org.pl\/artysci\/wp-json\/wp\/v2\/pages\/374","targetHints":{"allow":["GET"]}}],"collection":[{"href":"https:\/\/beethoven.org.pl\/artysci\/wp-json\/wp\/v2\/pages"}],"about":[{"href":"https:\/\/beethoven.org.pl\/artysci\/wp-json\/wp\/v2\/types\/page"}],"author":[{"embeddable":true,"href":"https:\/\/beethoven.org.pl\/artysci\/wp-json\/wp\/v2\/users\/2"}],"replies":[{"embeddable":true,"href":"https:\/\/beethoven.org.pl\/artysci\/wp-json\/wp\/v2\/comments?post=374"}],"version-history":[{"count":6,"href":"https:\/\/beethoven.org.pl\/artysci\/wp-json\/wp\/v2\/pages\/374\/revisions"}],"predecessor-version":[{"id":1701,"href":"https:\/\/beethoven.org.pl\/artysci\/wp-json\/wp\/v2\/pages\/374\/revisions\/1701"}],"wp:attachment":[{"href":"https:\/\/beethoven.org.pl\/artysci\/wp-json\/wp\/v2\/media?parent=374"}],"wp:term":[{"taxonomy":"category","embeddable":true,"href":"https:\/\/beethoven.org.pl\/artysci\/wp-json\/wp\/v2\/categories?post=374"}],"curies":[{"name":"wp","href":"https:\/\/api.w.org\/{rel}","templated":true}]}}

<p></p>
<p style="text-align: center"><strong>Bas. </strong><strong>Artysta był obsadzany w wielu ważnych rolach operowych. Jego płyty są doceniane przez miłośników muzyki na całym świecie. </strong></p>
<p><img loading="lazy" decoding="async" class="wp-image-904 size-full aligncenter" src="http://beethoven.org.pl/artysci/wp-content/uploads/sites/2/2016/10/gierlach.jpg" alt="gierlach" width="324" height="249" srcset="https://beethoven.org.pl/artysci/wp-content/uploads/sites/2/2016/10/gierlach.jpg 324w, https://beethoven.org.pl/artysci/wp-content/uploads/sites/2/2016/10/gierlach-300x231.jpg 300w" sizes="auto, (max-width: 324px) 100vw, 324px" /></p>
<p>Urodził się w Tarnawie Górnej. Ukończył Akademię Muzyczną im F. Chopina w Warszawie w klasie Prof. Kazimierza Pustelaka otrzymując wyróżnienie Magna cum Laude.</p>
<p>Jest laureatem głównych nagród na międzynarodowych konkursach wokalnych: Ada Sari 1999 r. – I miejsce, Bilbao 2000 r. – II miejsce, Premio Caruso w Mediolanie 2001 r. – Premio Caruso, F. Vinas w Barcelonie 2004 r. – III miejsce.</p>
<p>Zadebiutował w 1999 r. rolą tytułową w Imeneo Haendla w Warszawskiej Operze Kameralnej. Na deskach tej sceny wcielił się również w postać Don Giovanniego. Publiczność Teatru Wielkiego Opery Narodowej podziwiała go jako Leporello, Colline’a w „Cyganerii”, Raimonda w „Łucji z Lammermoor”, Alfonsa w „Lukrecji Borgii”, Escamilia w „Carmen” i w roli Gesslera w „Wilhelmie Tellu”. Wśród występów w Polsce warto wymienić także Mefista w „Potępieniu Fausta” Berlioza w Filharmonii Krakowskiej oraz Króla Ludwika w „Euryanthe” Webera na Wielkanocnym Festiwalu im Ludwiga van Beethovena.</p>
<p>Za granicą śpiewał m.in. Figara w „Weselu Figara” Mozarta w Teatro Piccini w Bari oraz rolę Argenia w „Imeneo Haendla” w Opera Ireland w Dublinie. Wystąpił jako Mustafa we Włoszce w Algierze i w teatrach operowych w Lizbonie, Minneapolis i Ravennie, jako Assur w „Semiramidzie” w Teatro di Verdi Pisa, Alidoro w „Kopciuszku” na Festival d’Aix-en-Provance i w Stadttheater Klagenfurt, Orbazzano w „Tankredzie” w Teatro Maestranza de Sevilla, Don Basilio w „Cyruliku Sewilskim” w Deutsche Oper Berlin, Gouverneur w „Hrabim Ory” na Belcanto Festival Wildbad. Wcielił się w rolę Lorda Sidney i Don Profondo w „Podróży do Reims” na Pesaro Rossini Festiwal oraz Timura w „Turandot” (Santa Cruz de Tenerife) oraz Commendatore w prawykonaniu i nagraniu opery „Il Dissoluto Punito” R. Carnicera w ramach Mozart Festival w La Coruni. Inne znaczące role to Salieri w operze Rimskiego–Korsakowa pt. „Mozart i Salieri” w Teatro Fiarmonico w Oviedo, Orfeusz w „Narodne Divadlo” w Bratysławie, Conte Rodolfo w „Lunatyczce” Belliniego i Kreon w „Medea in Corinto” Mayera w St. Gallen, czy Mefisto w „Potępieniu Fausta Berlioza”.<br />
W Filharmonii Narodowej w Warszawie wziął udział w wykonaniu Mszy h-moll Bacha pod dyr. H. Rillinga oraz w Requiem Verdiego pod dyr. Kaia Baumanna w Filharmonii Bałtyckiej. Był wykonawcą partii solowej w Symfonii O. Greifa podczas koncertu inaugurującego objęcie przez Marca Minkowskiego kierownictwa artystycznego Sinfonii Varsovii. Z orkiestrą I Solisti Veneti pod dyrekcją Claudia Scimone śpiewał w Pasji A. Salieriego Koncert transmitowany był przez telewizję RAI. Wykonał „Stabat Mater” Rossiniego wraz z Orquesta Simfonica de Asturias pod batutą  A. Zeddy oraz Orquesta de Navarra pod dyr. Antoniego Wita, IX Symfonię Beethovena z NOSPR, a także „Siedem Bram Jerozolimy” K. Pendereckiego pod batutą kompozytora. Na festiwalu Praska Wiosna uczestniczył w Pasji wg św. Jana Arvo Pärta.<br />
Dorobek fonograficzny Artysty to m.in. Mirteo w „”Semiramidzie” G. Meyerbeera – pod batutą R. Bonynge, Zambri w „Ciro in Babilonia”, Faraon w „Mojżeszu w Egipcie”, Douglas w „La Donna del Lago” Rossiniego pod batutą A. Zedda oraz Dourlinski w „Lodoïsce Cherubiniego”, Domoslav w „Duchu Gór” L. Spohra (płyta wydana we współpracy ze Stowarzyszeniem Ludwiga van Beethovena) Nagrał również rolę Wojewody w „Marii Statkowskiego” pod batutą Ł. Borowicza.<br />
Wojtek Gierlach jest reprezentowany przez Stowarzyszenie im. Ludwiga van Beethovena.</p>

<p>Bas. Artysta był obsadzany w wielu ważnych rolach operowych. Jego płyty są doceniane przez miłośników muzyki na całym świecie. Urodził się w Tarnawie Górnej. Ukończył Akademię Muzyczną im F. Chopina w Warszawie w klasie Prof. Kazimierza Pustelaka otrzymując wyróżnienie Magna cum Laude. Jest laureatem głównych nagród na międzynarodowych konkursach wokalnych: Ada Sari 1999 r. – I [&hellip;]</p>
