{"id":293,"date":"2016-09-30T14:38:24","date_gmt":"2016-09-30T12:38:24","guid":{"rendered":"http:\/\/dev.yoho.pl\/beethoven\/artysci\/?page_id=293"},"modified":"2017-03-03T12:41:24","modified_gmt":"2017-03-03T11:41:24","slug":"orkiestra-akademii-beethovenowskiej","status":"publish","type":"page","link":"https:\/\/beethoven.org.pl\/artysci\/orkiestra-akademii-beethovenowskiej\/","title":{"rendered":"Orkiestra Akademii Beethovenowskiej"},"content":{"rendered":"<p>&nbsp;<\/p>\n<p>\u201e&#8230; Ju\u017c po pierwszych taktach s\u0142ycha\u0107, \u017ce za\u0142o\u017cona w 2003 roku Orkiestra Akademii Beethovenowskiej z Krakowa sk\u0142ada si\u0119 z najbardziej uzdolnionych m\u0142odych talent\u00f3w muzycznych w Polsce.\u201d<\/p>\n<p><em>Annika Senger\/ Online Musik Magazine <\/em><\/p>\n<p><img loading=\"lazy\" decoding=\"async\" class=\"alignnone wp-image-297 size-full\" src=\"http:\/\/beethoven.org.pl\/artysci\/wp-content\/uploads\/sites\/2\/2016\/09\/podpisane_oab_foto_03.jpg\" alt=\"01.04.2015 - ORKIESTRA AKADEMII BEETHOVENOWSKIEJ FOT. BRUNO FIDRYCH +48 600 83 82 82\" width=\"5760\" height=\"3840\" srcset=\"https:\/\/beethoven.org.pl\/artysci\/wp-content\/uploads\/sites\/2\/2016\/09\/podpisane_oab_foto_03.jpg 5760w, https:\/\/beethoven.org.pl\/artysci\/wp-content\/uploads\/sites\/2\/2016\/09\/podpisane_oab_foto_03-300x200.jpg 300w, https:\/\/beethoven.org.pl\/artysci\/wp-content\/uploads\/sites\/2\/2016\/09\/podpisane_oab_foto_03-768x512.jpg 768w, https:\/\/beethoven.org.pl\/artysci\/wp-content\/uploads\/sites\/2\/2016\/09\/podpisane_oab_foto_03-1024x683.jpg 1024w\" sizes=\"auto, (max-width: 5760px) 100vw, 5760px\" \/><\/p>\n<p>Jeden z czo\u0142owych polskich zespo\u0142\u00f3w symfonicznych m\u0142odego pokolenia. Tworz\u0105 go pasjonaci &#8211; najwybitniejsi studenci i absolwenci europejskich wy\u017cszych szk\u00f3\u0142 muzycznych, m.in.; Akademia Muzyczna w Krakowie, Hochschule F\u00fcr Musik Und Darstellende Kunst<\/p>\n<p>Stuttgarcie, Hochschule f\u00fcr Musik w Karlsruhe, Royal Music Conservatoire w Brukseli, Conservatoire International de Musique w Pary\u017cu oraz Universit\u00e4t f\u00fcr Musik und darstellende Kunst w Grazu.\u00a0 Zesp\u00f3\u0142 rozpocz\u0105\u0142 dzia\u0142alno\u015b\u0107 w 2003 r., po sukcesach na 53 festiwalu J\u00fcnger K\u00fcnstler Bayreuth.<br \/>\nW 2005 r., za spraw\u0105 Prezes El\u017cbiety Pendereckiej, Orkiestra Akademii Beethovenowskiej, zadebiutowa\u0142a podczas IX Wielkanocnego Festiwalu Ludwiga van Beethovena w Warszawie,\u00a0 gromadz\u0105c wy\u015bmienite recenzje oraz otrzymuj\u0105c wiele zaprosze\u0144 do udzia\u0142u w presti\u017cowych festiwalach w kraju i za granic\u0105.<\/p>\n<p>W tym samym roku nagrana zosta\u0142a pierwsza studyjna p\u0142yta z muzyk\u0105 polsk\u0105 dla wytw\u00f3rni DUX z utworami H. Wieniawskiego, K. Pendereckiego i G. Bacewicz.<br \/>\nOrkiestra nagra\u0142a dotychczas siedemna\u015bcie p\u0142yt, mi\u0119dzy innymi dla wytw\u00f3rni DUX Poland, Centaur Reccord USA, Le Foxx Music oraz Universal Music. Zesp\u00f3\u0142 podpisa\u0142 r\u00f3wnie\u017c kontrakt z renomowan\u0105 oficyn\u0105 wydawnicz\u0105 EMI London KPM, dla kt\u00f3rej regularnie nagrywa klasyk\u0119 cho\u0107 nie tylko. Z r\u00f3wnie wielkim sukcesem jak po partytury muzyki wysokiej, Orkiestra Akademii Beethovenowskiej si\u0119ga po klasyk\u0119 muzyki rozrywkowej czy filmowej. Na swym koncie ma nagrania \u015bcie\u017cek filmowych dla takich gigant\u00f3w jak Warner Bros czy Monolith, wsp\u00f3\u0142prac\u0119 z kompozytorami Hansem Zimmerem, Elliotem Goldenthalem, Micha\u0142em Lorencem<br \/>\ni Janem A. P. Kaczmarkiem, a tak\u017ce rejestracj\u0119 niezwykle popularnego albumu \u201eSiedem Pie\u015bni Marii\u201d (Universal Music Polska), kt\u00f3ry w b\u0142yskawicznym tempie zyska\u0142 miano platynowej p\u0142yty, sprzedaj\u0105c si\u0119 w nak\u0142adzie przekraczaj\u0105cym 300 tysi\u0119cy egzemplarzy.<\/p>\n<p>Artystyczn\u0105 i organizacyjn\u0105 piecz\u0119 nad zespo\u0142em pe\u0142ni od samego pocz\u0105tku manager\u00a0 Marcin Klejdysz, absolwent Akademii Muzycznej w Krakowie oraz absolwent studi\u00f3w podyplomowych Zarz\u0105dzanie Kultur\u0105 w Wymiarze Europejskim. Wraz z Pani\u0105 Prezes El\u017cbiet\u0105 Pendereck\u0105 i Stowarzyszeniem Ludwiga van Beethovena, kreuj\u0105 nowoczesny &#8211; nieinstytucjonalny styl zarz\u0105dzania du\u017cym zespo\u0142em artyst\u00f3w, kt\u00f3ry w po\u0142\u0105czeniu z wieloma \u015brodowiskami oraz sta\u0142ymi partnerstwami od niemal 12 lat buduje intensywny i\u00a0 regularny sezon koncertowy OAB.<\/p>\n<p>Wysok\u0105 klas\u0119 orkiestry potwierdza r\u00f3wnie\u017c wsp\u00f3\u0142praca z najwi\u0119kszymi autorytetami sztuki dyrygenckiej, kompozytorami i solistami, w\u015br\u00f3d kt\u00f3rych znale\u017ali si\u0119 m.in.: Krzysztof Penderecki, Jacek Kaspszyk, Gabriel Chmura, Micha\u0142 Dworzy\u0144ski, Wolfgang Seeliger, \u0141ukasz Borowicz, Cristiano Vasquez, Micha\u0142 Klauza,\u00a0 Piotr Su\u0142kowski, Pawe\u0142 Przytocki, Steven Isserlis, Krzysztof Jab\u0142o\u0144ski, Aleksandra Kurzak, \u0141ukasz D\u0142ugosz, Ma\u0142gorzata Walewska, Aleksander Kobrin, Wibi Soerjadi, Thomas Quasthoff, Aleksander Kobrin, Konstantin Scherbakov, Ingolf Wunder, Christian Lindberg, Oystein Baadsvik, Kevin Kenner, Bartosz Koziak, So-Ock Kim, Iwona Sobotka czy Rafa\u0142 Bartmi\u0144ski. W 2010 r. zesp\u00f3\u0142 ponownie zago\u015bci\u0142 na Festiwalu Young Euro Classic w Berlinie, a dzi\u0119ki nowatorskiej inicjatywie p.n. \u201eComarch Young Europe Experience 2010\u201d tak\u017ce w presti\u017cowych niemieckich salach koncertowych: Alte Oper Frankfurt, Konzerthaus Dortmund oraz Gesteig Monachium. W latach 2009, 2012 i 2013 na zaproszenie Wiede\u0144skiego Towarzystwa Muzycznego Orkiestra Akademii Beethovenowskiej wyst\u0105pi\u0142a w legendarnej Z\u0142otej Sali Musikverein w abonamentowym cyklu Musik der Meister. Kolejny rok zaowocowa\u0142 sukcesami w ramach XVIII edycji Wielkanocnego Festiwal Ludwiga van Beethovena, IV Festiwalu Muzyki Polskiej w Moskwie, Last Night of the Proms in Cracow oraz spektakularnym fina\u0142em Festiwalu Muzyki Filmowej &#8211; Mi\u0119dzynarodow\u0105 gal\u0105 100-lecia stowarzyszenia ASCAP. Orkiestra Beethovenowska dzi\u0119ki wsp\u00f3\u0142pracy z Instytutem Adama Mickiewicza kontynuowa\u0142a wsp\u00f3\u0142prac\u0119 z Ch\u00f3rem Koncertowym Darmstadt, gdzie regularnie od 2011 r. jest zespo\u0142em rezyduj\u0105cym.<\/p>\n<p>OAB przyk\u0142ada ogromn\u0105 wag\u0119 do edukacji najm\u0142odszych meloman\u00f3w. Przy wsparciu Ministerstwa Kultury i Dziedzictwa Narodowego, Polskiego Instytutu Sztuki Filmowej, oraz lokalnych samorz\u0105d\u00f3w zrealizowano kilkadziesi\u0105t koncert\u00f3w w cyklach: \u201eBolek i Lolek symfonicznie\u201d, \u201eBajkowe Melodie\u201d, \u201ePtasie plotki czyli rzecz o muzyce\u201d. Na zaproszenie Krakowskiego Biura Festiwalowego zesp\u00f3\u0142 zainaugurowa\u0142 otwarcie Hali Areny dla 16 tysi\u0119cy najm\u0142odszych widz\u00f3w w produkcji \u201ePIixar in concert\u201d.<br \/>\nObecnie Orkiestra Akademii Beethovenowskiej koncertuje w kraju i za granic\u0105, realizuj\u0105c m.in. kolejne edycje autorskiego cyklu \u201eJeszcze polska muzyka&#8230;\u201d promuj\u0105cego zapomnian\u0105 polsk\u0105 muzyk\u0119. Cykl ten odbywa si\u0119 pod patronatem Wojew\u00f3dztwa Ma\u0142opolskiego, Ministerstwa Kultury i Dziedzictwa Narodowego oraz samorz\u0105d\u00f3w.<\/p>\n<p>Od listopada 2013 r., na zaproszenie artyst\u00f3w OAB, funkcj\u0119 Pierwszego Dyrygenta obj\u0105\u0142 maestro Jacek Kaspszyk.<\/p>\n<p>Jeden z czo\u0142owych polskich zespo\u0142\u00f3w symfonicznych m\u0142odego pokolenia. Tworz\u0105 go najwybitniejsi studenci i absolwenci europejskich wy\u017cszych szk\u00f3\u0142 muzycznych, m.in. Akademii Muzycznej w Krakowie, Hochschule f\u00fcr Musik und Darstellende Kunst w Stuttgarcie, Hochschule f\u00fcr Musik w Karlsruhe, Royal Music Conservatoire w Brukseli, Conservatoire International de Musique w Pary\u017cu i Universit\u00e4t f\u00fcr Musik und darstellende Kunst w Grazu. Zesp\u00f3\u0142 rozpocz\u0105\u0142 dzia\u0142alno\u015b\u0107 w 2003 roku, tu\u017c po sukcesach na 53 festiwalu J\u00fcnger K\u00fcnstler Bayreuth.<\/p>\n<p>&nbsp;<\/p>\n<p>W 2005 roku, za spraw\u0105 El\u017cbiety Pendereckiej, Orkiestra Akademii Beethovenowskiej zadebiutowa\u0142a podczas IX Wielkanocnego Festiwalu Ludwiga van Beethovena w Warszawie, gromadz\u0105c wy\u015bmienite recenzje oraz otrzymuj\u0105c wiele zaprosze\u0144 do udzia\u0142u w presti\u017cowych festiwalach w kraju i za granic\u0105.<\/p>\n<p>&nbsp;<\/p>\n<p>Orkiestra nagra\u0142a dotychczas siedemna\u015bcie p\u0142yt, mi\u0119dzy innymi dla wytw\u00f3rni DUX Poland, Centaur Reccords USA, Le Foxx Music oraz Universal Music. Podpisa\u0142a r\u00f3wnie\u017c kontrakt z renomowan\u0105 oficyn\u0105 wydawnicz\u0105 EMI London KPM. Z r\u00f3wnie wielkim sukcesem jak po partytury muzyki klasycznej, Orkiestra Akademii Beethovenowskiej si\u0119ga po przeboje muzyki rozrywkowej czy filmowej. Na koncie ma nagrania \u015bcie\u017cek d\u017awi\u0119kowych dla takich gigant\u00f3w jak Warner Bros czy Monolith, wsp\u00f3\u0142prac\u0119 z kompozytorami Hansem Zimmerem, Elliotem Goldenthalem, Micha\u0142em Lorencem i Janem A. P. Kaczmarkiem, a tak\u017ce rejestracj\u0119 niezwykle popularnego albumu \u201eSiedem Pie\u015bni Marii\u201d (Universal Music Polska), kt\u00f3ry w b\u0142yskawicznym tempie zyska\u0142 status platynowej p\u0142yty, sprzedaj\u0105c si\u0119 w nak\u0142adzie przekraczaj\u0105cym 300 tysi\u0119cy egzemplarzy.<\/p>\n<p>&nbsp;<\/p>\n<p>Artystyczn\u0105 i organizacyjn\u0105 piecz\u0119 nad zespo\u0142em pe\u0142ni od samego pocz\u0105tku Marcin Klejdysz. Od listopada 2013 roku, na zaproszenie artyst\u00f3w Orkiestry Akademii Beethovenowskiej, funkcj\u0119 pierwszego dyrygenta obj\u0105\u0142 maestro Jacek Kaspszyk.<\/p>\n<p>&nbsp;<\/p>\n<p>Wysok\u0105 klas\u0119 orkiestry potwierdza r\u00f3wnie\u017c wsp\u00f3\u0142praca z najwi\u0119kszymi autorytetami sztuki dyrygenckiej, kompozytorami i solistami, w\u015br\u00f3d kt\u00f3rych znale\u017ali si\u0119 Krzysztof Penderecki, Gabriel Chmura, Micha\u0142 Dworzy\u0144ski, Wolfgang Seeliger, Andreas Spering, \u0141ukasz Borowicz, Cristiano Vasquez, Micha\u0142 Klauza, Piotr Su\u0142kowski, Pawe\u0142 Przytocki, Steven Isserlis, Kaja Danczowska, Krzysztof Jab\u0142o\u0144ski, Aleksandra Kurzak, \u0141ukasz D\u0142ugosz, Gautier Capu\u00e7on, Ma\u0142gorzata Walewska, Aleksander Kobrin, Kolja Blacher, Wibi Soerjadi, Thomas Quasthoff, Konstantin Scherbakov, Ingolf Wunder, Christian Lindberg, Oystein Baadsvik, Kevin Kenner, Bartosz Koziak, So-Ock Kim, Edita Gruberova, Iwona Sobotka, Rafa\u0142 Bartmi\u0144ski, a tak\u017ce triumfatorzy i uczestnicy XVII Mi\u0119dzynarodowego Konkursu Pianistycznego im. Fryderyka Chopina w Warszawie: Charles Richard-Hamelin, Szymon Nehring, Dmitry Shishkin, Krzysztof Ksi\u0105\u017cek.<\/p>\n<p>&nbsp;<\/p>\n<p>Zesp\u00f3\u0142 go\u015bci\u0142 na s\u0142ynnych scenach koncertowych Europy i \u015bwiata, w tym Alte Oper Frankfurt, wiede\u0144skiej Musikverein, Great Hall of People w Pekinie, Xinhai Concert Hall, Sanat Concert Hall w Stambule czy Konzerthaus w Berlinie. Regularnie wyst\u0119puje na Wielkanocnym Festiwalu Ludwiga van Beethovena Warszawie, Festiwalu Muzyki Polskiej w Moskwie, Last Night of the Proms in Cracow oraz Festiwalu Muzyki Filmowej w Krakowie, podczas kt\u00f3rego w 2014 roku mia\u0142 zaszczyt u\u015bwietni\u0107 spektakularn\u0105 Mi\u0119dzynarodow\u0105 Gal\u0119 100-lecia Ameryka\u0144skiego Stowarzyszenia Kompozytor\u00f3w, Autor\u00f3w i Wydawc\u00f3w (ASCAP). W maju 2017 roku Orkiestra Akademii Beethovenowskiej ponownie we\u017amie udzia\u0142 w Festiwalu Muzyki Filmowej w Krakowie, tym razem koncertuj\u0105c podczas uroczystej gali jubileuszowej 10-lecia tego wydarzenia.<\/p>\n<p>&nbsp;<\/p>\n<p>Orkiestra daje cykliczne koncerty z Ch\u00f3rem Koncertowym Darmstadt, gdzie od 2011 roku pe\u0142ni rol\u0119 zespo\u0142u rezyduj\u0105cego. Przyk\u0142ada tak\u017ce ogromn\u0105 wag\u0119 do edukacji najm\u0142odszych meloman\u00f3w. Przy wsparciu Ministerstwa Kultury i Dziedzictwa Narodowego, Polskiego Instytutu Sztuki Filmowej oraz lokalnych samorz\u0105d\u00f3w zrealizowa\u0142a kilkadziesi\u0105t koncert\u00f3w w cyklach: Bolek i Lolek symfonicznie, Bajkowe melodie, Ptasie plotki czyli rzecz o muzyce. Na zaproszenie Krakowskiego Biura Festiwalowego orkiestra zainaugurowa\u0142a otwarcie hali Tauron Areny dla 16 tysi\u0119cy najm\u0142odszych widz\u00f3w w produkcji Pixar in concert.<\/p>\n<p>Obecnie Orkiestra Akademii Beethovenowskiej koncertuje w kraju i za granic\u0105, realizuj\u0105c m.in. 8. edycj\u0119 autorskiego cyklu \u201eJeszcze polska muzyka&#8230;\u201d promuj\u0105cego zapomnian\u0105 muzyk\u0119 polsk\u0105.<\/p>\n<p>Orkiestra Akademii Beethovenowskiej jest reprezentowana przez Stowarzyszenie im. Ludwiga van Beethovena.<\/p>","protected":false},"excerpt":{"rendered":"<p>&nbsp; \u201e&#8230; Ju\u017c po pierwszych taktach s\u0142ycha\u0107, \u017ce za\u0142o\u017cona w 2003 roku Orkiestra Akademii Beethovenowskiej z Krakowa sk\u0142ada si\u0119 z najbardziej uzdolnionych m\u0142odych talent\u00f3w muzycznych w Polsce.\u201d Annika Senger\/ Online Musik Magazine Jeden z czo\u0142owych polskich zespo\u0142\u00f3w symfonicznych m\u0142odego pokolenia. Tworz\u0105 go pasjonaci &#8211; najwybitniejsi studenci i absolwenci europejskich wy\u017cszych szk\u00f3\u0142 muzycznych, m.in.; Akademia Muzyczna [&hellip;]<\/p>\n","protected":false},"author":2,"featured_media":0,"parent":0,"menu_order":282,"comment_status":"closed","ping_status":"closed","template":"template-artist.php","meta":{"footnotes":""},"categories":[9],"class_list":["post-293","page","type-page","status-publish","hentry","category-zespoly"],"_links":{"self":[{"href":"https:\/\/beethoven.org.pl\/artysci\/wp-json\/wp\/v2\/pages\/293","targetHints":{"allow":["GET"]}}],"collection":[{"href":"https:\/\/beethoven.org.pl\/artysci\/wp-json\/wp\/v2\/pages"}],"about":[{"href":"https:\/\/beethoven.org.pl\/artysci\/wp-json\/wp\/v2\/types\/page"}],"author":[{"embeddable":true,"href":"https:\/\/beethoven.org.pl\/artysci\/wp-json\/wp\/v2\/users\/2"}],"replies":[{"embeddable":true,"href":"https:\/\/beethoven.org.pl\/artysci\/wp-json\/wp\/v2\/comments?post=293"}],"version-history":[{"count":6,"href":"https:\/\/beethoven.org.pl\/artysci\/wp-json\/wp\/v2\/pages\/293\/revisions"}],"predecessor-version":[{"id":1322,"href":"https:\/\/beethoven.org.pl\/artysci\/wp-json\/wp\/v2\/pages\/293\/revisions\/1322"}],"wp:attachment":[{"href":"https:\/\/beethoven.org.pl\/artysci\/wp-json\/wp\/v2\/media?parent=293"}],"wp:term":[{"taxonomy":"category","embeddable":true,"href":"https:\/\/beethoven.org.pl\/artysci\/wp-json\/wp\/v2\/categories?post=293"}],"curies":[{"name":"wp","href":"https:\/\/api.w.org\/{rel}","templated":true}]}}