{"id":284,"date":"2016-09-30T13:59:12","date_gmt":"2016-09-30T11:59:12","guid":{"rendered":"http:\/\/dev.yoho.pl\/beethoven\/artysci\/?page_id=284"},"modified":"2017-10-31T15:40:12","modified_gmt":"2017-10-31T14:40:12","slug":"marta-kowalczyk","status":"publish","type":"page","link":"https:\/\/beethoven.org.pl\/artysci\/marta-kowalczyk\/","title":{"rendered":"Marta Kowalczyk"},"content":{"rendered":"<p><\/p>\n<p style=\"text-align: center\"><strong>Skrzypaczka z bogatym do\u015bwiadczeniem koncertowym, laureatka szeregu nagr\u00f3d na mi\u0119dzynarodowych konkursach skrzypcowych<\/strong><\/p>\n<p style=\"text-align: left\"><img loading=\"lazy\" decoding=\"async\" class=\"alignnone wp-image-1722 size-full aligncenter\" src=\"http:\/\/beethoven.org.pl\/artysci\/wp-content\/uploads\/sites\/2\/2016\/09\/Marta-Kowalczyk-1-Anita-W\u0105sik-1024x1021-1.jpg\" alt=\"Marta-Kowalczyk-1-Anita-W\u0105sik-1024x1021\" width=\"724\" height=\"439\" srcset=\"https:\/\/beethoven.org.pl\/artysci\/wp-content\/uploads\/sites\/2\/2016\/09\/Marta-Kowalczyk-1-Anita-W\u0105sik-1024x1021-1.jpg 724w, https:\/\/beethoven.org.pl\/artysci\/wp-content\/uploads\/sites\/2\/2016\/09\/Marta-Kowalczyk-1-Anita-W\u0105sik-1024x1021-1-300x182.jpg 300w, https:\/\/beethoven.org.pl\/artysci\/wp-content\/uploads\/sites\/2\/2016\/09\/Marta-Kowalczyk-1-Anita-W\u0105sik-1024x1021-1-200x121.jpg 200w\" sizes=\"auto, (max-width: 724px) 100vw, 724px\" \/><\/p>\n<p style=\"text-align: left\">Wyst\u0119powa\u0142a w Europie i na \u015bwiecie jako solista i kameralistka. Wsp\u00f3\u0142pracowa\u0142a ze \u015bwiatowej s\u0142awy artystami, takimi jak Salvatore Accardo, Barry Douglas, Arto Noras, Antoni Wit, czy Bruno Giuranna. Jej niedawne wykonanie Sonaty nr 2 na skrzypce z fortepianem Krzysztofa Pendereckiego zosta\u0142o opisane jako \u2018<em>zapieraj\u0105ce dech w piersiach, ze znakomitym wyczuciem stylu, zaanga\u017cowaniem, przepi\u0119knym prowadzeniem linii, wirtuozeri\u0105 i partnerstwem\u2019<\/em> \u2018przez londy\u0144ski\u00a0 &#8222;<em>The Times<\/em>&#8222;.<\/p>\n<p>Urodzona w Koszalinie, rozpocz\u0119\u0142a nauk\u0119 gry na skrzypcach w wieku siedmiu lat. Po uko\u0144czeniu studi\u00f3w na Uniwersytecie Muzycznym Fryderyka Chopina w Warszawie w klasie profesora Jana Staniendy otrzyma\u0142a dyplom z wyr\u00f3\u017cnieniem w Royal Academy of Music w Londynie, gdzie studiowa\u0142a w klasie profesora Gy\u00f6rgy Pauka. W 2017 roku uko\u0144czy\u0142a Akademi\u0119 Stauffer w Cremonie jako studentka Maestro Salvatore Accardo.<\/p>\n<p>Do jej ostatnich osi\u0105gni\u0119\u0107 nale\u017c\u0105 Medal <em>Magna Cum Laude <\/em>przyznany przez Uniwersytet Muzyczny w Warszawie, Nagroda Royal Philharmonic Sociaty, Nagroda J &amp; A Bear, <em>Grand Prix<\/em> i dwie nagrody specjalne na Mi\u0119dzynarodowym Konkursie Muzyki Kameralnej Ludwiga van Beethovena w Lus\u0142awicach, nagrody na Konkursie Johannesa Brahmsa w Austrii i\u00a0Mi\u0119dzynarodowym Konkursie Skrzypcowym w Chinach.<\/p>\n<p>W 2016 roku artystka zadebiutowa\u0142a w\u00a0 Wigmore Hall w Londynie dokonuj\u0105c premierowego wykonania w Wielkiej Brytanii \u2018<em>La Folii\u2019 <\/em>Krzysztofa Pendereckiego. W minionym sezonie artystycznym wyst\u0105pi\u0142a r\u00f3wnie\u017c w Concertgebouw w Amsterdamie, Purcell Room w Londynie, Radial System V w Berlinie oraz Filharmonii w Bratys\u0142awie. Odby\u0142a tras\u0119 koncertow\u0105 po W\u0142oszech wraz z pianistk\u0105 Beatrice Ran\u0105 wykonuj\u0105c bogaty repertuar muzyki kameralnej. Koncertowa\u0142a z Sinfoni\u0105 Varsovi\u0105 (na Wielkanocnym Festiwalu Muzycznym Ludwiga van Beethovena), Orkiestr\u0105 Filharmonii Narodowej, Orkiestr\u0105 Filharmonii Krakowskiej i Koszali\u0144skiej,\u00a0 Sinfoni\u0105 Iuventus, Orkiestr\u0105 Radiowa Polskiego Radia, oraz Orkiestr\u0105 Filharmonii Busan w Korei Pd.<\/p>\n<p>Od 2017 r. jest koncertmistrzyni\u0105 Orkiestry Symfonicznej w Bazylei.<\/p>\n<p>Marta Kowalczyk reprezentowana jest przez Stowarzyszenie Ludwiga van Beethovena.<\/p>","protected":false},"excerpt":{"rendered":"<p>Skrzypaczka z bogatym do\u015bwiadczeniem koncertowym, laureatka szeregu nagr\u00f3d na mi\u0119dzynarodowych konkursach skrzypcowych Wyst\u0119powa\u0142a w Europie i na \u015bwiecie jako solista i kameralistka. Wsp\u00f3\u0142pracowa\u0142a ze \u015bwiatowej s\u0142awy artystami, takimi jak Salvatore Accardo, Barry Douglas, Arto Noras, Antoni Wit, czy Bruno Giuranna. Jej niedawne wykonanie Sonaty nr 2 na skrzypce z fortepianem Krzysztofa Pendereckiego zosta\u0142o opisane jako [&hellip;]<\/p>\n","protected":false},"author":2,"featured_media":0,"parent":0,"menu_order":270,"comment_status":"closed","ping_status":"closed","template":"template-artist.php","meta":{"footnotes":""},"categories":[7],"class_list":["post-284","page","type-page","status-publish","hentry","category-skrzypkowie"],"_links":{"self":[{"href":"https:\/\/beethoven.org.pl\/artysci\/wp-json\/wp\/v2\/pages\/284","targetHints":{"allow":["GET"]}}],"collection":[{"href":"https:\/\/beethoven.org.pl\/artysci\/wp-json\/wp\/v2\/pages"}],"about":[{"href":"https:\/\/beethoven.org.pl\/artysci\/wp-json\/wp\/v2\/types\/page"}],"author":[{"embeddable":true,"href":"https:\/\/beethoven.org.pl\/artysci\/wp-json\/wp\/v2\/users\/2"}],"replies":[{"embeddable":true,"href":"https:\/\/beethoven.org.pl\/artysci\/wp-json\/wp\/v2\/comments?post=284"}],"version-history":[{"count":13,"href":"https:\/\/beethoven.org.pl\/artysci\/wp-json\/wp\/v2\/pages\/284\/revisions"}],"predecessor-version":[{"id":1726,"href":"https:\/\/beethoven.org.pl\/artysci\/wp-json\/wp\/v2\/pages\/284\/revisions\/1726"}],"wp:attachment":[{"href":"https:\/\/beethoven.org.pl\/artysci\/wp-json\/wp\/v2\/media?parent=284"}],"wp:term":[{"taxonomy":"category","embeddable":true,"href":"https:\/\/beethoven.org.pl\/artysci\/wp-json\/wp\/v2\/categories?post=284"}],"curies":[{"name":"wp","href":"https:\/\/api.w.org\/{rel}","templated":true}]}}

<p></p>
<p style="text-align: center"><strong>Skrzypaczka z bogatym doświadczeniem koncertowym, laureatka szeregu nagród na międzynarodowych konkursach skrzypcowych</strong></p>
<p style="text-align: left"><img loading="lazy" decoding="async" class="alignnone wp-image-1722 size-full aligncenter" src="http://beethoven.org.pl/artysci/wp-content/uploads/sites/2/2016/09/Marta-Kowalczyk-1-Anita-Wąsik-1024x1021-1.jpg" alt="Marta-Kowalczyk-1-Anita-Wąsik-1024x1021" width="724" height="439" srcset="https://beethoven.org.pl/artysci/wp-content/uploads/sites/2/2016/09/Marta-Kowalczyk-1-Anita-Wąsik-1024x1021-1.jpg 724w, https://beethoven.org.pl/artysci/wp-content/uploads/sites/2/2016/09/Marta-Kowalczyk-1-Anita-Wąsik-1024x1021-1-300x182.jpg 300w, https://beethoven.org.pl/artysci/wp-content/uploads/sites/2/2016/09/Marta-Kowalczyk-1-Anita-Wąsik-1024x1021-1-200x121.jpg 200w" sizes="auto, (max-width: 724px) 100vw, 724px" /></p>
<p style="text-align: left">Występowała w Europie i na świecie jako solista i kameralistka. Współpracowała ze światowej sławy artystami, takimi jak Salvatore Accardo, Barry Douglas, Arto Noras, Antoni Wit, czy Bruno Giuranna. Jej niedawne wykonanie Sonaty nr 2 na skrzypce z fortepianem Krzysztofa Pendereckiego zostało opisane jako ‘<em>zapierające dech w piersiach, ze znakomitym wyczuciem stylu, zaangażowaniem, przepięknym prowadzeniem linii, wirtuozerią i partnerstwem’</em> ‘przez londyński  &#8222;<em>The Times</em>&#8222;.</p>
<p>Urodzona w Koszalinie, rozpoczęła naukę gry na skrzypcach w wieku siedmiu lat. Po ukończeniu studiów na Uniwersytecie Muzycznym Fryderyka Chopina w Warszawie w klasie profesora Jana Staniendy otrzymała dyplom z wyróżnieniem w Royal Academy of Music w Londynie, gdzie studiowała w klasie profesora György Pauka. W 2017 roku ukończyła Akademię Stauffer w Cremonie jako studentka Maestro Salvatore Accardo.</p>
<p>Do jej ostatnich osiągnięć należą Medal <em>Magna Cum Laude </em>przyznany przez Uniwersytet Muzyczny w Warszawie, Nagroda Royal Philharmonic Sociaty, Nagroda J &amp; A Bear, <em>Grand Prix</em> i dwie nagrody specjalne na Międzynarodowym Konkursie Muzyki Kameralnej Ludwiga van Beethovena w Lusławicach, nagrody na Konkursie Johannesa Brahmsa w Austrii i Międzynarodowym Konkursie Skrzypcowym w Chinach.</p>
<p>W 2016 roku artystka zadebiutowała w  Wigmore Hall w Londynie dokonując premierowego wykonania w Wielkiej Brytanii ‘<em>La Folii’ </em>Krzysztofa Pendereckiego. W minionym sezonie artystycznym wystąpiła również w Concertgebouw w Amsterdamie, Purcell Room w Londynie, Radial System V w Berlinie oraz Filharmonii w Bratysławie. Odbyła trasę koncertową po Włoszech wraz z pianistką Beatrice Raną wykonując bogaty repertuar muzyki kameralnej. Koncertowała z Sinfonią Varsovią (na Wielkanocnym Festiwalu Muzycznym Ludwiga van Beethovena), Orkiestrą Filharmonii Narodowej, Orkiestrą Filharmonii Krakowskiej i Koszalińskiej,  Sinfonią Iuventus, Orkiestrą Radiowa Polskiego Radia, oraz Orkiestrą Filharmonii Busan w Korei Pd.</p>
<p>Od 2017 r. jest koncertmistrzynią Orkiestry Symfonicznej w Bazylei.</p>
<p>Marta Kowalczyk reprezentowana jest przez Stowarzyszenie Ludwiga van Beethovena.</p>

<p>Skrzypaczka z bogatym doświadczeniem koncertowym, laureatka szeregu nagród na międzynarodowych konkursach skrzypcowych Występowała w Europie i na świecie jako solista i kameralistka. Współpracowała ze światowej sławy artystami, takimi jak Salvatore Accardo, Barry Douglas, Arto Noras, Antoni Wit, czy Bruno Giuranna. Jej niedawne wykonanie Sonaty nr 2 na skrzypce z fortepianem Krzysztofa Pendereckiego zostało opisane jako [&hellip;]</p>
