{"id":2505,"date":"2023-10-25T12:45:39","date_gmt":"2023-10-25T10:45:39","guid":{"rendered":"http:\/\/beethoven.org.pl\/artysci\/?page_id=2505"},"modified":"2023-10-25T13:37:40","modified_gmt":"2023-10-25T11:37:40","slug":"kacper-nowak","status":"publish","type":"page","link":"https:\/\/beethoven.org.pl\/artysci\/kacper-nowak\/","title":{"rendered":"Kacper Nowak"},"content":{"rendered":"<p><i>Kacper Nowak okaza\u0142 si\u0119 absolutnie rewelacyjnym wiolonczelist\u0105&#8230;Jego kulminacje, brane z rozmachem, wigorem i witalno\u015bci\u0105; nami\u0119tno\u015b\u0107, wspaniale realizowana Elfenmotivik w Mendelssohnie oraz zagrane w \u017cywym tempie Fantasiest\u00fccke Schumanna, z du\u017cymi kontrastami dynamicznymi, jakby od metrum i prozodii zakamuflowanej pie\u015bni, nie mia\u0142y sobie r\u00f3wnych.<\/i><\/p>\n<p>Micha\u0142 Klubi\u0144ski, Ruch Muzyczny<\/p>\n<p><img loading=\"lazy\" decoding=\"async\" class=\"alignnone wp-image-2507 size-full\" src=\"http:\/\/beethoven.org.pl\/artysci\/wp-content\/uploads\/sites\/2\/2023\/10\/06.09.2023-Kacper-NOWAK-by-Woohyung-kim-2-scaled.jpg\" alt=\"\" width=\"2114\" height=\"2560\" srcset=\"https:\/\/beethoven.org.pl\/artysci\/wp-content\/uploads\/sites\/2\/2023\/10\/06.09.2023-Kacper-NOWAK-by-Woohyung-kim-2-scaled.jpg 2114w, https:\/\/beethoven.org.pl\/artysci\/wp-content\/uploads\/sites\/2\/2023\/10\/06.09.2023-Kacper-NOWAK-by-Woohyung-kim-2-248x300.jpg 248w, https:\/\/beethoven.org.pl\/artysci\/wp-content\/uploads\/sites\/2\/2023\/10\/06.09.2023-Kacper-NOWAK-by-Woohyung-kim-2-846x1024.jpg 846w, https:\/\/beethoven.org.pl\/artysci\/wp-content\/uploads\/sites\/2\/2023\/10\/06.09.2023-Kacper-NOWAK-by-Woohyung-kim-2-768x930.jpg 768w, https:\/\/beethoven.org.pl\/artysci\/wp-content\/uploads\/sites\/2\/2023\/10\/06.09.2023-Kacper-NOWAK-by-Woohyung-kim-2-1268x1536.jpg 1268w, https:\/\/beethoven.org.pl\/artysci\/wp-content\/uploads\/sites\/2\/2023\/10\/06.09.2023-Kacper-NOWAK-by-Woohyung-kim-2-1691x2048.jpg 1691w\" sizes=\"auto, (max-width: 2114px) 100vw, 2114px\" \/><\/p>\n<p>&nbsp;<\/p>\n<p>Kacper urodzi\u0142 si\u0119 w Polsce i ju\u017c od wczesnego wieku by\u0142 w bliskim kontakcie z muzyk\u0105. Jego edukacja artystyczna rozpocz\u0119\u0142a si\u0119 w Poznaniu u Danuty Taczanowskiej. Kontynuowa\u0142 j\u0105 w Brukseli z Didier Poskin, w Kolonii z Mari\u0105 Kliegel, w Antwerpii z Justusem Grimmem, a ostatecznie w\u00a0 Queen Elisabeth Music Chapel pod artystycznym kierownictwem Gary\u2019ego Hoffmana. Wzi\u0105\u0142 r\u00f3wnie\u017c udzia\u0142 w wielu warsztatach mistrzowskich z takimi artystami jak : G\u00e9rard Causs\u00e9, Augustin Dumay, Gautier Capu\u00e7on, Artemis Quartet, Jean-Guihen Queyras i Natalia Gutman, co pozwoli\u0142o mu rozwin\u0105\u0107 bardzo indywidualny styl, pe\u0142en pasji, ale r\u00f3wnie\u017c szacunku do woli kompozytora.<\/p>\n<p>Artysta koncertowa\u0142 w najbardziej renomowanych salach koncertowych w Europie i za granic\u0105, takich jak Bozar i Flagey w Brukseli, deSingel w Antwerpii, Villa Medici w Rzymie, la Seine Musicale w Pary\u017cu, Opera w Lyonie, Filharmonia w Li\u00e8ge, Filharmonia w Poznaniu, \u0141azienki Kr\u00f3lewskie w Warszawie, Katedra w Mediolanie, Opera w Dubaju, Sala Akademii Wile\u0144skiej, Wigmore Hall i Cadogan Hall w Londynie, Konzerthaus w Wiedniu, itp.<\/p>\n<p>Kacper Nowak jest doceniany przez jury wielu mi\u0119dzynarodowych konkurs\u00f3w. Zdobywa\u0142 nagordy m.in. w Konkursie Johannesa Brahmsa w Austrii, International Madrid Comeptetition, International Music Competition in Vienna, Liezen Cello Wettbewerb, Edmond Baert International Cello Competition w Brukseli, Supernova (konkurs Radia i Telewizji belgijskiej) i Nordic Strings w Danii.<\/p>\n<p>Wiolonczelista nagra\u0142 seri\u0119 p\u0142yt CD w duecie z Christi\u0105 Yuliy\u0105 Hudziy, Urban Piano Quartet i Ensemble K, kt\u00f3re zdoby\u0142y uznanie mi\u0119dzynarodowej prasy (New York Cello Society, BBC, France Musique, RTBF, Crescendo Magazine i Diapason).<\/p>\n<p>We wrze\u015bniu 2022 roku artysta zadebiutowa\u0142 w Wiener Konzerthaus wykonuj\u0105c Potr\u00f3jny Koncert Beethovena z Wiener Kammer Orchester. Koncert ten zosta\u0142 zarejestrowany na \u017cywo przez MezzoTV. W pa\u017adzierniku tego samego roku da\u0142 solowy recital z muzyk\u0105 mi\u0119dzy innymi J.S.Bacha w Cadogan Hall w Londynie, transmitowany przez Mezzo i Medici Tv i wspierany przez mark\u0119 Cartier.<\/p>\n<p>W 2023 roku Kacper zosta\u0142 artyst\u0105 Pirastro, nagra\u0142 p\u0142yt\u0119 CD z Lucasem Krupinskim, kt\u00f3ra by\u0142a po\u015bwi\u0119cona wy\u0142\u0105cznie muzyce polskiej i zawiera\u0142a dwie premiery utwor\u00f3w Krzysztofa Pendereckiego (1. Sonat\u0119 na skrzypce zaaran\u017cowan\u0105 na wiolonczel\u0119) i Andrzeja Panufnika (Love Song).<\/p>\n<p>We wrze\u015bniu tego samego roku Kacper zosta\u0142 laureatem Mi\u0119dzynarodowego Konkursu Schoenfeld w Harbinie w Chinach z zespo\u0142em Urban Piano Quartet.<\/p>\n<p>&nbsp;<\/p>\n<p>Kacper Nowak jest reprezentowany przez Stowarzyszenie im. Ludwiga van Beethovena<\/p>","protected":false},"excerpt":{"rendered":"<p>Kacper Nowak okaza\u0142 si\u0119 absolutnie rewelacyjnym wiolonczelist\u0105&#8230;Jego kulminacje, brane z rozmachem, wigorem i witalno\u015bci\u0105; nami\u0119tno\u015b\u0107, wspaniale realizowana Elfenmotivik w Mendelssohnie oraz zagrane w \u017cywym tempie Fantasiest\u00fccke Schumanna, z du\u017cymi kontrastami dynamicznymi, jakby od metrum i prozodii zakamuflowanej pie\u015bni, nie mia\u0142y sobie r\u00f3wnych. Micha\u0142 Klubi\u0144ski, Ruch Muzyczny &nbsp; Kacper urodzi\u0142 si\u0119 w Polsce i ju\u017c od [&hellip;]<\/p>\n","protected":false},"author":2,"featured_media":0,"parent":0,"menu_order":1,"comment_status":"closed","ping_status":"closed","template":"template-artist.php","meta":{"footnotes":""},"categories":[14],"class_list":["post-2505","page","type-page","status-publish","hentry","category-instrumentalisci-dziela-krzysztofa-pendereckiego"],"_links":{"self":[{"href":"https:\/\/beethoven.org.pl\/artysci\/wp-json\/wp\/v2\/pages\/2505","targetHints":{"allow":["GET"]}}],"collection":[{"href":"https:\/\/beethoven.org.pl\/artysci\/wp-json\/wp\/v2\/pages"}],"about":[{"href":"https:\/\/beethoven.org.pl\/artysci\/wp-json\/wp\/v2\/types\/page"}],"author":[{"embeddable":true,"href":"https:\/\/beethoven.org.pl\/artysci\/wp-json\/wp\/v2\/users\/2"}],"replies":[{"embeddable":true,"href":"https:\/\/beethoven.org.pl\/artysci\/wp-json\/wp\/v2\/comments?post=2505"}],"version-history":[{"count":3,"href":"https:\/\/beethoven.org.pl\/artysci\/wp-json\/wp\/v2\/pages\/2505\/revisions"}],"predecessor-version":[{"id":2512,"href":"https:\/\/beethoven.org.pl\/artysci\/wp-json\/wp\/v2\/pages\/2505\/revisions\/2512"}],"wp:attachment":[{"href":"https:\/\/beethoven.org.pl\/artysci\/wp-json\/wp\/v2\/media?parent=2505"}],"wp:term":[{"taxonomy":"category","embeddable":true,"href":"https:\/\/beethoven.org.pl\/artysci\/wp-json\/wp\/v2\/categories?post=2505"}],"curies":[{"name":"wp","href":"https:\/\/api.w.org\/{rel}","templated":true}]}}

<p><i>Kacper Nowak okazał się absolutnie rewelacyjnym wiolonczelistą&#8230;Jego kulminacje, brane z rozmachem, wigorem i witalnością; namiętność, wspaniale realizowana Elfenmotivik w Mendelssohnie oraz zagrane w żywym tempie Fantasiestücke Schumanna, z dużymi kontrastami dynamicznymi, jakby od metrum i prozodii zakamuflowanej pieśni, nie miały sobie równych.</i></p>
<p>Michał Klubiński, Ruch Muzyczny</p>
<p><img loading="lazy" decoding="async" class="alignnone wp-image-2507 size-full" src="http://beethoven.org.pl/artysci/wp-content/uploads/sites/2/2023/10/06.09.2023-Kacper-NOWAK-by-Woohyung-kim-2-scaled.jpg" alt="" width="2114" height="2560" srcset="https://beethoven.org.pl/artysci/wp-content/uploads/sites/2/2023/10/06.09.2023-Kacper-NOWAK-by-Woohyung-kim-2-scaled.jpg 2114w, https://beethoven.org.pl/artysci/wp-content/uploads/sites/2/2023/10/06.09.2023-Kacper-NOWAK-by-Woohyung-kim-2-248x300.jpg 248w, https://beethoven.org.pl/artysci/wp-content/uploads/sites/2/2023/10/06.09.2023-Kacper-NOWAK-by-Woohyung-kim-2-846x1024.jpg 846w, https://beethoven.org.pl/artysci/wp-content/uploads/sites/2/2023/10/06.09.2023-Kacper-NOWAK-by-Woohyung-kim-2-768x930.jpg 768w, https://beethoven.org.pl/artysci/wp-content/uploads/sites/2/2023/10/06.09.2023-Kacper-NOWAK-by-Woohyung-kim-2-1268x1536.jpg 1268w, https://beethoven.org.pl/artysci/wp-content/uploads/sites/2/2023/10/06.09.2023-Kacper-NOWAK-by-Woohyung-kim-2-1691x2048.jpg 1691w" sizes="auto, (max-width: 2114px) 100vw, 2114px" /></p>
<p>&nbsp;</p>
<p>Kacper urodził się w Polsce i już od wczesnego wieku był w bliskim kontakcie z muzyką. Jego edukacja artystyczna rozpoczęła się w Poznaniu u Danuty Taczanowskiej. Kontynuował ją w Brukseli z Didier Poskin, w Kolonii z Marią Kliegel, w Antwerpii z Justusem Grimmem, a ostatecznie w  Queen Elisabeth Music Chapel pod artystycznym kierownictwem Gary’ego Hoffmana. Wziął również udział w wielu warsztatach mistrzowskich z takimi artystami jak : Gérard Caussé, Augustin Dumay, Gautier Capuçon, Artemis Quartet, Jean-Guihen Queyras i Natalia Gutman, co pozwoliło mu rozwinąć bardzo indywidualny styl, pełen pasji, ale również szacunku do woli kompozytora.</p>
<p>Artysta koncertował w najbardziej renomowanych salach koncertowych w Europie i za granicą, takich jak Bozar i Flagey w Brukseli, deSingel w Antwerpii, Villa Medici w Rzymie, la Seine Musicale w Paryżu, Opera w Lyonie, Filharmonia w Liège, Filharmonia w Poznaniu, Łazienki Królewskie w Warszawie, Katedra w Mediolanie, Opera w Dubaju, Sala Akademii Wileńskiej, Wigmore Hall i Cadogan Hall w Londynie, Konzerthaus w Wiedniu, itp.</p>
<p>Kacper Nowak jest doceniany przez jury wielu międzynarodowych konkursów. Zdobywał nagordy m.in. w Konkursie Johannesa Brahmsa w Austrii, International Madrid Comeptetition, International Music Competition in Vienna, Liezen Cello Wettbewerb, Edmond Baert International Cello Competition w Brukseli, Supernova (konkurs Radia i Telewizji belgijskiej) i Nordic Strings w Danii.</p>
<p>Wiolonczelista nagrał serię płyt CD w duecie z Christią Yuliyą Hudziy, Urban Piano Quartet i Ensemble K, które zdobyły uznanie międzynarodowej prasy (New York Cello Society, BBC, France Musique, RTBF, Crescendo Magazine i Diapason).</p>
<p>We wrześniu 2022 roku artysta zadebiutował w Wiener Konzerthaus wykonując Potrójny Koncert Beethovena z Wiener Kammer Orchester. Koncert ten został zarejestrowany na żywo przez MezzoTV. W październiku tego samego roku dał solowy recital z muzyką między innymi J.S.Bacha w Cadogan Hall w Londynie, transmitowany przez Mezzo i Medici Tv i wspierany przez markę Cartier.</p>
<p>W 2023 roku Kacper został artystą Pirastro, nagrał płytę CD z Lucasem Krupinskim, która była poświęcona wyłącznie muzyce polskiej i zawierała dwie premiery utworów Krzysztofa Pendereckiego (1. Sonatę na skrzypce zaaranżowaną na wiolonczelę) i Andrzeja Panufnika (Love Song).</p>
<p>We wrześniu tego samego roku Kacper został laureatem Międzynarodowego Konkursu Schoenfeld w Harbinie w Chinach z zespołem Urban Piano Quartet.</p>
<p>&nbsp;</p>
<p>Kacper Nowak jest reprezentowany przez Stowarzyszenie im. Ludwiga van Beethovena</p>

<p>Kacper Nowak okazał się absolutnie rewelacyjnym wiolonczelistą&#8230;Jego kulminacje, brane z rozmachem, wigorem i witalnością; namiętność, wspaniale realizowana Elfenmotivik w Mendelssohnie oraz zagrane w żywym tempie Fantasiestücke Schumanna, z dużymi kontrastami dynamicznymi, jakby od metrum i prozodii zakamuflowanej pieśni, nie miały sobie równych. Michał Klubiński, Ruch Muzyczny &nbsp; Kacper urodził się w Polsce i już od [&hellip;]</p>
