{"id":2482,"date":"2023-05-26T12:27:42","date_gmt":"2023-05-26T10:27:42","guid":{"rendered":"http:\/\/beethoven.org.pl\/artysci\/?page_id=2482"},"modified":"2023-06-15T10:38:34","modified_gmt":"2023-06-15T08:38:34","slug":"anna-lubanska-2","status":"publish","type":"page","link":"https:\/\/beethoven.org.pl\/artysci\/anna-lubanska-2\/","title":{"rendered":"Anna Luban\u0301ska"},"content":{"rendered":"<p><\/p>\n<h3 style=\"text-align: center\"><span style=\"font-weight: 400\">Anna Luban\u0301ska<\/span><\/h3>\n<p><img loading=\"lazy\" decoding=\"async\" class=\"wp-image-2483 size-full aligncenter\" src=\"http:\/\/beethoven.org.pl\/artysci\/wp-content\/uploads\/sites\/2\/2023\/05\/Anna-Luba\u0144ska.jpg\" alt=\"\" width=\"474\" height=\"514\" srcset=\"https:\/\/beethoven.org.pl\/artysci\/wp-content\/uploads\/sites\/2\/2023\/05\/Anna-Luba\u0144ska.jpg 474w, https:\/\/beethoven.org.pl\/artysci\/wp-content\/uploads\/sites\/2\/2023\/05\/Anna-Luba\u0144ska-277x300.jpg 277w\" sizes=\"auto, (max-width: 474px) 100vw, 474px\" \/><\/p>\n<p>&nbsp;<\/p>\n<p><span style=\"font-weight: 400\">Uko\u0144czy\u0142a z wyr\u00f3\u017cnieniem Warszawska\u0328 Akademie\u0328 Muzyczna\u0328 w klasie prof. Krystyny Szostek-Radkowej. Jest laureatka\u0328 Mi\u0119dzynarodowego Konkursu Wokalnego im. Ady Sari, gdzie otrzyma\u0142a I nagrod\u0119 i trzy nagrody specjalne. Podczas studi\u00f3w zadebiutowa\u0142a w Teatrze Wielkim Operze Narodowej w Warszawie i z t\u0105 scen\u0105 zwi\u0105zana jest nadal, wykonuj\u0105c pierwszoplanowe partie operowe. Z zespo\u0142em wyst\u0119powa\u0142a r\u00f3wnie\u017c na wielu presti\u017cowych festiwalach w kraju i za granic\u0105. Jest artystk\u0105 wszechstronn\u0105, z powodzeniem kreuj\u0105c\u0105 partie dramatyczne, jak i te o l\u017cejszym charakterze. Wsp\u00f3\u0142pracuje r\u00f3wnie\u017c z Operami: Krakowsk\u0105, Pozna\u0144sk\u0105 i \u015al\u0105sk\u0105.<\/span><\/p>\n<p><span style=\"font-weight: 400\">Jest cenion\u0105 \u015bpiewaczk\u0105 oratoryjno-kantatow\u0105, wsp\u00f3\u0142pracuj\u0105c z filharmoniami w ca\u0142ej Polsce, \u015bpiewaj\u0105c partie altowe w dzie\u0142ach: Verdiego, Beethovena, Kilara, Haendla, Szymanowskiego czy Dvor\u030ca\u0301ka. Cz\u0119sto wykonuje tak\u017ce dzie\u0142a Krzysztofa Pendereckiego. Posiada bogaty repertuar pie\u015bniarski. Wyst\u0119powa\u0142a m.in. w: Japonii, Norwegii, Niemczech, Wielkiej Brytanii, Belgii, Francji, Monako, Hongkongu. Wsp\u00f3\u0142pracowa\u0142a ze znakomitymi solistami i dyrygentami, m.in.: Jerzy Maksymiukiem,\u00a0 Kazimierzem Kordem, Jackiem Kasprzykiem, Markiem Minkowskim, Placido Domingo, Edit\u0105 Gruberov\u0105 i Patrickiem Fournillier . Ma w dorobku szereg nagra\u0144 radiowo-telewizyjnych oraz p\u0142ytowych, w tym <\/span><i><span style=\"font-weight: 400\">Strasznego dworu<\/span><\/i><span style=\"font-weight: 400\"> Moniuszki (dla EMI) oraz <\/span><i><span style=\"font-weight: 400\">Ubu Rexa <\/span><\/i><span style=\"font-weight: 400\">Pendereckiego. Cz\u0119sto zapraszana jest jako juror w konkursach wokalnych.<\/span><\/p>","protected":false},"excerpt":{"rendered":"<p>Anna Luban\u0301ska &nbsp; Uko\u0144czy\u0142a z wyr\u00f3\u017cnieniem Warszawska\u0328 Akademie\u0328 Muzyczna\u0328 w klasie prof. Krystyny Szostek-Radkowej. Jest laureatka\u0328 Mi\u0119dzynarodowego Konkursu Wokalnego im. Ady Sari, gdzie otrzyma\u0142a I nagrod\u0119 i trzy nagrody specjalne. Podczas studi\u00f3w zadebiutowa\u0142a w Teatrze Wielkim Operze Narodowej w Warszawie i z t\u0105 scen\u0105 zwi\u0105zana jest nadal, wykonuj\u0105c pierwszoplanowe partie operowe. Z zespo\u0142em wyst\u0119powa\u0142a r\u00f3wnie\u017c [&hellip;]<\/p>\n","protected":false},"author":2,"featured_media":0,"parent":0,"menu_order":9,"comment_status":"closed","ping_status":"closed","template":"template-artist.php","meta":{"footnotes":""},"categories":[16],"class_list":["post-2482","page","type-page","status-publish","hentry","category-artysci-dziela-krzysztofa-pendereckiego"],"_links":{"self":[{"href":"https:\/\/beethoven.org.pl\/artysci\/wp-json\/wp\/v2\/pages\/2482","targetHints":{"allow":["GET"]}}],"collection":[{"href":"https:\/\/beethoven.org.pl\/artysci\/wp-json\/wp\/v2\/pages"}],"about":[{"href":"https:\/\/beethoven.org.pl\/artysci\/wp-json\/wp\/v2\/types\/page"}],"author":[{"embeddable":true,"href":"https:\/\/beethoven.org.pl\/artysci\/wp-json\/wp\/v2\/users\/2"}],"replies":[{"embeddable":true,"href":"https:\/\/beethoven.org.pl\/artysci\/wp-json\/wp\/v2\/comments?post=2482"}],"version-history":[{"count":2,"href":"https:\/\/beethoven.org.pl\/artysci\/wp-json\/wp\/v2\/pages\/2482\/revisions"}],"predecessor-version":[{"id":2495,"href":"https:\/\/beethoven.org.pl\/artysci\/wp-json\/wp\/v2\/pages\/2482\/revisions\/2495"}],"wp:attachment":[{"href":"https:\/\/beethoven.org.pl\/artysci\/wp-json\/wp\/v2\/media?parent=2482"}],"wp:term":[{"taxonomy":"category","embeddable":true,"href":"https:\/\/beethoven.org.pl\/artysci\/wp-json\/wp\/v2\/categories?post=2482"}],"curies":[{"name":"wp","href":"https:\/\/api.w.org\/{rel}","templated":true}]}}

<p></p>
<h3 style="text-align: center"><span style="font-weight: 400">Anna Lubańska</span></h3>
<p><img loading="lazy" decoding="async" class="wp-image-2483 size-full aligncenter" src="http://beethoven.org.pl/artysci/wp-content/uploads/sites/2/2023/05/Anna-Lubańska.jpg" alt="" width="474" height="514" srcset="https://beethoven.org.pl/artysci/wp-content/uploads/sites/2/2023/05/Anna-Lubańska.jpg 474w, https://beethoven.org.pl/artysci/wp-content/uploads/sites/2/2023/05/Anna-Lubańska-277x300.jpg 277w" sizes="auto, (max-width: 474px) 100vw, 474px" /></p>
<p>&nbsp;</p>
<p><span style="font-weight: 400">Ukończyła z wyróżnieniem Warszawską Akademię Muzyczną w klasie prof. Krystyny Szostek-Radkowej. Jest laureatką Międzynarodowego Konkursu Wokalnego im. Ady Sari, gdzie otrzymała I nagrodę i trzy nagrody specjalne. Podczas studiów zadebiutowała w Teatrze Wielkim Operze Narodowej w Warszawie i z tą sceną związana jest nadal, wykonując pierwszoplanowe partie operowe. Z zespołem występowała również na wielu prestiżowych festiwalach w kraju i za granicą. Jest artystką wszechstronną, z powodzeniem kreującą partie dramatyczne, jak i te o lżejszym charakterze. Współpracuje również z Operami: Krakowską, Poznańską i Śląską.</span></p>
<p><span style="font-weight: 400">Jest cenioną śpiewaczką oratoryjno-kantatową, współpracując z filharmoniami w całej Polsce, śpiewając partie altowe w dziełach: Verdiego, Beethovena, Kilara, Haendla, Szymanowskiego czy Dvořáka. Często wykonuje także dzieła Krzysztofa Pendereckiego. Posiada bogaty repertuar pieśniarski. Występowała m.in. w: Japonii, Norwegii, Niemczech, Wielkiej Brytanii, Belgii, Francji, Monako, Hongkongu. Współpracowała ze znakomitymi solistami i dyrygentami, m.in.: Jerzy Maksymiukiem,  Kazimierzem Kordem, Jackiem Kasprzykiem, Markiem Minkowskim, Placido Domingo, Editą Gruberovą i Patrickiem Fournillier . Ma w dorobku szereg nagrań radiowo-telewizyjnych oraz płytowych, w tym </span><i><span style="font-weight: 400">Strasznego dworu</span></i><span style="font-weight: 400"> Moniuszki (dla EMI) oraz </span><i><span style="font-weight: 400">Ubu Rexa </span></i><span style="font-weight: 400">Pendereckiego. Często zapraszana jest jako juror w konkursach wokalnych.</span></p>

<p>Anna Lubańska &nbsp; Ukończyła z wyróżnieniem Warszawską Akademię Muzyczną w klasie prof. Krystyny Szostek-Radkowej. Jest laureatką Międzynarodowego Konkursu Wokalnego im. Ady Sari, gdzie otrzymała I nagrodę i trzy nagrody specjalne. Podczas studiów zadebiutowała w Teatrze Wielkim Operze Narodowej w Warszawie i z tą sceną związana jest nadal, wykonując pierwszoplanowe partie operowe. Z zespołem występowała również [&hellip;]</p>
