{"id":2475,"date":"2023-05-17T12:08:45","date_gmt":"2023-05-17T10:08:45","guid":{"rendered":"http:\/\/beethoven.org.pl\/artysci\/?page_id=2475"},"modified":"2023-05-17T12:21:57","modified_gmt":"2023-05-17T10:21:57","slug":"claudio-bohorquez-2","status":"publish","type":"page","link":"https:\/\/beethoven.org.pl\/artysci\/claudio-bohorquez-2\/","title":{"rendered":"Claudio Boh\u00f3rquez"},"content":{"rendered":"<p><\/p>\n<h3 style=\"text-align: center\">Jedno z najbardziej znacz\u0105cych nazwisk w \u015bwiecie muzyki powa\u017cnej<\/h3>\n<figure id=\"attachment_2476\" aria-describedby=\"caption-attachment-2476\" style=\"width: 1707px\" class=\"wp-caption alignnone\"><img loading=\"lazy\" decoding=\"async\" class=\"wp-image-2476 size-full\" src=\"http:\/\/beethoven.org.pl\/artysci\/wp-content\/uploads\/sites\/2\/2023\/05\/Claudio-Bohorquez-photo.jpg\" alt=\"\" width=\"1707\" height=\"2560\" srcset=\"https:\/\/beethoven.org.pl\/artysci\/wp-content\/uploads\/sites\/2\/2023\/05\/Claudio-Bohorquez-photo.jpg 1707w, https:\/\/beethoven.org.pl\/artysci\/wp-content\/uploads\/sites\/2\/2023\/05\/Claudio-Bohorquez-photo-200x300.jpg 200w, https:\/\/beethoven.org.pl\/artysci\/wp-content\/uploads\/sites\/2\/2023\/05\/Claudio-Bohorquez-photo-768x1152.jpg 768w, https:\/\/beethoven.org.pl\/artysci\/wp-content\/uploads\/sites\/2\/2023\/05\/Claudio-Bohorquez-photo-683x1024.jpg 683w\" sizes=\"auto, (max-width: 1707px) 100vw, 1707px\" \/><figcaption id=\"caption-attachment-2476\" class=\"wp-caption-text\">Claudio Bohorquez in Berlin \u00a9 Peter Adamik<\/figcaption><\/figure>\n<p>Claudio Boh\u00f3rquez \u2013 urodzony w Niemczech wiolonczelista o korzeniach peruwia\u0144sko-urugwajskich, obecnie jedno z najbardziej znacz\u0105cych nazwisk w \u015bwiecie muzyki. Ju\u017c w m\u0142odym wieku jako student Borysa Pergamenschikowa odnosi\u0142 sukcesy na mi\u0119dzynarodowych konkursach, takich jak Konkurs dla M\u0142odych Muzyk\u00f3w im. P. Czajkowskiego w Moskwie oraz Konkurs Wiolonczelowy im. M. Rostropowicza w Pary\u017cu.<\/p>\n<p>W roku 2000 otrzyma\u0142 trzy nagrody na I Mi\u0119dzynarodowym Konkursie im. P. Casalsa, organizowanym pod auspicjami Kronberg Academy; Marta Casals Istomin wr\u0119czy\u0142a mu pierwsz\u0105 nagrod\u0119, nagrod\u0119 specjaln\u0105 dla najlepszego kameralisty, a tak\u017ce nagrod\u0119 w postaci nale\u017c\u0105cego kiedy\u015b do Casalsa znakomitego instrumentu Matteo Gofrillera, na kt\u00f3rym C. Boh\u00f3rquez m\u00f3g\u0142 gra\u0107 przez dwa lata. Artysta zdoby\u0142 tak\u017ce pierwsz\u0105 nagrod\u0119 na Mi\u0119dzynarodowym Konkursie Muzycznym w Genewie, co zapocz\u0105tkowa\u0142o jego karier\u0119 solow\u0105. W mi\u0119dzyczasie rozpocz\u0105\u0142 prac\u0119 pedagogiczn\u0105 jako profesor Musikhochschule Stuttgart (od 2011 to 2016 r.). We wrze\u015bniu 2016 roku do\u0142\u0105czy\u0142 do kadry Hochschule f\u00fcr Musik &#8222;Hanns Eisler&#8221; w Berlinie, gdzie jest profesorem go\u015bcinny od roku 2003.<\/p>\n<p>Boh\u00f3rquez wyst\u0119powa\u0142 z niemal wszystkimi niemieckimi orkiestrami radiowymi: Staatskapelle Dresden, Leipzig Gewandhaus Orchestra, Wiener Symphoniker, a tak\u017ce z Collegium Musicum Basel, Orchestre de Paris, Orchestre Philharmonique de Radio France, Tonhalle Orchestra Zurich oraz Academy of St. Martin in the Fields. W Japonii wyst\u0119puje z NHK Symphony Orchestra i Tokyo Philharmonic Orchestra. W Stanach Zjednoczonych koncertowa\u0142 z Boston Symphony, Chicago Symphony, Cleveland Orchestra, Detroit Symphony, Los Angeles Philharmonic, National Symphony oraz Philadelphia Orchestra.<\/p>\n<p>Artysta wsp\u00f3\u0142pracowa\u0142 z wieloma wybitnymi dyrygentami, takimi jak: Daniel Barenboim, Christoph Eschenbach, Manfred Honeck, Sir Neville Marriner, Eiji Oue, Krzysztof Penderecki, Leonard Slatkin, Tugan Sokhiev, Lothar Zagrosek oraz David Zinman.<\/p>\n<p>Wyst\u0119powa\u0142 podczas festiwali muzycznych, m.in.: Casals Festival w Puerto Rico, City of London Festival, Festiwal Krzysztofa Pendereckiego w Warszawie i Jerusalem International Chamber Music Festival. Artysta go\u015bci\u0142 tak\u017ce w Stanach Zjednoczonych, m.in. na festiwalach Tanglewood, Ravinia i Aspen oraz Hollywood Bowl. Bra\u0142 r\u00f3wnie\u017c udzia\u0142 w festiwalu muzyki kameralnej Lockenhaus w Austrii i festiwalu Gidona Kremera \u201eLes Musiques\u201d w Bazylei. Jako znakomity kameralista wyst\u0119powa\u0142 r\u00f3wnie\u017c z J\u00f6rgiem Widmannem w Bilbao i Madrycie, a tak\u017ce z Viviane Hagner i Jonathanem Giladem na Beethoven Marathon w Konzerthaus Berlin.<\/p>\n<p>Boh\u00f3rquez wyst\u0119powa\u0142 ponadto na festiwalu Rheingau z Columbian Youth Philharmonic pod dyrekcj\u0105 Andr\u00e9sa Orozco-Estrady, festiwalu muzycznym w Dre\u017anie ze skrzypkiem Philippe Quintem i pianist\u0105 Borisem Giltburgiem (w ramach projektu muzyki kameralnej) oraz festiwalu muzycznym Schleswig-Holstein. W listopadzie 2018 r. zadebiutowa\u0142 w hamburskiej Elbphilharmonie. W lutym 2019 r. wykona\u0142 koncert wiolonczelowy Elgara z Staatsphilharmonie N\u00fcrnberg. W marcu 2021 r., po decyzji El\u017cbiety Pendereckiej dosz\u0142o do powo\u0142ania Penderecki Trio dla upami\u0119tnienia pierwszej rocznicy \u015bmierci Maestro Pendereckiego. Claudio Bohorquez zosta\u0142 cz\u0142onkiem tria jako artysta wykonuj\u0105cy na ca\u0142ym \u015bwiecie muzyk\u0119 Krzysztofa Pendereckiego pod batut\u0105 kompozytora.<\/p>\n<p>Artysta ma na swoim koncie liczne nagrania p\u0142ytowe i radiowe oraz wyst\u0119py telewizyjne. W 2002 r. C. Boh\u00f3rquez nagra\u0142 \u015bcie\u017ck\u0119 d\u017awi\u0119kow\u0105 skomponowan\u0105 przez Paula Englisha do filmu \u201eTen Minutes Older \u2013 The Cello\u201d, kt\u00f3ry by\u0142 pokazywany w kinach na ca\u0142ym \u015bwiecie. Wraz z malarzem Klausem-Peterem Kirchnerem C. Boh\u00f3rquez opracowa\u0142 projekt instalacji \u201eRaum f\u00fcr Pablo Casals\u201d na cze\u015b\u0107 wspania\u0142ego wiolonczelisty. Artysta wsp\u00f3\u0142pracowa\u0142 tak\u017ce przy powstaniu uhonorowanego nagrod\u0105 ECHO albumu \u201eCztery pory roku\u201d (2017), nagranego z udzia\u0142em skrzypka Daniela Hope\u2019a i wydanego przez Deutsche Grammophon. W lipcu 2018 r. firma Berlin Classics wyda\u0142a p\u0142yt\u0119 z sonatami Johannesa Brahmsa, na kt\u00f3rej artysta wyst\u0119puje z towarzyszeniem pianisty P\u00e9tera Nagy\u2019ego.<\/p>\n<p>Od sezonu 2017-18 Claudio\u00a0 Boh\u00f3rquez jest dyrektorem artystycznym festiwalu Winnenden. Artysta gra na wiolonczeli G. B. Rogeriego, kt\u00f3r\u0105 otrzyma\u0142 od Landeskreditbank Baden-W\u00fcrttemberg.<\/p>\n<p>&nbsp;<\/p>\n<p>Claudio Boh\u00f3rquez jest reprezentowany przez Stowarzyszenie im. Ludwiga van Beethovena<\/p>\n<p>&nbsp;<\/p>","protected":false},"excerpt":{"rendered":"<p>Jedno z najbardziej znacz\u0105cych nazwisk w \u015bwiecie muzyki powa\u017cnej Claudio Boh\u00f3rquez \u2013 urodzony w Niemczech wiolonczelista o korzeniach peruwia\u0144sko-urugwajskich, obecnie jedno z najbardziej znacz\u0105cych nazwisk w \u015bwiecie muzyki. Ju\u017c w m\u0142odym wieku jako student Borysa Pergamenschikowa odnosi\u0142 sukcesy na mi\u0119dzynarodowych konkursach, takich jak Konkurs dla M\u0142odych Muzyk\u00f3w im. P. Czajkowskiego w Moskwie oraz Konkurs Wiolonczelowy [&hellip;]<\/p>\n","protected":false},"author":2,"featured_media":0,"parent":0,"menu_order":4,"comment_status":"closed","ping_status":"closed","template":"template-artist.php","meta":{"footnotes":""},"categories":[14],"class_list":["post-2475","page","type-page","status-publish","hentry","category-instrumentalisci-dziela-krzysztofa-pendereckiego"],"_links":{"self":[{"href":"https:\/\/beethoven.org.pl\/artysci\/wp-json\/wp\/v2\/pages\/2475","targetHints":{"allow":["GET"]}}],"collection":[{"href":"https:\/\/beethoven.org.pl\/artysci\/wp-json\/wp\/v2\/pages"}],"about":[{"href":"https:\/\/beethoven.org.pl\/artysci\/wp-json\/wp\/v2\/types\/page"}],"author":[{"embeddable":true,"href":"https:\/\/beethoven.org.pl\/artysci\/wp-json\/wp\/v2\/users\/2"}],"replies":[{"embeddable":true,"href":"https:\/\/beethoven.org.pl\/artysci\/wp-json\/wp\/v2\/comments?post=2475"}],"version-history":[{"count":4,"href":"https:\/\/beethoven.org.pl\/artysci\/wp-json\/wp\/v2\/pages\/2475\/revisions"}],"predecessor-version":[{"id":2517,"href":"https:\/\/beethoven.org.pl\/artysci\/wp-json\/wp\/v2\/pages\/2475\/revisions\/2517"}],"wp:attachment":[{"href":"https:\/\/beethoven.org.pl\/artysci\/wp-json\/wp\/v2\/media?parent=2475"}],"wp:term":[{"taxonomy":"category","embeddable":true,"href":"https:\/\/beethoven.org.pl\/artysci\/wp-json\/wp\/v2\/categories?post=2475"}],"curies":[{"name":"wp","href":"https:\/\/api.w.org\/{rel}","templated":true}]}}

Claudio Bohórquez

<p></p>
<h3 style="text-align: center">Jedno z najbardziej znaczących nazwisk w świecie muzyki poważnej</h3>
<figure id="attachment_2476" aria-describedby="caption-attachment-2476" style="width: 1707px" class="wp-caption alignnone"><img loading="lazy" decoding="async" class="wp-image-2476 size-full" src="http://beethoven.org.pl/artysci/wp-content/uploads/sites/2/2023/05/Claudio-Bohorquez-photo.jpg" alt="" width="1707" height="2560" srcset="https://beethoven.org.pl/artysci/wp-content/uploads/sites/2/2023/05/Claudio-Bohorquez-photo.jpg 1707w, https://beethoven.org.pl/artysci/wp-content/uploads/sites/2/2023/05/Claudio-Bohorquez-photo-200x300.jpg 200w, https://beethoven.org.pl/artysci/wp-content/uploads/sites/2/2023/05/Claudio-Bohorquez-photo-768x1152.jpg 768w, https://beethoven.org.pl/artysci/wp-content/uploads/sites/2/2023/05/Claudio-Bohorquez-photo-683x1024.jpg 683w" sizes="auto, (max-width: 1707px) 100vw, 1707px" /><figcaption id="caption-attachment-2476" class="wp-caption-text">Claudio Bohorquez in Berlin © Peter Adamik</figcaption></figure>
<p>Claudio Bohórquez – urodzony w Niemczech wiolonczelista o korzeniach peruwiańsko-urugwajskich, obecnie jedno z najbardziej znaczących nazwisk w świecie muzyki. Już w młodym wieku jako student Borysa Pergamenschikowa odnosił sukcesy na międzynarodowych konkursach, takich jak Konkurs dla Młodych Muzyków im. P. Czajkowskiego w Moskwie oraz Konkurs Wiolonczelowy im. M. Rostropowicza w Paryżu.</p>
<p>W roku 2000 otrzymał trzy nagrody na I Międzynarodowym Konkursie im. P. Casalsa, organizowanym pod auspicjami Kronberg Academy; Marta Casals Istomin wręczyła mu pierwszą nagrodę, nagrodę specjalną dla najlepszego kameralisty, a także nagrodę w postaci należącego kiedyś do Casalsa znakomitego instrumentu Matteo Gofrillera, na którym C. Bohórquez mógł grać przez dwa lata. Artysta zdobył także pierwszą nagrodę na Międzynarodowym Konkursie Muzycznym w Genewie, co zapoczątkowało jego karierę solową. W międzyczasie rozpoczął pracę pedagogiczną jako profesor Musikhochschule Stuttgart (od 2011 to 2016 r.). We wrześniu 2016 roku dołączył do kadry Hochschule für Musik &#8222;Hanns Eisler&#8221; w Berlinie, gdzie jest profesorem gościnny od roku 2003.</p>
<p>Bohórquez występował z niemal wszystkimi niemieckimi orkiestrami radiowymi: Staatskapelle Dresden, Leipzig Gewandhaus Orchestra, Wiener Symphoniker, a także z Collegium Musicum Basel, Orchestre de Paris, Orchestre Philharmonique de Radio France, Tonhalle Orchestra Zurich oraz Academy of St. Martin in the Fields. W Japonii występuje z NHK Symphony Orchestra i Tokyo Philharmonic Orchestra. W Stanach Zjednoczonych koncertował z Boston Symphony, Chicago Symphony, Cleveland Orchestra, Detroit Symphony, Los Angeles Philharmonic, National Symphony oraz Philadelphia Orchestra.</p>
<p>Artysta współpracował z wieloma wybitnymi dyrygentami, takimi jak: Daniel Barenboim, Christoph Eschenbach, Manfred Honeck, Sir Neville Marriner, Eiji Oue, Krzysztof Penderecki, Leonard Slatkin, Tugan Sokhiev, Lothar Zagrosek oraz David Zinman.</p>
<p>Występował podczas festiwali muzycznych, m.in.: Casals Festival w Puerto Rico, City of London Festival, Festiwal Krzysztofa Pendereckiego w Warszawie i Jerusalem International Chamber Music Festival. Artysta gościł także w Stanach Zjednoczonych, m.in. na festiwalach Tanglewood, Ravinia i Aspen oraz Hollywood Bowl. Brał również udział w festiwalu muzyki kameralnej Lockenhaus w Austrii i festiwalu Gidona Kremera „Les Musiques” w Bazylei. Jako znakomity kameralista występował również z Jörgiem Widmannem w Bilbao i Madrycie, a także z Viviane Hagner i Jonathanem Giladem na Beethoven Marathon w Konzerthaus Berlin.</p>
<p>Bohórquez występował ponadto na festiwalu Rheingau z Columbian Youth Philharmonic pod dyrekcją Andrésa Orozco-Estrady, festiwalu muzycznym w Dreźnie ze skrzypkiem Philippe Quintem i pianistą Borisem Giltburgiem (w ramach projektu muzyki kameralnej) oraz festiwalu muzycznym Schleswig-Holstein. W listopadzie 2018 r. zadebiutował w hamburskiej Elbphilharmonie. W lutym 2019 r. wykonał koncert wiolonczelowy Elgara z Staatsphilharmonie Nürnberg. W marcu 2021 r., po decyzji Elżbiety Pendereckiej doszło do powołania Penderecki Trio dla upamiętnienia pierwszej rocznicy śmierci Maestro Pendereckiego. Claudio Bohorquez został członkiem tria jako artysta wykonujący na całym świecie muzykę Krzysztofa Pendereckiego pod batutą kompozytora.</p>
<p>Artysta ma na swoim koncie liczne nagrania płytowe i radiowe oraz występy telewizyjne. W 2002 r. C. Bohórquez nagrał ścieżkę dźwiękową skomponowaną przez Paula Englisha do filmu „Ten Minutes Older – The Cello”, który był pokazywany w kinach na całym świecie. Wraz z malarzem Klausem-Peterem Kirchnerem C. Bohórquez opracował projekt instalacji „Raum für Pablo Casals” na cześć wspaniałego wiolonczelisty. Artysta współpracował także przy powstaniu uhonorowanego nagrodą ECHO albumu „Cztery pory roku” (2017), nagranego z udziałem skrzypka Daniela Hope’a i wydanego przez Deutsche Grammophon. W lipcu 2018 r. firma Berlin Classics wydała płytę z sonatami Johannesa Brahmsa, na której artysta występuje z towarzyszeniem pianisty Pétera Nagy’ego.</p>
<p>Od sezonu 2017-18 Claudio  Bohórquez jest dyrektorem artystycznym festiwalu Winnenden. Artysta gra na wiolonczeli G. B. Rogeriego, którą otrzymał od Landeskreditbank Baden-Württemberg.</p>
<p>&nbsp;</p>
<p>Claudio Bohórquez jest reprezentowany przez Stowarzyszenie im. Ludwiga van Beethovena</p>
<p>&nbsp;</p>

<p>Jedno z najbardziej znaczących nazwisk w świecie muzyki poważnej Claudio Bohórquez – urodzony w Niemczech wiolonczelista o korzeniach peruwiańsko-urugwajskich, obecnie jedno z najbardziej znaczących nazwisk w świecie muzyki. Już w młodym wieku jako student Borysa Pergamenschikowa odnosił sukcesy na międzynarodowych konkursach, takich jak Konkurs dla Młodych Muzyków im. P. Czajkowskiego w Moskwie oraz Konkurs Wiolonczelowy [&hellip;]</p>
