{"id":2457,"date":"2022-10-18T11:40:17","date_gmt":"2022-10-18T09:40:17","guid":{"rendered":"http:\/\/beethoven.org.pl\/artysci\/?page_id=2457"},"modified":"2025-03-19T14:18:18","modified_gmt":"2025-03-19T13:18:18","slug":"gerard-edery-bas-baryton","status":"publish","type":"page","link":"https:\/\/beethoven.org.pl\/artysci\/gerard-edery-bas-baryton\/","title":{"rendered":"Gerard Edery"},"content":{"rendered":"<p><\/p>\n<p style=\"text-align: center\"><strong>Bas-baryton, Koncertuje na ca\u0142ym \u015bwiecie, \u015bpiewaj\u0105c w 15 j\u0119zykach<\/strong><\/p>\n<p><img loading=\"lazy\" decoding=\"async\" class=\"wp-image-2458 size-full aligncenter\" src=\"http:\/\/beethoven.org.pl\/artysci\/wp-content\/uploads\/sites\/2\/2022\/10\/Gerard-Edery2.jpg\" alt=\"\" width=\"594\" height=\"570\" srcset=\"https:\/\/beethoven.org.pl\/artysci\/wp-content\/uploads\/sites\/2\/2022\/10\/Gerard-Edery2.jpg 594w, https:\/\/beethoven.org.pl\/artysci\/wp-content\/uploads\/sites\/2\/2022\/10\/Gerard-Edery2-300x288.jpg 300w\" sizes=\"auto, (max-width: 594px) 100vw, 594px\" \/><\/p>\n<p>&nbsp;<\/p>\n<p>Absolwent nowojorskiej Manhattan School of Music w klasie \u015bpiewu solowego Judith Raskin. Po studiach pozostawa\u0142 pod opiek\u0105 wokaln\u0105 Armena Boyajiana. Wsp\u00f3\u0142pracowa\u0142 z ameryka\u0144skimi teatrami operowymi m.in. the New York Lyric Opera, Des Moines Metro Opera, L\u2019Opera Francais de\u00a0New York, the Boston Opera, New Orleans Opera, Lake George Opera, New Jersey Lyric Opera, Oklahoma Opera, Opera Milwaukee, The Long Island Lyric Opera and The Opera Ensemble of New York. Za\u015bpiewa\u0142 ponad trzydzie\u015bci r\u00f3l operowych. Najwa\u017cniejsze z nich to: Escamillo w <em>Carmen<\/em>, Figaro w <em>Weselu Figara<\/em>, Mefistofeles w <em>Fau\u015bcie<\/em> Gounoda, Dr. Miracle w <em>Opowie\u015bciach Hoffmanna<\/em>, Dulcamara w <em>Napoju mi\u0142osnym,<\/em> Don Basilio w <em>Cyruliku sewilskim<\/em>, Ralph w operze <em>Pi\u0119kne dziewcz\u0119 z Perth<\/em> i Falstaff w <em>Weso\u0142ych kumoszkach z Windsoru<\/em>.<\/p>\n<p>W repertuarze oratoryjno-kantatowym artysty znajduje si\u0119 wiele dzie\u0142, m.in. <em>Petite Messe Solennelle<\/em> Rossiniego, <em>Magnificat <\/em>Bacha, <em>Mesjasz Haendla<\/em>, <em>Msza Es-Dur<\/em> Schuberta, <em>Msza C-Dur<\/em> Beethovena. Na 25. Wielkanocnym Festiwalu Ludwiga van Beethovena za\u015bpiewa\u0142 <em>Kadisz <\/em>Krzysztofa Pendereckiego.<\/p>\n<p>Wykonuje tak\u017ce utwory kameralne, szczeg\u00f3ln\u0105 uwag\u0119 po\u015bwi\u0119caj\u0105c pie\u015bniom kompozytor\u00f3w hiszpa\u0144skich, francuskich, angielskich i ameryka\u0144skich.<\/p>\n<p>Gerard Edery uznawany jest tak\u017ce za czo\u0142owego muzycznego folkloryst\u0119, autorytet w dziedzinie muzyki sefardyjskiej. Jest gitarzyst\u0105, \u015bpiewa w 15 j\u0119zykach, \u0142\u0105cz\u0105c elementy wielu kultur i tradycji muzycznych.<\/p>\n<p>Jest laureatem Sephardic Musical Heritage Award. Za oryginaln\u0105 tw\u00f3rczo\u015b\u0107 pie\u015bniarsk\u0105 otrzyma\u0142 stypendium Meet The Composer.<\/p>\n<p>Regularnie wyst\u0119puje w salach koncertowych na ca\u0142ym \u015bwiecie, goszcz\u0105c w tak znanych jak Carnegie Hall (Zankel Hall), Alice Tully Hall i Lincoln Center w Nowym Jorku, Smithsonian Institution i Holocaust Museum w Waszyngtonie, Sesji Ozawa Hall w Tanglewood czy Victoria Hall w Genewie, The Kimmel Center w Filadelfii, Royce Hall w Los Angeles.<\/p>\n<p>Bra\u0142 udzia\u0142 w wielu festiwalach, m.in. w Maroku, Meksyku, Holandii, Francji, Hiszpanii, Izraelu, na Litwie, w Polsce.<\/p>\n<p><a href=\"http:\/\/beethoven.org.pl\/artysci\/wp-content\/uploads\/sites\/2\/2025\/03\/GERARD-EDERY-OPERA-BIO-2025.pdf\">GERARD EDERY OPERA BIO 2025<\/a><\/p>","protected":false},"excerpt":{"rendered":"<p>Bas-baryton, Koncertuje na ca\u0142ym \u015bwiecie, \u015bpiewaj\u0105c w 15 j\u0119zykach &nbsp; Absolwent nowojorskiej Manhattan School of Music w klasie \u015bpiewu solowego Judith Raskin. Po studiach pozostawa\u0142 pod opiek\u0105 wokaln\u0105 Armena Boyajiana. Wsp\u00f3\u0142pracowa\u0142 z ameryka\u0144skimi teatrami operowymi m.in. the New York Lyric Opera, Des Moines Metro Opera, L\u2019Opera Francais de\u00a0New York, the Boston Opera, New Orleans Opera, [&hellip;]<\/p>\n","protected":false},"author":2,"featured_media":0,"parent":0,"menu_order":3,"comment_status":"closed","ping_status":"closed","template":"template-artist.php","meta":{"footnotes":""},"categories":[16],"class_list":["post-2457","page","type-page","status-publish","hentry","category-artysci-dziela-krzysztofa-pendereckiego"],"_links":{"self":[{"href":"https:\/\/beethoven.org.pl\/artysci\/wp-json\/wp\/v2\/pages\/2457","targetHints":{"allow":["GET"]}}],"collection":[{"href":"https:\/\/beethoven.org.pl\/artysci\/wp-json\/wp\/v2\/pages"}],"about":[{"href":"https:\/\/beethoven.org.pl\/artysci\/wp-json\/wp\/v2\/types\/page"}],"author":[{"embeddable":true,"href":"https:\/\/beethoven.org.pl\/artysci\/wp-json\/wp\/v2\/users\/2"}],"replies":[{"embeddable":true,"href":"https:\/\/beethoven.org.pl\/artysci\/wp-json\/wp\/v2\/comments?post=2457"}],"version-history":[{"count":5,"href":"https:\/\/beethoven.org.pl\/artysci\/wp-json\/wp\/v2\/pages\/2457\/revisions"}],"predecessor-version":[{"id":2516,"href":"https:\/\/beethoven.org.pl\/artysci\/wp-json\/wp\/v2\/pages\/2457\/revisions\/2516"}],"wp:attachment":[{"href":"https:\/\/beethoven.org.pl\/artysci\/wp-json\/wp\/v2\/media?parent=2457"}],"wp:term":[{"taxonomy":"category","embeddable":true,"href":"https:\/\/beethoven.org.pl\/artysci\/wp-json\/wp\/v2\/categories?post=2457"}],"curies":[{"name":"wp","href":"https:\/\/api.w.org\/{rel}","templated":true}]}}

<p></p>
<p style="text-align: center"><strong>Bas-baryton, Koncertuje na całym świecie, śpiewając w 15 językach</strong></p>
<p><img loading="lazy" decoding="async" class="wp-image-2458 size-full aligncenter" src="http://beethoven.org.pl/artysci/wp-content/uploads/sites/2/2022/10/Gerard-Edery2.jpg" alt="" width="594" height="570" srcset="https://beethoven.org.pl/artysci/wp-content/uploads/sites/2/2022/10/Gerard-Edery2.jpg 594w, https://beethoven.org.pl/artysci/wp-content/uploads/sites/2/2022/10/Gerard-Edery2-300x288.jpg 300w" sizes="auto, (max-width: 594px) 100vw, 594px" /></p>
<p>&nbsp;</p>
<p>Absolwent nowojorskiej Manhattan School of Music w klasie śpiewu solowego Judith Raskin. Po studiach pozostawał pod opieką wokalną Armena Boyajiana. Współpracował z amerykańskimi teatrami operowymi m.in. the New York Lyric Opera, Des Moines Metro Opera, L’Opera Francais de New York, the Boston Opera, New Orleans Opera, Lake George Opera, New Jersey Lyric Opera, Oklahoma Opera, Opera Milwaukee, The Long Island Lyric Opera and The Opera Ensemble of New York. Zaśpiewał ponad trzydzieści ról operowych. Najważniejsze z nich to: Escamillo w <em>Carmen</em>, Figaro w <em>Weselu Figara</em>, Mefistofeles w <em>Fauście</em> Gounoda, Dr. Miracle w <em>Opowieściach Hoffmanna</em>, Dulcamara w <em>Napoju miłosnym,</em> Don Basilio w <em>Cyruliku sewilskim</em>, Ralph w operze <em>Piękne dziewczę z Perth</em> i Falstaff w <em>Wesołych kumoszkach z Windsoru</em>.</p>
<p>W repertuarze oratoryjno-kantatowym artysty znajduje się wiele dzieł, m.in. <em>Petite Messe Solennelle</em> Rossiniego, <em>Magnificat </em>Bacha, <em>Mesjasz Haendla</em>, <em>Msza Es-Dur</em> Schuberta, <em>Msza C-Dur</em> Beethovena. Na 25. Wielkanocnym Festiwalu Ludwiga van Beethovena zaśpiewał <em>Kadisz </em>Krzysztofa Pendereckiego.</p>
<p>Wykonuje także utwory kameralne, szczególną uwagę poświęcając pieśniom kompozytorów hiszpańskich, francuskich, angielskich i amerykańskich.</p>
<p>Gerard Edery uznawany jest także za czołowego muzycznego folklorystę, autorytet w dziedzinie muzyki sefardyjskiej. Jest gitarzystą, śpiewa w 15 językach, łącząc elementy wielu kultur i tradycji muzycznych.</p>
<p>Jest laureatem Sephardic Musical Heritage Award. Za oryginalną twórczość pieśniarską otrzymał stypendium Meet The Composer.</p>
<p>Regularnie występuje w salach koncertowych na całym świecie, goszcząc w tak znanych jak Carnegie Hall (Zankel Hall), Alice Tully Hall i Lincoln Center w Nowym Jorku, Smithsonian Institution i Holocaust Museum w Waszyngtonie, Sesji Ozawa Hall w Tanglewood czy Victoria Hall w Genewie, The Kimmel Center w Filadelfii, Royce Hall w Los Angeles.</p>
<p>Brał udział w wielu festiwalach, m.in. w Maroku, Meksyku, Holandii, Francji, Hiszpanii, Izraelu, na Litwie, w Polsce.</p>
<p><a href="http://beethoven.org.pl/artysci/wp-content/uploads/sites/2/2025/03/GERARD-EDERY-OPERA-BIO-2025.pdf">GERARD EDERY OPERA BIO 2025</a></p>

<p>Bas-baryton, Koncertuje na całym świecie, śpiewając w 15 językach &nbsp; Absolwent nowojorskiej Manhattan School of Music w klasie śpiewu solowego Judith Raskin. Po studiach pozostawał pod opieką wokalną Armena Boyajiana. Współpracował z amerykańskimi teatrami operowymi m.in. the New York Lyric Opera, Des Moines Metro Opera, L’Opera Francais de New York, the Boston Opera, New Orleans Opera, [&hellip;]</p>
