{"id":2437,"date":"2022-07-19T13:07:39","date_gmt":"2022-07-19T11:07:39","guid":{"rendered":"http:\/\/beethoven.org.pl\/artysci\/?page_id=2437"},"modified":"2023-06-15T10:47:21","modified_gmt":"2023-06-15T08:47:21","slug":"iwona-hossa-2","status":"publish","type":"page","link":"https:\/\/beethoven.org.pl\/artysci\/iwona-hossa-2\/","title":{"rendered":"Iwona Hossa"},"content":{"rendered":"<p><\/p>\n<h3 style=\"text-align: center\">Jest zaliczana do czo\u0142owych sopranistek swojego pokolenia. Domen\u0105 Artystki jest przede wszystkim precyzja i techniczne mo\u017cliwo\u015bci nadzwyczaj wszechstronnego g\u0142osu, niezwyk\u0142a czysto\u015b\u0107 brzmienia i urzekaj\u0105ca barwa. Jej kunszt wokalny podziwiano w wielu miejscach na \u015bwiecie, gdzie zawsze oczarowuje publiczno\u015b\u0107 i zdobywa uznanie krytyki.<\/h3>\n<p>&nbsp;<\/p>\n<p><img loading=\"lazy\" decoding=\"async\" class=\"size-medium wp-image-2438 aligncenter\" src=\"http:\/\/beethoven.org.pl\/artysci\/wp-content\/uploads\/sites\/2\/2022\/07\/iwona-hossa-221x300.jpg\" alt=\"\" width=\"221\" height=\"300\" srcset=\"https:\/\/beethoven.org.pl\/artysci\/wp-content\/uploads\/sites\/2\/2022\/07\/iwona-hossa-221x300.jpg 221w, https:\/\/beethoven.org.pl\/artysci\/wp-content\/uploads\/sites\/2\/2022\/07\/iwona-hossa-768x1045.jpg 768w, https:\/\/beethoven.org.pl\/artysci\/wp-content\/uploads\/sites\/2\/2022\/07\/iwona-hossa-753x1024.jpg 753w\" sizes=\"auto, (max-width: 221px) 100vw, 221px\" \/><\/p>\n<h6 class=\"subject\" style=\"text-align: center\">fot Andrzej Swietlik<\/h6>\n<p>&nbsp;<\/p>\n<p>&nbsp;<\/p>\n<p>Uko\u0144czy\u0142a z wyr\u00f3\u017cnieniem Wydzia\u0142 Wokalno\u2013Aktorski Akademii Muzycznej im. I. J. \u00a0Paderewskiego w Poznaniu. Wsp\u00f3\u0142pracuje z wieloma teatrami operowymi i Orkiestrami Symfonicznymi w Polsce i za granic\u0105. Jest laureatk\u0105 Grand Prix i Z\u0142otego Medalu na Mi\u0119dzynarodowym Konkursie Wokalnym im. Marii Callas w Atenach. Jest artystk\u0105 wszechstronn\u0105. W jej bogatym repertuarze znajduj\u0105 si\u0119 dzie\u0142a od muzyki dawnej po najnowsz\u0105.<\/p>\n<p>Wyst\u0119powa\u0142a pod batut\u0105 takich dyrygent\u00f3w, jak David Lloyd-Jones, David Agler, Maurizio Benini, Gabriel Chmura, Charles Dutoit, Gustavo Dudamel, Valery Giergiev, Kazimierz Kord, Jan Krenz, Jacek Kaspszyk, Jerzy Maksymiuk, John Neschling, Grzegorz Nowak, Krzysztof Penderecki, Stanis\u0142aw Skrowaczewski, Antoni Wit<\/p>\n<p>Nagra\u0142a 27 p\u0142yt CD i DVD, g\u0142\u00f3wnie z muzyk\u0105 polsk\u0105. Wi\u0119kszo\u015b\u0107 z nich otrzyma\u0142a presti\u017cowe nagrody fonograficzne jak cho\u0107by International Classical Music Awards w\u00a0kategorii Muzyki Wsp\u00f3\u0142czesnej, czy Orph\u00e9e d\u2019Or, a tak\u017ce nominacje do Fryderyk\u00f3w czy Grammy Awards.<\/p>\n<p>Iwona Hossa przez siedemna\u015bcie lat mia\u0142a zaszczyt wsp\u00f3\u0142pracowa\u0107 z prof. Krzysztofem Pendereckim i posiada w swym repertuarze wszystkie dzie\u0142a wokalno\u2013instrumentalne Kompozytora. Dokona\u0142a wielu prawykona\u0144 utwor\u00f3w polskiej muzyki wsp\u00f3\u0142czesnej, m.in. Krzysztofa Pendereckiego, Wojciecha Kilara, Jerzego Maksymiuka. Jest pedagogiem i\u00a0managerem kultury. Odznaczona m. in. medalem Zas\u0142u\u017cony Kulturze <em>Gloria Artis<\/em> oraz srebrnym Krzy\u017cem Zas\u0142ugi.<\/p>","protected":false},"excerpt":{"rendered":"<p>Jest zaliczana do czo\u0142owych sopranistek swojego pokolenia. Domen\u0105 Artystki jest przede wszystkim precyzja i techniczne mo\u017cliwo\u015bci nadzwyczaj wszechstronnego g\u0142osu, niezwyk\u0142a czysto\u015b\u0107 brzmienia i urzekaj\u0105ca barwa. Jej kunszt wokalny podziwiano w wielu miejscach na \u015bwiecie, gdzie zawsze oczarowuje publiczno\u015b\u0107 i zdobywa uznanie krytyki. &nbsp; fot Andrzej Swietlik &nbsp; &nbsp; Uko\u0144czy\u0142a z wyr\u00f3\u017cnieniem Wydzia\u0142 Wokalno\u2013Aktorski Akademii Muzycznej [&hellip;]<\/p>\n","protected":false},"author":2,"featured_media":0,"parent":0,"menu_order":8,"comment_status":"closed","ping_status":"closed","template":"template-artist.php","meta":{"footnotes":""},"categories":[16],"class_list":["post-2437","page","type-page","status-publish","hentry","category-artysci-dziela-krzysztofa-pendereckiego"],"_links":{"self":[{"href":"https:\/\/beethoven.org.pl\/artysci\/wp-json\/wp\/v2\/pages\/2437","targetHints":{"allow":["GET"]}}],"collection":[{"href":"https:\/\/beethoven.org.pl\/artysci\/wp-json\/wp\/v2\/pages"}],"about":[{"href":"https:\/\/beethoven.org.pl\/artysci\/wp-json\/wp\/v2\/types\/page"}],"author":[{"embeddable":true,"href":"https:\/\/beethoven.org.pl\/artysci\/wp-json\/wp\/v2\/users\/2"}],"replies":[{"embeddable":true,"href":"https:\/\/beethoven.org.pl\/artysci\/wp-json\/wp\/v2\/comments?post=2437"}],"version-history":[{"count":8,"href":"https:\/\/beethoven.org.pl\/artysci\/wp-json\/wp\/v2\/pages\/2437\/revisions"}],"predecessor-version":[{"id":2497,"href":"https:\/\/beethoven.org.pl\/artysci\/wp-json\/wp\/v2\/pages\/2437\/revisions\/2497"}],"wp:attachment":[{"href":"https:\/\/beethoven.org.pl\/artysci\/wp-json\/wp\/v2\/media?parent=2437"}],"wp:term":[{"taxonomy":"category","embeddable":true,"href":"https:\/\/beethoven.org.pl\/artysci\/wp-json\/wp\/v2\/categories?post=2437"}],"curies":[{"name":"wp","href":"https:\/\/api.w.org\/{rel}","templated":true}]}}

<p></p>
<h3 style="text-align: center">Jest zaliczana do czołowych sopranistek swojego pokolenia. Domeną Artystki jest przede wszystkim precyzja i techniczne możliwości nadzwyczaj wszechstronnego głosu, niezwykła czystość brzmienia i urzekająca barwa. Jej kunszt wokalny podziwiano w wielu miejscach na świecie, gdzie zawsze oczarowuje publiczność i zdobywa uznanie krytyki.</h3>
<p>&nbsp;</p>
<p><img loading="lazy" decoding="async" class="size-medium wp-image-2438 aligncenter" src="http://beethoven.org.pl/artysci/wp-content/uploads/sites/2/2022/07/iwona-hossa-221x300.jpg" alt="" width="221" height="300" srcset="https://beethoven.org.pl/artysci/wp-content/uploads/sites/2/2022/07/iwona-hossa-221x300.jpg 221w, https://beethoven.org.pl/artysci/wp-content/uploads/sites/2/2022/07/iwona-hossa-768x1045.jpg 768w, https://beethoven.org.pl/artysci/wp-content/uploads/sites/2/2022/07/iwona-hossa-753x1024.jpg 753w" sizes="auto, (max-width: 221px) 100vw, 221px" /></p>
<h6 class="subject" style="text-align: center">fot Andrzej Swietlik</h6>
<p>&nbsp;</p>
<p>&nbsp;</p>
<p>Ukończyła z wyróżnieniem Wydział Wokalno–Aktorski Akademii Muzycznej im. I. J.  Paderewskiego w Poznaniu. Współpracuje z wieloma teatrami operowymi i Orkiestrami Symfonicznymi w Polsce i za granicą. Jest laureatką Grand Prix i Złotego Medalu na Międzynarodowym Konkursie Wokalnym im. Marii Callas w Atenach. Jest artystką wszechstronną. W jej bogatym repertuarze znajdują się dzieła od muzyki dawnej po najnowszą.</p>
<p>Występowała pod batutą takich dyrygentów, jak David Lloyd-Jones, David Agler, Maurizio Benini, Gabriel Chmura, Charles Dutoit, Gustavo Dudamel, Valery Giergiev, Kazimierz Kord, Jan Krenz, Jacek Kaspszyk, Jerzy Maksymiuk, John Neschling, Grzegorz Nowak, Krzysztof Penderecki, Stanisław Skrowaczewski, Antoni Wit</p>
<p>Nagrała 27 płyt CD i DVD, głównie z muzyką polską. Większość z nich otrzymała prestiżowe nagrody fonograficzne jak choćby International Classical Music Awards w kategorii Muzyki Współczesnej, czy Orphée d’Or, a także nominacje do Fryderyków czy Grammy Awards.</p>
<p>Iwona Hossa przez siedemnaście lat miała zaszczyt współpracować z prof. Krzysztofem Pendereckim i posiada w swym repertuarze wszystkie dzieła wokalno–instrumentalne Kompozytora. Dokonała wielu prawykonań utworów polskiej muzyki współczesnej, m.in. Krzysztofa Pendereckiego, Wojciecha Kilara, Jerzego Maksymiuka. Jest pedagogiem i managerem kultury. Odznaczona m. in. medalem Zasłużony Kulturze <em>Gloria Artis</em> oraz srebrnym Krzyżem Zasługi.</p>

<p>Jest zaliczana do czołowych sopranistek swojego pokolenia. Domeną Artystki jest przede wszystkim precyzja i techniczne możliwości nadzwyczaj wszechstronnego głosu, niezwykła czystość brzmienia i urzekająca barwa. Jej kunszt wokalny podziwiano w wielu miejscach na świecie, gdzie zawsze oczarowuje publiczność i zdobywa uznanie krytyki. &nbsp; fot Andrzej Swietlik &nbsp; &nbsp; Ukończyła z wyróżnieniem Wydział Wokalno–Aktorski Akademii Muzycznej [&hellip;]</p>
