{"id":231,"date":"2016-09-28T14:13:32","date_gmt":"2016-09-28T12:13:32","guid":{"rendered":"http:\/\/dev.yoho.pl\/beethoven\/artysci\/?page_id=231"},"modified":"2022-07-19T13:36:30","modified_gmt":"2022-07-19T11:36:30","slug":"natalia-rubis","status":"publish","type":"page","link":"https:\/\/beethoven.org.pl\/artysci\/natalia-rubis\/","title":{"rendered":"Natalia Rubi\u015b"},"content":{"rendered":"<p><\/p>\n<p style=\"text-align: center\"><strong>Sorpan<\/strong><\/p>\n<p style=\"text-align: center\"><strong>Sopranistka nagradzana w europejskich\u00a0 konkursach, doceniania przez polsk\u0105 i mi\u0119dzynarodow\u0105 publiczno\u015b\u0107.<\/strong><\/p>\n<p><img loading=\"lazy\" decoding=\"async\" class=\"size-medium wp-image-234 alignleft\" src=\"http:\/\/beethoven.org.pl\/artysci\/wp-content\/uploads\/sites\/2\/2016\/09\/Natalia-Rubi\u015b-199x300.png\" alt=\"natalia-rubis\" width=\"199\" height=\"300\" \/><img loading=\"lazy\" decoding=\"async\" class=\"alignnone wp-image-1639 size-full\" src=\"http:\/\/beethoven.org.pl\/artysci\/wp-content\/uploads\/sites\/2\/2016\/09\/18403699_219205071908613_5125159610934443347_n.jpg\" alt=\"18403699_219205071908613_5125159610934443347_n\" width=\"960\" height=\"960\" srcset=\"https:\/\/beethoven.org.pl\/artysci\/wp-content\/uploads\/sites\/2\/2016\/09\/18403699_219205071908613_5125159610934443347_n.jpg 960w, https:\/\/beethoven.org.pl\/artysci\/wp-content\/uploads\/sites\/2\/2016\/09\/18403699_219205071908613_5125159610934443347_n-150x150.jpg 150w, https:\/\/beethoven.org.pl\/artysci\/wp-content\/uploads\/sites\/2\/2016\/09\/18403699_219205071908613_5125159610934443347_n-300x300.jpg 300w, https:\/\/beethoven.org.pl\/artysci\/wp-content\/uploads\/sites\/2\/2016\/09\/18403699_219205071908613_5125159610934443347_n-768x768.jpg 768w\" sizes=\"auto, (max-width: 960px) 100vw, 960px\" \/> Absolwentka presti\u017cowego programu operowego w Yale School of Music, w Polsce uko\u0144czy\u0142a z wyr\u00f3\u017cnieniem Akademi\u0119 Muzyczn\u0105 we Wroc\u0142awiu, studiowa\u0142a r\u00f3wnie\u017c w Hochschule f\u00fcr Musik w Dre\u017anie. Ostatnimi sukcesami Natalii by\u0142 debiut na deskach wiede\u0144skiego Musikverein w Pasji wg \u015bw. Jana J.S. Bacha pod batut\u0105 Micha\u0142a Maciaszczyka, wcze\u015bniej wyst\u0105pi\u0142a w partii Hrabiny w<br \/>\nWeselu Figara w Teatrze Wielkim w \u0141odzi w re\u017cyserii Roberto Skolmowskiego, dyrygowa\u0142 Adam Banaszak. W Filharmonii \u0141\u00f3dzkiej wykona\u0142a Johannes-Passion J. S. Bacha pod batut\u0105 Andreasa Scholla. W maju 2021 roku debiutowa\u0142a parti\u0105 Donny Elviry w Don Giovannim w Warszawskiej Operze Kameralnej, w nowej produkcji Micha\u0142a Znanieckiego, pod batut\u0105 Tadeusza Koz\u0142owskiego. Wyst\u0105pi\u0142a w Don Giovannim G. Gazzanigi zFilharmoni\u0105 Pozna\u0144sk\u0105 pod batut\u0105 \u0141ukasza Borowicza na 26. Festiwalu Ludwiga van Beethovena. Na poprzednich<br \/>\nedycjach tego\u017c Festiwalu wyst\u0105pi\u0142a w Kadiszu K. Pendereckiego z Sinoniett\u0105 Cracovia pod batut\u0105 Jurka Dyba\u0142a, w tytu\u0142owej roli w operze Faniska L. Cherubiniego, kt\u00f3ra zosta\u0142a uwieczniona na p\u0142ycie CD. W Filharmonii w Szczecinie wyst\u0105pi\u0142a w programie z ariami G. Rossiniego pod batut\u0105 Paw\u0142a Kapu\u0142y. Jedn\u0105 z najcz\u0119\u015bciej wykonywanych przez artystk\u0119 r\u00f3l jest Halka St. Moniuszki. Po raz pierwszy wcieli\u0142a si\u0119 w t\u0119 posta\u0107 w 2018 roku w Operze Wroc\u0142awskiej w re\u017cyserii Gra\u017cyny Szapo\u0142owskiej, nast\u0119pnie w produkcji Kazimierza Dejmka w Warszawskiej Opery Kameralnej, kt\u00f3ra zosta\u0142a zarejestrowana przez TVP Kultura oraz zosta\u0142a wystawiona w Teatrze na Pohulance w Wilnie. Z Capell\u0105 Cracoviensis odby\u0142a tras\u0119 koncertow\u0105 z Halk\u0105 w Brukseli, Lizbonie i Pradze i nagra\u0142a t\u0119 oper\u0119 na p\u0142ycie CD, kt\u00f3ra ukaza\u0142a si\u0119 z logo Deutsche Harmonia Mundi. Wyst\u0105pi\u0142a u boku Andreasa Scholla w oratorium Saul w Pradze, Brnie oraz podczas festiwalu Hudba<br \/>\nZnojmo z Czech Ensemble Baroque w partii Merab. W sezonie 2018\/2019 zadebiutowa\u0142a w partii Ma\u0142gorzaty w<br \/>\nFau\u015bcie oraz w Halce w Operze Wroc\u0142awskiej. Natalia regularnie wyst\u0119puje na festiwalu Chopin i jego Europa. W 2021 roku wyst\u0105pi\u0142a z recitalem pie\u015bni M. Weinberga i R. Koczalskiego, rok wcze\u015bniej za\u015bpiewa\u0142a rol\u0119 Broni w operze Hrabina St. Moniuszki, gdzie<br \/>\nzespo\u0142em Europa Galante zadyrygowa\u0142 Fabio Biondi. W 2019 za\u015bpiewa\u0142a rol\u0119 Basi w Krakowiakach i g\u00f3ralach J.<br \/>\nStafaniego z orkiestr\u0105 Collegium 1704 pod batut\u0105 Vacl\u00e1va Luksa. Na scenie mi\u0119dzynarodowej zadebiutowa\u0142a podczas H\u00e4ndel-Festspiele w Halle w czerwcu 2014 roku parti\u0105 Calisto w operze Giove in Argo G.F. H\u00e4ndla. Od tego czasu wyst\u0105pi\u0142a z wieloma zespo\u0142ami i dyrygentami, w<br \/>\nr\u00f3\u017cnorodnym repertuarze operowym, od baroku &#8211; Eurydyka, Muzyka i Ninfa w Orfeuszu, Cristallina w La fiera di Venezia Salieriego, Romilda w Xerxesie H\u00e4ndla, Sivene w Le Cinesi Glucka, Fiordiligi i Despina w Cos\u00ec fan tutte, Donna Elvira w Don Giovannim Mozarta, po utwory z XX wieku &#8211; Helena w \u015anie nocy letniej Brittena czy Sa femme w Le pauvre matelot Milhaud.<br \/>\nNatalia Rubi\u015b wyst\u0119puje r\u00f3wnie\u017c w repertuarze oratoryjnym w kraju i za granic\u0105. Pod batut\u0105 Marka Mosia wykona\u0142a Missa pro pace W. Kilara z Chicago Philharmonic na 100-lecie odzyskania niepodleg\u0142o\u015bci przez Polsk\u0119. Wzi\u0119\u0142a udzia\u0142 w \u015bwiatowej prapremierze utworu Letter to a composer D. Chesky\u2019ego, jak r\u00f3wnie\u017c w polskiej prapremierze utworu Tempo e tempi E. Cartera na sopran solo i kwartet instrument\u00f3w na Festiwalu Nostalgia w Poznaniu. Z Collegium 1704 i V\u00e1clavem Luksem wyst\u0105pi\u0142a z kantatami J.S. Bacha w Pradze i Dre\u017anie oraz z solowym<br \/>\nrecitalem z muzyk\u0105 G.F. H\u00e4ndla, a na 86 urodziny Krzysztofa Pendereckiego wykona\u0142a jako sopran I jego Credo pod<br \/>\nbatut\u0105 Macieja Tworka.<br \/>\nJej dyskografia zawiera CD z duetami mi\u0142osnymi nagrane dla DUX wsp\u00f3lnie z jej m\u0119\u017cem, tenorem Krystianem Krzeszowiakiem, Kochaj mnie, DVD wydane przez Narodowy Instytutu Fryderyka Chopina z Requiem G. Donizettiego nagrane wsp\u00f3lnie z Collegium 1704. W sierpniu 2019 roku wydane zosta\u0142y dwie opery z jej udzia\u0142em La fiera di Venezia A. Salierego, nagrane z zespo\u0142em L\u2019arte del monde dla Deutsche Harmonia Mundi oraz Krakowiacy i g\u00f3rale J. Stafaniego, kolejny projekt z Collegium 1704 dla Narodowego Instytutu Fryderyka Chopina.<br \/>\nWyst\u0119powa\u0142a z takimi dyrygentami jak: Giuseppe Grazioli, Fabio Bonizzoni, Rune Bergmann, Jan Tomasz Adamus, Roman V\u00e1lek, Marcin Sompoli\u0144ski, Andrzej Kosendiak, Adam Banaszak, Marcin Na\u0142\u0119czNiesio\u0142owski, Gioele Muglialdo, Pawe\u0142 Kapu\u0142a, Wiktor Kociuban, Dawid Runtz, Jacek Rogala i inni.<br \/>\nW marcu 2019 zdoby\u0142a II nagrod\u0119 na 2. Mi\u0119dzynarodowym Konkursie im. Antoniny Campi, kwietniu 2018 podczas konkursu im. Marcello Giordano na Sycylii zdoby\u0142a nagrod\u0119 Debiut w Opera Carolina w USA. Jest finalistk\u0105 konkursu Belvedere w Moskwie i w Jurmali oraz konkursu im. Giusy Devinu w Teatrze Operowym w Cagliari. W 2013 roku zdoby\u0142a nagrod\u0119 specjaln\u0105 na konkursie im. Marii Malibran w Mediolanie, w 2010 zdoby\u0142a nagrod\u0119 Giovane Promessa na konkursie Musica Sacra w Rzymie. Od kilku lat wsp\u00f3\u0142pracuje z Wojciechem Siudmakiem przy Mi\u0119dzynarodowym Projekcie Pokoju Wieczna Mi\u0142o\u015b\u0107, kt\u00f3rego jest Ambasadork\u0105.<\/p>\n<p>Natalia Rubi\u015b jest reprezentowana przez Stowarzyszenie im. Ludwiga van Beethovena.<\/p>","protected":false},"excerpt":{"rendered":"<p>Sorpan Sopranistka nagradzana w europejskich\u00a0 konkursach, doceniania przez polsk\u0105 i mi\u0119dzynarodow\u0105 publiczno\u015b\u0107. Absolwentka presti\u017cowego programu operowego w Yale School of Music, w Polsce uko\u0144czy\u0142a z wyr\u00f3\u017cnieniem Akademi\u0119 Muzyczn\u0105 we Wroc\u0142awiu, studiowa\u0142a r\u00f3wnie\u017c w Hochschule f\u00fcr Musik w Dre\u017anie. Ostatnimi sukcesami Natalii by\u0142 debiut na deskach wiede\u0144skiego Musikverein w Pasji wg \u015bw. Jana J.S. Bacha pod [&hellip;]<\/p>\n","protected":false},"author":2,"featured_media":0,"parent":0,"menu_order":289,"comment_status":"closed","ping_status":"closed","template":"template-artist.php","meta":{"footnotes":""},"categories":[15],"class_list":["post-231","page","type-page","status-publish","hentry","category-spiewacy-dziela-krzysztofa-pendereckiego"],"_links":{"self":[{"href":"https:\/\/beethoven.org.pl\/artysci\/wp-json\/wp\/v2\/pages\/231","targetHints":{"allow":["GET"]}}],"collection":[{"href":"https:\/\/beethoven.org.pl\/artysci\/wp-json\/wp\/v2\/pages"}],"about":[{"href":"https:\/\/beethoven.org.pl\/artysci\/wp-json\/wp\/v2\/types\/page"}],"author":[{"embeddable":true,"href":"https:\/\/beethoven.org.pl\/artysci\/wp-json\/wp\/v2\/users\/2"}],"replies":[{"embeddable":true,"href":"https:\/\/beethoven.org.pl\/artysci\/wp-json\/wp\/v2\/comments?post=231"}],"version-history":[{"count":6,"href":"https:\/\/beethoven.org.pl\/artysci\/wp-json\/wp\/v2\/pages\/231\/revisions"}],"predecessor-version":[{"id":2447,"href":"https:\/\/beethoven.org.pl\/artysci\/wp-json\/wp\/v2\/pages\/231\/revisions\/2447"}],"wp:attachment":[{"href":"https:\/\/beethoven.org.pl\/artysci\/wp-json\/wp\/v2\/media?parent=231"}],"wp:term":[{"taxonomy":"category","embeddable":true,"href":"https:\/\/beethoven.org.pl\/artysci\/wp-json\/wp\/v2\/categories?post=231"}],"curies":[{"name":"wp","href":"https:\/\/api.w.org\/{rel}","templated":true}]}}

Natalia Rubiś

<p></p>
<p style="text-align: center"><strong>Sorpan</strong></p>
<p style="text-align: center"><strong>Sopranistka nagradzana w europejskich  konkursach, doceniania przez polską i międzynarodową publiczność.</strong></p>
<p><img loading="lazy" decoding="async" class="size-medium wp-image-234 alignleft" src="http://beethoven.org.pl/artysci/wp-content/uploads/sites/2/2016/09/Natalia-Rubiś-199x300.png" alt="natalia-rubis" width="199" height="300" /><img loading="lazy" decoding="async" class="alignnone wp-image-1639 size-full" src="http://beethoven.org.pl/artysci/wp-content/uploads/sites/2/2016/09/18403699_219205071908613_5125159610934443347_n.jpg" alt="18403699_219205071908613_5125159610934443347_n" width="960" height="960" srcset="https://beethoven.org.pl/artysci/wp-content/uploads/sites/2/2016/09/18403699_219205071908613_5125159610934443347_n.jpg 960w, https://beethoven.org.pl/artysci/wp-content/uploads/sites/2/2016/09/18403699_219205071908613_5125159610934443347_n-150x150.jpg 150w, https://beethoven.org.pl/artysci/wp-content/uploads/sites/2/2016/09/18403699_219205071908613_5125159610934443347_n-300x300.jpg 300w, https://beethoven.org.pl/artysci/wp-content/uploads/sites/2/2016/09/18403699_219205071908613_5125159610934443347_n-768x768.jpg 768w" sizes="auto, (max-width: 960px) 100vw, 960px" /> Absolwentka prestiżowego programu operowego w Yale School of Music, w Polsce ukończyła z wyróżnieniem Akademię Muzyczną we Wrocławiu, studiowała również w Hochschule für Musik w Dreźnie. Ostatnimi sukcesami Natalii był debiut na deskach wiedeńskiego Musikverein w Pasji wg św. Jana J.S. Bacha pod batutą Michała Maciaszczyka, wcześniej wystąpiła w partii Hrabiny w<br />
Weselu Figara w Teatrze Wielkim w Łodzi w reżyserii Roberto Skolmowskiego, dyrygował Adam Banaszak. W Filharmonii Łódzkiej wykonała Johannes-Passion J. S. Bacha pod batutą Andreasa Scholla. W maju 2021 roku debiutowała partią Donny Elviry w Don Giovannim w Warszawskiej Operze Kameralnej, w nowej produkcji Michała Znanieckiego, pod batutą Tadeusza Kozłowskiego. Wystąpiła w Don Giovannim G. Gazzanigi zFilharmonią Poznańską pod batutą Łukasza Borowicza na 26. Festiwalu Ludwiga van Beethovena. Na poprzednich<br />
edycjach tegoż Festiwalu wystąpiła w Kadiszu K. Pendereckiego z Sinoniettą Cracovia pod batutą Jurka Dybała, w tytułowej roli w operze Faniska L. Cherubiniego, która została uwieczniona na płycie CD. W Filharmonii w Szczecinie wystąpiła w programie z ariami G. Rossiniego pod batutą Pawła Kapuły. Jedną z najczęściej wykonywanych przez artystkę ról jest Halka St. Moniuszki. Po raz pierwszy wcieliła się w tę postać w 2018 roku w Operze Wrocławskiej w reżyserii Grażyny Szapołowskiej, następnie w produkcji Kazimierza Dejmka w Warszawskiej Opery Kameralnej, która została zarejestrowana przez TVP Kultura oraz została wystawiona w Teatrze na Pohulance w Wilnie. Z Capellą Cracoviensis odbyła trasę koncertową z Halką w Brukseli, Lizbonie i Pradze i nagrała tę operę na płycie CD, która ukazała się z logo Deutsche Harmonia Mundi. Wystąpiła u boku Andreasa Scholla w oratorium Saul w Pradze, Brnie oraz podczas festiwalu Hudba<br />
Znojmo z Czech Ensemble Baroque w partii Merab. W sezonie 2018/2019 zadebiutowała w partii Małgorzaty w<br />
Fauście oraz w Halce w Operze Wrocławskiej. Natalia regularnie występuje na festiwalu Chopin i jego Europa. W 2021 roku wystąpiła z recitalem pieśni M. Weinberga i R. Koczalskiego, rok wcześniej zaśpiewała rolę Broni w operze Hrabina St. Moniuszki, gdzie<br />
zespołem Europa Galante zadyrygował Fabio Biondi. W 2019 zaśpiewała rolę Basi w Krakowiakach i góralach J.<br />
Stafaniego z orkiestrą Collegium 1704 pod batutą Vacláva Luksa. Na scenie międzynarodowej zadebiutowała podczas Händel-Festspiele w Halle w czerwcu 2014 roku partią Calisto w operze Giove in Argo G.F. Händla. Od tego czasu wystąpiła z wieloma zespołami i dyrygentami, w<br />
różnorodnym repertuarze operowym, od baroku &#8211; Eurydyka, Muzyka i Ninfa w Orfeuszu, Cristallina w La fiera di Venezia Salieriego, Romilda w Xerxesie Händla, Sivene w Le Cinesi Glucka, Fiordiligi i Despina w Così fan tutte, Donna Elvira w Don Giovannim Mozarta, po utwory z XX wieku &#8211; Helena w Śnie nocy letniej Brittena czy Sa femme w Le pauvre matelot Milhaud.<br />
Natalia Rubiś występuje również w repertuarze oratoryjnym w kraju i za granicą. Pod batutą Marka Mosia wykonała Missa pro pace W. Kilara z Chicago Philharmonic na 100-lecie odzyskania niepodległości przez Polskę. Wzięła udział w światowej prapremierze utworu Letter to a composer D. Chesky’ego, jak również w polskiej prapremierze utworu Tempo e tempi E. Cartera na sopran solo i kwartet instrumentów na Festiwalu Nostalgia w Poznaniu. Z Collegium 1704 i Václavem Luksem wystąpiła z kantatami J.S. Bacha w Pradze i Dreźnie oraz z solowym<br />
recitalem z muzyką G.F. Händla, a na 86 urodziny Krzysztofa Pendereckiego wykonała jako sopran I jego Credo pod<br />
batutą Macieja Tworka.<br />
Jej dyskografia zawiera CD z duetami miłosnymi nagrane dla DUX wspólnie z jej mężem, tenorem Krystianem Krzeszowiakiem, Kochaj mnie, DVD wydane przez Narodowy Instytutu Fryderyka Chopina z Requiem G. Donizettiego nagrane wspólnie z Collegium 1704. W sierpniu 2019 roku wydane zostały dwie opery z jej udziałem La fiera di Venezia A. Salierego, nagrane z zespołem L’arte del monde dla Deutsche Harmonia Mundi oraz Krakowiacy i górale J. Stafaniego, kolejny projekt z Collegium 1704 dla Narodowego Instytutu Fryderyka Chopina.<br />
Występowała z takimi dyrygentami jak: Giuseppe Grazioli, Fabio Bonizzoni, Rune Bergmann, Jan Tomasz Adamus, Roman Válek, Marcin Sompoliński, Andrzej Kosendiak, Adam Banaszak, Marcin NałęczNiesiołowski, Gioele Muglialdo, Paweł Kapuła, Wiktor Kociuban, Dawid Runtz, Jacek Rogala i inni.<br />
W marcu 2019 zdobyła II nagrodę na 2. Międzynarodowym Konkursie im. Antoniny Campi, kwietniu 2018 podczas konkursu im. Marcello Giordano na Sycylii zdobyła nagrodę Debiut w Opera Carolina w USA. Jest finalistką konkursu Belvedere w Moskwie i w Jurmali oraz konkursu im. Giusy Devinu w Teatrze Operowym w Cagliari. W 2013 roku zdobyła nagrodę specjalną na konkursie im. Marii Malibran w Mediolanie, w 2010 zdobyła nagrodę Giovane Promessa na konkursie Musica Sacra w Rzymie. Od kilku lat współpracuje z Wojciechem Siudmakiem przy Międzynarodowym Projekcie Pokoju Wieczna Miłość, którego jest Ambasadorką.</p>
<p>Natalia Rubiś jest reprezentowana przez Stowarzyszenie im. Ludwiga van Beethovena.</p>

<p>Sorpan Sopranistka nagradzana w europejskich  konkursach, doceniania przez polską i międzynarodową publiczność. Absolwentka prestiżowego programu operowego w Yale School of Music, w Polsce ukończyła z wyróżnieniem Akademię Muzyczną we Wrocławiu, studiowała również w Hochschule für Musik w Dreźnie. Ostatnimi sukcesami Natalii był debiut na deskach wiedeńskiego Musikverein w Pasji wg św. Jana J.S. Bacha pod [&hellip;]</p>
