{"id":1532,"date":"2017-04-11T09:49:03","date_gmt":"2017-04-11T07:49:03","guid":{"rendered":"http:\/\/beethoven.org.pl\/artysci\/?page_id=1532"},"modified":"2017-04-11T10:55:21","modified_gmt":"2017-04-11T08:55:21","slug":"ewa-vesin-2","status":"publish","type":"page","link":"https:\/\/beethoven.org.pl\/artysci\/ewa-vesin-2\/","title":{"rendered":"Ewa Vesin"},"content":{"rendered":"<p>Karier\u0119 wokaln\u0105 rozpocz\u0119\u0142a jako studentka debiutuj\u0105c na scenie Opery Wroc\u0142awskiej w <em>Czarodziejskim flecie<\/em> Mozarta (2003). Studiowa\u0142a \u015bpiew w Akademii Muzycznej w Krakowie i Wroc\u0142awiu. Od 2010 roku jest pedagogiem wokalnym w Akademii Muzycznej we Wroc\u0142awiu. Laureatka Nagrody Specjalnej oraz Stypendium Ministra Kultury i Dziedzictwa Narodowego (2007), odznaczona Br\u0105zowym Medalem Zas\u0142u\u017cony Kulturze Gloria Artis (2010), zosta\u0142a te\u017c uhonorowana nominacj\u0105 do Nagrody Teatralnej Z\u0142ota Maska w\u00a0wojew\u00f3dztwie \u015bl\u0105skim za rok 2012.<\/p>\n<p>Wykonuje zar\u00f3wno partie operowe, jak i muzyk\u0119 symfoniczn\u0105. Wielokrotnie kreowa\u0142a g\u0142\u00f3wne role w takich dzie\u0142ach jak: <em>Halka<\/em> Moniuszki, <em>Czarodziejski flet<\/em> Mozarta, <em>Carmen<\/em> Bizeta, <em>Zemsta Nietoperza<\/em> J.\u00a0Straussa, <em>Opowie\u015bci Hoffmana<\/em> Offenbacha, <em>Otello<\/em>, <em>Don Carlos <\/em>i<em> Trubadur<\/em> Verdiego, <em>Tosca<\/em> Pucciniego, <em>Walkiria<\/em> Wagnera. Artystka wykonuje r\u00f3wnie\u017c dzie\u0142a muzyki symfonicznej i oratoryjnej. W swoim repertuarze posiada takie dzie\u0142a jak: <em>III Symfonia<\/em> \u201eS<em>ymfonia pie\u015bni \u017ca\u0142osnych\u201d <\/em>G\u00f3reckiego, <em>II<\/em> i <em>VIII Symfonia<\/em> Mahlera, <em>Messa da Requiem<\/em> Verdiego, <em>Stabat Mater<\/em> Szymanowskiego, <em>IX Symfonia<\/em> Beethovena, <em>Credo<\/em> i <em>VIII Symfonia<\/em> <em>\u201ePie\u015bni przemijania\u201d <\/em>Pendereckiego. Bra\u0142a udzia\u0142 w licznych mi\u0119dzynarodowych festiwalach oraz wsp\u00f3\u0142pracuje z wieloma teatrami operowymi i filharmoniami. Wsp\u00f3\u0142pracuje z wybitnymi dyrygentami, takimi jak: Krzysztof Penderecki, Jacek Kaspszyk, Valery Gergiev, Alexander Liebreich, Paul McCreesh, Benjamin Shwartz, Tadeusz Struga\u0142a, \u0141ukasz Borowicz, Micha\u0142 Klauza, Tadeusz Koz\u0142owski, Tadeusz Serafin, Marek Pijarowski czy Wojciech Rodek.<\/p>","protected":false},"excerpt":{"rendered":"<p>Karier\u0119 wokaln\u0105 rozpocz\u0119\u0142a jako studentka debiutuj\u0105c na scenie Opery Wroc\u0142awskiej w Czarodziejskim flecie Mozarta (2003). Studiowa\u0142a \u015bpiew w Akademii Muzycznej w Krakowie i Wroc\u0142awiu. Od 2010 roku jest pedagogiem wokalnym w Akademii Muzycznej we Wroc\u0142awiu. Laureatka Nagrody Specjalnej oraz Stypendium Ministra Kultury i Dziedzictwa Narodowego (2007), odznaczona Br\u0105zowym Medalem Zas\u0142u\u017cony Kulturze Gloria Artis (2010), zosta\u0142a [&hellip;]<\/p>\n","protected":false},"author":6,"featured_media":0,"parent":0,"menu_order":98,"comment_status":"closed","ping_status":"closed","template":"template-artist.php","meta":{"footnotes":""},"categories":[],"class_list":["post-1532","page","type-page","status-publish","hentry"],"_links":{"self":[{"href":"https:\/\/beethoven.org.pl\/artysci\/wp-json\/wp\/v2\/pages\/1532","targetHints":{"allow":["GET"]}}],"collection":[{"href":"https:\/\/beethoven.org.pl\/artysci\/wp-json\/wp\/v2\/pages"}],"about":[{"href":"https:\/\/beethoven.org.pl\/artysci\/wp-json\/wp\/v2\/types\/page"}],"author":[{"embeddable":true,"href":"https:\/\/beethoven.org.pl\/artysci\/wp-json\/wp\/v2\/users\/6"}],"replies":[{"embeddable":true,"href":"https:\/\/beethoven.org.pl\/artysci\/wp-json\/wp\/v2\/comments?post=1532"}],"version-history":[{"count":2,"href":"https:\/\/beethoven.org.pl\/artysci\/wp-json\/wp\/v2\/pages\/1532\/revisions"}],"predecessor-version":[{"id":1536,"href":"https:\/\/beethoven.org.pl\/artysci\/wp-json\/wp\/v2\/pages\/1532\/revisions\/1536"}],"wp:attachment":[{"href":"https:\/\/beethoven.org.pl\/artysci\/wp-json\/wp\/v2\/media?parent=1532"}],"wp:term":[{"taxonomy":"category","embeddable":true,"href":"https:\/\/beethoven.org.pl\/artysci\/wp-json\/wp\/v2\/categories?post=1532"}],"curies":[{"name":"wp","href":"https:\/\/api.w.org\/{rel}","templated":true}]}}

<p>Karierę wokalną rozpoczęła jako studentka debiutując na scenie Opery Wrocławskiej w <em>Czarodziejskim flecie</em> Mozarta (2003). Studiowała śpiew w Akademii Muzycznej w Krakowie i Wrocławiu. Od 2010 roku jest pedagogiem wokalnym w Akademii Muzycznej we Wrocławiu. Laureatka Nagrody Specjalnej oraz Stypendium Ministra Kultury i Dziedzictwa Narodowego (2007), odznaczona Brązowym Medalem Zasłużony Kulturze Gloria Artis (2010), została też uhonorowana nominacją do Nagrody Teatralnej Złota Maska w województwie śląskim za rok 2012.</p>
<p>Wykonuje zarówno partie operowe, jak i muzykę symfoniczną. Wielokrotnie kreowała główne role w takich dziełach jak: <em>Halka</em> Moniuszki, <em>Czarodziejski flet</em> Mozarta, <em>Carmen</em> Bizeta, <em>Zemsta Nietoperza</em> J. Straussa, <em>Opowieści Hoffmana</em> Offenbacha, <em>Otello</em>, <em>Don Carlos </em>i<em> Trubadur</em> Verdiego, <em>Tosca</em> Pucciniego, <em>Walkiria</em> Wagnera. Artystka wykonuje również dzieła muzyki symfonicznej i oratoryjnej. W swoim repertuarze posiada takie dzieła jak: <em>III Symfonia</em> „S<em>ymfonia pieśni żałosnych” </em>Góreckiego, <em>II</em> i <em>VIII Symfonia</em> Mahlera, <em>Messa da Requiem</em> Verdiego, <em>Stabat Mater</em> Szymanowskiego, <em>IX Symfonia</em> Beethovena, <em>Credo</em> i <em>VIII Symfonia</em> <em>„Pieśni przemijania” </em>Pendereckiego. Brała udział w licznych międzynarodowych festiwalach oraz współpracuje z wieloma teatrami operowymi i filharmoniami. Współpracuje z wybitnymi dyrygentami, takimi jak: Krzysztof Penderecki, Jacek Kaspszyk, Valery Gergiev, Alexander Liebreich, Paul McCreesh, Benjamin Shwartz, Tadeusz Strugała, Łukasz Borowicz, Michał Klauza, Tadeusz Kozłowski, Tadeusz Serafin, Marek Pijarowski czy Wojciech Rodek.</p>

<p>Karierę wokalną rozpoczęła jako studentka debiutując na scenie Opery Wrocławskiej w Czarodziejskim flecie Mozarta (2003). Studiowała śpiew w Akademii Muzycznej w Krakowie i Wrocławiu. Od 2010 roku jest pedagogiem wokalnym w Akademii Muzycznej we Wrocławiu. Laureatka Nagrody Specjalnej oraz Stypendium Ministra Kultury i Dziedzictwa Narodowego (2007), odznaczona Brązowym Medalem Zasłużony Kulturze Gloria Artis (2010), została [&hellip;]</p>
