{"id":1529,"date":"2017-04-11T09:47:14","date_gmt":"2017-04-11T07:47:14","guid":{"rendered":"http:\/\/beethoven.org.pl\/artysci\/?page_id=1529"},"modified":"2017-04-11T10:55:13","modified_gmt":"2017-04-11T08:55:13","slug":"anika-vavic","status":"publish","type":"page","link":"https:\/\/beethoven.org.pl\/artysci\/anika-vavic\/","title":{"rendered":"Anika Vavi\u0107"},"content":{"rendered":"<p>Anika Vavi\u0107, pianistka. \u201eWielki talent, doskona\u0142a technika i m\u0105dra, pe\u0142na pasji gra\u201d \u2013 Zubin Mehta.<\/p>\n<p>Anika Vavi\u0107 studiowa\u0142a w Wiedniu u Noela Floresa, jednak\u017ce wielki wp\u0142yw na jej rozw\u00f3j jako artystki mieli tak\u017ce Elisabeth Leonskaja, Lazar Berman, Oleg Maisenberg i M\u015bcis\u0142aw Rostropowicz.<\/p>\n<p>W\u015br\u00f3d ostatnich wa\u017cnych wydarze\u0144 w karierze pianistki nale\u017cy wymieni\u0107: koncert z Orkiestr\u0105 Teatru Maryjskiego pod batut\u0105 Valery\u2019ego Gergieva w Belgradzie podczas pierwszego wyst\u0119pu orkiestry w Serbii, koncerty z radiowymi orkiestrami symfonicznymi w Wiedniu i Frankfurcie, tourn\u00e9e ze Szkock\u0105 Orkiestr\u0105 Kameraln\u0105, debiut z London Philharmonic i Vladimirem Jurowskim podczas BBC Proms w Londynie i Festiwalu Enescu w Bukareszcie oraz ponowna wsp\u00f3\u0142praca z Filharmoni\u0105 Monachijsk\u0105 pod dyrekcj\u0105 Paavo J\u00e4rviego.<\/p>\n<p>W 2001 roku Anika Vavi\u0107 wygra\u0142a II Konkurs Steinwaya w Wiedniu, podczas kt\u00f3rego otrzyma\u0142a tak\u017ce nagrod\u0119 specjaln\u0105 za najlepsz\u0105 interpretacj\u0119 dzie\u0142 Haydna. W listopadzie 2001 roku otrzyma\u0142a stypendia od presti\u017cowego Centrum Herberta von Karajana w Wiedniu oraz od Fundacji Gottfrieda von Einema. W 2002 roku otrzyma\u0142a Austriack\u0105 Nagrod\u0119 Pa\u0144stwow\u0105 dla Kobiet w Sztuce. W sezonie 2003\/04 zosta\u0142a wybrana przez wiede\u0144skie Musikverein i Konzerthaus do powa\u017canego cyklu koncert\u00f3w \u201eWschodz\u0105ce gwiazdy\u201d.<\/p>\n<p>Vavi\u0107 mo\u017cna by\u0142o us\u0142ysze\u0107 podczas takich festiwali jak Bia\u0142e Noce w Petersburgu, Festiwal Fortepianowy w\u00a0Zag\u0142\u0119biu Ruhry, Schubertiada w Schwarzenbergu, Festiwal Muzyczny w Stambule oraz Sommets Musicaux de Gstaad. Cz\u0119sto koncertuje tak\u017ce w wiede\u0144skich salach Musikverein i Konzerthaus oraz regularnie uczestniczy w\u00a0programach kameralnych wiede\u0144skiego Artis Quartet.<\/p>\n<p>Na jej ostatniej p\u0142ycie (wydanej przez wytw\u00f3rni\u0119 Gramola), kt\u00f3ra otrzyma\u0142a znakomite recenzje, znalaz\u0142y si\u0119 dzie\u0142a Beethovena, Schumanna, Chopina i Prokofiewa.<\/p>","protected":false},"excerpt":{"rendered":"<p>Anika Vavi\u0107, pianistka. \u201eWielki talent, doskona\u0142a technika i m\u0105dra, pe\u0142na pasji gra\u201d \u2013 Zubin Mehta. Anika Vavi\u0107 studiowa\u0142a w Wiedniu u Noela Floresa, jednak\u017ce wielki wp\u0142yw na jej rozw\u00f3j jako artystki mieli tak\u017ce Elisabeth Leonskaja, Lazar Berman, Oleg Maisenberg i M\u015bcis\u0142aw Rostropowicz. W\u015br\u00f3d ostatnich wa\u017cnych wydarze\u0144 w karierze pianistki nale\u017cy wymieni\u0107: koncert z Orkiestr\u0105 Teatru [&hellip;]<\/p>\n","protected":false},"author":6,"featured_media":0,"parent":0,"menu_order":99,"comment_status":"closed","ping_status":"closed","template":"template-artist.php","meta":{"footnotes":""},"categories":[],"class_list":["post-1529","page","type-page","status-publish","hentry"],"_links":{"self":[{"href":"https:\/\/beethoven.org.pl\/artysci\/wp-json\/wp\/v2\/pages\/1529","targetHints":{"allow":["GET"]}}],"collection":[{"href":"https:\/\/beethoven.org.pl\/artysci\/wp-json\/wp\/v2\/pages"}],"about":[{"href":"https:\/\/beethoven.org.pl\/artysci\/wp-json\/wp\/v2\/types\/page"}],"author":[{"embeddable":true,"href":"https:\/\/beethoven.org.pl\/artysci\/wp-json\/wp\/v2\/users\/6"}],"replies":[{"embeddable":true,"href":"https:\/\/beethoven.org.pl\/artysci\/wp-json\/wp\/v2\/comments?post=1529"}],"version-history":[{"count":1,"href":"https:\/\/beethoven.org.pl\/artysci\/wp-json\/wp\/v2\/pages\/1529\/revisions"}],"predecessor-version":[{"id":1531,"href":"https:\/\/beethoven.org.pl\/artysci\/wp-json\/wp\/v2\/pages\/1529\/revisions\/1531"}],"wp:attachment":[{"href":"https:\/\/beethoven.org.pl\/artysci\/wp-json\/wp\/v2\/media?parent=1529"}],"wp:term":[{"taxonomy":"category","embeddable":true,"href":"https:\/\/beethoven.org.pl\/artysci\/wp-json\/wp\/v2\/categories?post=1529"}],"curies":[{"name":"wp","href":"https:\/\/api.w.org\/{rel}","templated":true}]}}

Anika Vavić

<p>Anika Vavić, pianistka. „Wielki talent, doskonała technika i mądra, pełna pasji gra” – Zubin Mehta.</p>
<p>Anika Vavić studiowała w Wiedniu u Noela Floresa, jednakże wielki wpływ na jej rozwój jako artystki mieli także Elisabeth Leonskaja, Lazar Berman, Oleg Maisenberg i Mścisław Rostropowicz.</p>
<p>Wśród ostatnich ważnych wydarzeń w karierze pianistki należy wymienić: koncert z Orkiestrą Teatru Maryjskiego pod batutą Valery’ego Gergieva w Belgradzie podczas pierwszego występu orkiestry w Serbii, koncerty z radiowymi orkiestrami symfonicznymi w Wiedniu i Frankfurcie, tournée ze Szkocką Orkiestrą Kameralną, debiut z London Philharmonic i Vladimirem Jurowskim podczas BBC Proms w Londynie i Festiwalu Enescu w Bukareszcie oraz ponowna współpraca z Filharmonią Monachijską pod dyrekcją Paavo Järviego.</p>
<p>W 2001 roku Anika Vavić wygrała II Konkurs Steinwaya w Wiedniu, podczas którego otrzymała także nagrodę specjalną za najlepszą interpretację dzieł Haydna. W listopadzie 2001 roku otrzymała stypendia od prestiżowego Centrum Herberta von Karajana w Wiedniu oraz od Fundacji Gottfrieda von Einema. W 2002 roku otrzymała Austriacką Nagrodę Państwową dla Kobiet w Sztuce. W sezonie 2003/04 została wybrana przez wiedeńskie Musikverein i Konzerthaus do poważanego cyklu koncertów „Wschodzące gwiazdy”.</p>
<p>Vavić można było usłyszeć podczas takich festiwali jak Białe Noce w Petersburgu, Festiwal Fortepianowy w Zagłębiu Ruhry, Schubertiada w Schwarzenbergu, Festiwal Muzyczny w Stambule oraz Sommets Musicaux de Gstaad. Często koncertuje także w wiedeńskich salach Musikverein i Konzerthaus oraz regularnie uczestniczy w programach kameralnych wiedeńskiego Artis Quartet.</p>
<p>Na jej ostatniej płycie (wydanej przez wytwórnię Gramola), która otrzymała znakomite recenzje, znalazły się dzieła Beethovena, Schumanna, Chopina i Prokofiewa.</p>

<p>Anika Vavić, pianistka. „Wielki talent, doskonała technika i mądra, pełna pasji gra” – Zubin Mehta. Anika Vavić studiowała w Wiedniu u Noela Floresa, jednakże wielki wpływ na jej rozwój jako artystki mieli także Elisabeth Leonskaja, Lazar Berman, Oleg Maisenberg i Mścisław Rostropowicz. Wśród ostatnich ważnych wydarzeń w karierze pianistki należy wymienić: koncert z Orkiestrą Teatru [&hellip;]</p>
