{"id":1523,"date":"2017-04-11T09:42:40","date_gmt":"2017-04-11T07:42:40","guid":{"rendered":"http:\/\/beethoven.org.pl\/artysci\/?page_id=1523"},"modified":"2017-06-12T11:30:54","modified_gmt":"2017-06-12T09:30:54","slug":"simon-trpceski-2","status":"publish","type":"page","link":"https:\/\/beethoven.org.pl\/artysci\/simon-trpceski-2\/","title":{"rendered":"Simon Trp\u010deski"},"content":{"rendered":"<p>Macedo\u0144ski pianista Simon Trp\u010deski nale\u017cy z pewno\u015bci\u0105 do grona najbardziej cenionych muzyk\u00f3w, jacy w ostatnich latach weszli na sceny. Uznanie zdobywa nie tylko nienaganna technika i delikatna ekspresja, lecz r\u00f3wnie\u017c ciep\u0142a osobowo\u015b\u0107, a tak\u017ce gotowo\u015b\u0107 do promocji sztuki Macedonii. We wrze\u015bniu 2011 roku otrzyma\u0142 pierwszy w historii kraju tytu\u0142 Narodowego Artysty Republiki Macedonii.<\/p>\n<p>Simon Trp\u010deski cz\u0119sto wyst\u0119puje jako solista w Wielkiej Brytanii z orkiestrami tej klasy co London Symphony, Orkiestra Symfoniczna Miasta Birmingham, Hall\u00e9 Orchestra oraz orkiestrami filharmonii w Liverpoolu i Londynie. Wsp\u00f3\u0142pracuje z orkiestrami teatr\u00f3w \u2013 Kr\u00f3lewskiego Concertgebouw, Rosyjskiego Narodowego i Bolszoj \u2013 a tak\u017ce m.in. z DSO i RSO z Berlina, WDR z Kolonii, MDR z Lipska, Kr\u00f3lewsk\u0105 Orkiestr\u0105 ze Sztokholmu, orkiestrami filharmonicznymi z Rotterdamu, Strasburga i Sankt Petersburga oraz filharmonikami z Nowego Jorku i Los Angeles, a tak\u017ce orkiestrami symfonicznymi z San Francisco, Chicago i Baltimore.<\/p>\n<p>Do najwa\u017cniejszych wydarze\u0144 sezonu 2016\/17 w kalendarzu artysty nale\u017c\u0105 wsp\u00f3lne koncerty z Orkiestr\u0105 Symfoniczn\u0105 Lahti, Orkiestr\u0105 Filharmonii Holenderskiej, Orkiestr\u0105 Symfoniczn\u0105 Miasta Birmingham, Kr\u00f3lewsk\u0105 Szkock\u0105 Orkiestr\u0105 Narodow\u0105, Londy\u0144ska Orkiestr\u0105 Symfoniczn\u0105, Kr\u00f3lewsk\u0105 Orkiestr\u0105 Filharmonii Liverpoolskiej, Orchestre de la Suisse Romande, Filharmonikami Drezde\u0144skimi, Staatskapelle Weimar oraz ze Szwedzk\u0105 Orkiestr\u0105 Kameraln\u0105. Obecny sezon zako\u0144czy w Stanach Zjednoczonych, gdzie wyst\u0105pi z Orkiestr\u0105 Symfoniczn\u0105 Chicago.<\/p>\n<p>Niezwykle ceniony jako wykonawca recitali, zdoby\u0142 r\u00f3wnie\u017c powszechne uznanie za ich nagrania dla wytw\u00f3rni EMI. Ju\u017c pierwsza p\u0142yta Trp\u010deskiego (2002) zdoby\u0142a Gramophone Awards w kategoriach debiutu oraz najlepszego albumu. Jego najnowszym nagraniem jest p\u0142yta wydana w serii Wigmore Hall Live na pocz\u0105tku 2016 roku.<\/p>","protected":false},"excerpt":{"rendered":"<p>Macedo\u0144ski pianista Simon Trp\u010deski nale\u017cy z pewno\u015bci\u0105 do grona najbardziej cenionych muzyk\u00f3w, jacy w ostatnich latach weszli na sceny. Uznanie zdobywa nie tylko nienaganna technika i delikatna ekspresja, lecz r\u00f3wnie\u017c ciep\u0142a osobowo\u015b\u0107, a tak\u017ce gotowo\u015b\u0107 do promocji sztuki Macedonii. We wrze\u015bniu 2011 roku otrzyma\u0142 pierwszy w historii kraju tytu\u0142 Narodowego Artysty Republiki Macedonii. Simon Trp\u010deski [&hellip;]<\/p>\n","protected":false},"author":6,"featured_media":0,"parent":0,"menu_order":101,"comment_status":"closed","ping_status":"closed","template":"template-artist.php","meta":{"footnotes":""},"categories":[],"class_list":["post-1523","page","type-page","status-publish","hentry"],"_links":{"self":[{"href":"https:\/\/beethoven.org.pl\/artysci\/wp-json\/wp\/v2\/pages\/1523","targetHints":{"allow":["GET"]}}],"collection":[{"href":"https:\/\/beethoven.org.pl\/artysci\/wp-json\/wp\/v2\/pages"}],"about":[{"href":"https:\/\/beethoven.org.pl\/artysci\/wp-json\/wp\/v2\/types\/page"}],"author":[{"embeddable":true,"href":"https:\/\/beethoven.org.pl\/artysci\/wp-json\/wp\/v2\/users\/6"}],"replies":[{"embeddable":true,"href":"https:\/\/beethoven.org.pl\/artysci\/wp-json\/wp\/v2\/comments?post=1523"}],"version-history":[{"count":1,"href":"https:\/\/beethoven.org.pl\/artysci\/wp-json\/wp\/v2\/pages\/1523\/revisions"}],"predecessor-version":[{"id":1525,"href":"https:\/\/beethoven.org.pl\/artysci\/wp-json\/wp\/v2\/pages\/1523\/revisions\/1525"}],"wp:attachment":[{"href":"https:\/\/beethoven.org.pl\/artysci\/wp-json\/wp\/v2\/media?parent=1523"}],"wp:term":[{"taxonomy":"category","embeddable":true,"href":"https:\/\/beethoven.org.pl\/artysci\/wp-json\/wp\/v2\/categories?post=1523"}],"curies":[{"name":"wp","href":"https:\/\/api.w.org\/{rel}","templated":true}]}}