{"id":1520,"date":"2017-04-11T09:40:33","date_gmt":"2017-04-11T07:40:33","guid":{"rendered":"http:\/\/beethoven.org.pl\/artysci\/?page_id=1520"},"modified":"2017-04-11T10:54:49","modified_gmt":"2017-04-11T08:54:49","slug":"emmanuel-tjeknavorian","status":"publish","type":"page","link":"https:\/\/beethoven.org.pl\/artysci\/emmanuel-tjeknavorian\/","title":{"rendered":"Emmanuel Tjeknavorian"},"content":{"rendered":"<p>Od chwili otrzymania nagrody za najlepsz\u0105 interpretacj\u0119 <em>Koncertu skrzypcowego<\/em> Jeana Sibeliusa, a tak\u017ce II nagrody w Mi\u0119dzynarodowym Konkursie im. Jeana Sibeliusa w 2015 roku Emmanuel Tjeknavorian (ur. w 1995 roku w Wiedniu) cieszy si\u0119 mi\u0119dzynarodowym uznaniem.<\/p>\n<p>Zosta\u0142 wybrany, by w sezonie 2017\/2018 wzi\u0105\u0107 udzia\u0142u w cyklu koncert\u00f3w Rising Stars (Wschodz\u0105ce gwiazdy) organizowanym przez European Concert Hall Organisation. Podczas tej trasy koncertowej wyst\u0105pi w wielu znamienitych salach Europy. W 2018 roku, pod auspicjami Fundacji Orpheum, Emmanuel Tjeknavorian zadebiutuje z orkiestr\u0105 Tonhalle z Zurychu pod batut\u0105 Michaela Sanderlinga.<\/p>\n<p>Do najwa\u017cniejszych zobowi\u0105za\u0144 artysty w tym sezonie nale\u017cy zaliczy\u0107 wsp\u00f3\u0142prac\u0119 z Wiener Symphoniker, Orkiestr\u0105 Symfoniczn\u0105 Frankfurckiego Radia, Bruckner Orchestra z Linzu, Camerat\u0105 Salzburg oraz M\u0142odzie\u017cow\u0105 Orkiestr\u0105 Filharmoniczn\u0105 Bogoty pod batut\u0105 Andr\u00e9sa Orozco-Estrady.<\/p>\n<p>Skrzypek wyst\u0105pi tak\u017ce z recitalami podczas Festiwalu Muzycznego Rheingau, Andermatt Classics, Festiwalu Menuhina w Gstaad, a tak\u017ce cyklu \u201em\u0142oda elita\u201d w ramach festiwalu w Mecklenburg-Vorpommern.<\/p>\n<p>Emmanuel Tjeknavorian koncertowa\u0142 jako solista z Wiede\u0144sk\u0105 Radiow\u0105 Orkiestr\u0105 Symfoniczn\u0105, Orkiestr\u0105 Symfoniczn\u0105 Fi\u0144skiego Radia, Orchestra della Toscana, a tak\u017ce Boston Pops Orchestra, Orkiestr\u0105 Filharmonii Helsi\u0144skiej i Monachijsk\u0105 Orkiestr\u0105 Kameraln\u0105.<\/p>\n<p>Po raz pierwszy wyst\u0105pi\u0142 przed publiczno\u015bci\u0105 w wieku siedmiu lat. Od 2011 roku jest uczniem Gerharda Schulza (z Kwartetu Albana Berga) na Wiede\u0144skim Uniwersytecie Muzyki i Sztuki Teatralnej.<\/p>\n<p>Emmanuel Tjeknavorian gra na skrzypcach Antonia Stradivariego (Cremona 1698) u\u017cyczonych przez jednego z\u00a0patron\u00f3w Beare\u2019s International Violin Society w Londynie.<\/p>","protected":false},"excerpt":{"rendered":"<p>Od chwili otrzymania nagrody za najlepsz\u0105 interpretacj\u0119 Koncertu skrzypcowego Jeana Sibeliusa, a tak\u017ce II nagrody w Mi\u0119dzynarodowym Konkursie im. Jeana Sibeliusa w 2015 roku Emmanuel Tjeknavorian (ur. w 1995 roku w Wiedniu) cieszy si\u0119 mi\u0119dzynarodowym uznaniem. Zosta\u0142 wybrany, by w sezonie 2017\/2018 wzi\u0105\u0107 udzia\u0142u w cyklu koncert\u00f3w Rising Stars (Wschodz\u0105ce gwiazdy) organizowanym przez European Concert [&hellip;]<\/p>\n","protected":false},"author":6,"featured_media":0,"parent":0,"menu_order":102,"comment_status":"closed","ping_status":"closed","template":"template-artist.php","meta":{"footnotes":""},"categories":[],"class_list":["post-1520","page","type-page","status-publish","hentry"],"_links":{"self":[{"href":"https:\/\/beethoven.org.pl\/artysci\/wp-json\/wp\/v2\/pages\/1520","targetHints":{"allow":["GET"]}}],"collection":[{"href":"https:\/\/beethoven.org.pl\/artysci\/wp-json\/wp\/v2\/pages"}],"about":[{"href":"https:\/\/beethoven.org.pl\/artysci\/wp-json\/wp\/v2\/types\/page"}],"author":[{"embeddable":true,"href":"https:\/\/beethoven.org.pl\/artysci\/wp-json\/wp\/v2\/users\/6"}],"replies":[{"embeddable":true,"href":"https:\/\/beethoven.org.pl\/artysci\/wp-json\/wp\/v2\/comments?post=1520"}],"version-history":[{"count":1,"href":"https:\/\/beethoven.org.pl\/artysci\/wp-json\/wp\/v2\/pages\/1520\/revisions"}],"predecessor-version":[{"id":1522,"href":"https:\/\/beethoven.org.pl\/artysci\/wp-json\/wp\/v2\/pages\/1520\/revisions\/1522"}],"wp:attachment":[{"href":"https:\/\/beethoven.org.pl\/artysci\/wp-json\/wp\/v2\/media?parent=1520"}],"wp:term":[{"taxonomy":"category","embeddable":true,"href":"https:\/\/beethoven.org.pl\/artysci\/wp-json\/wp\/v2\/categories?post=1520"}],"curies":[{"name":"wp","href":"https:\/\/api.w.org\/{rel}","templated":true}]}}

<p>Od chwili otrzymania nagrody za najlepszą interpretację <em>Koncertu skrzypcowego</em> Jeana Sibeliusa, a także II nagrody w Międzynarodowym Konkursie im. Jeana Sibeliusa w 2015 roku Emmanuel Tjeknavorian (ur. w 1995 roku w Wiedniu) cieszy się międzynarodowym uznaniem.</p>
<p>Został wybrany, by w sezonie 2017/2018 wziąć udziału w cyklu koncertów Rising Stars (Wschodzące gwiazdy) organizowanym przez European Concert Hall Organisation. Podczas tej trasy koncertowej wystąpi w wielu znamienitych salach Europy. W 2018 roku, pod auspicjami Fundacji Orpheum, Emmanuel Tjeknavorian zadebiutuje z orkiestrą Tonhalle z Zurychu pod batutą Michaela Sanderlinga.</p>
<p>Do najważniejszych zobowiązań artysty w tym sezonie należy zaliczyć współpracę z Wiener Symphoniker, Orkiestrą Symfoniczną Frankfurckiego Radia, Bruckner Orchestra z Linzu, Cameratą Salzburg oraz Młodzieżową Orkiestrą Filharmoniczną Bogoty pod batutą Andrésa Orozco-Estrady.</p>
<p>Skrzypek wystąpi także z recitalami podczas Festiwalu Muzycznego Rheingau, Andermatt Classics, Festiwalu Menuhina w Gstaad, a także cyklu „młoda elita” w ramach festiwalu w Mecklenburg-Vorpommern.</p>
<p>Emmanuel Tjeknavorian koncertował jako solista z Wiedeńską Radiową Orkiestrą Symfoniczną, Orkiestrą Symfoniczną Fińskiego Radia, Orchestra della Toscana, a także Boston Pops Orchestra, Orkiestrą Filharmonii Helsińskiej i Monachijską Orkiestrą Kameralną.</p>
<p>Po raz pierwszy wystąpił przed publicznością w wieku siedmiu lat. Od 2011 roku jest uczniem Gerharda Schulza (z Kwartetu Albana Berga) na Wiedeńskim Uniwersytecie Muzyki i Sztuki Teatralnej.</p>
<p>Emmanuel Tjeknavorian gra na skrzypcach Antonia Stradivariego (Cremona 1698) użyczonych przez jednego z patronów Beare’s International Violin Society w Londynie.</p>

<p>Od chwili otrzymania nagrody za najlepszą interpretację Koncertu skrzypcowego Jeana Sibeliusa, a także II nagrody w Międzynarodowym Konkursie im. Jeana Sibeliusa w 2015 roku Emmanuel Tjeknavorian (ur. w 1995 roku w Wiedniu) cieszy się międzynarodowym uznaniem. Został wybrany, by w sezonie 2017/2018 wziąć udziału w cyklu koncertów Rising Stars (Wschodzące gwiazdy) organizowanym przez European Concert [&hellip;]</p>
