{"id":1508,"date":"2017-04-10T16:00:37","date_gmt":"2017-04-10T14:00:37","guid":{"rendered":"http:\/\/beethoven.org.pl\/artysci\/?page_id=1508"},"modified":"2017-04-11T10:54:24","modified_gmt":"2017-04-11T08:54:24","slug":"piotr-sulkowski","status":"publish","type":"page","link":"https:\/\/beethoven.org.pl\/artysci\/piotr-sulkowski\/","title":{"rendered":"Piotr Su\u0142kowski"},"content":{"rendered":"<p>Dyrektor naczelny i artystyczny Warmi\u0144sko-Mazurskiej Filharmonii w\u00a0Olsztynie.<\/p>\n<p>Piotr Su\u0142kowski posiada ogromne do\u015bwiadczenie operowe, zdobyte w czasie wieloletniej pracy dyrygenta, a potem dyrektora artystycznego w Operze Krakowskiej oraz w Opera Wildwood Festival AR (USA). Przygotowa\u0142 wiele premier operowych, w tym kilka prawykona\u0144 \u2013 m.in. nieznanej operetki Szymanowskiego<em> <em>Loteria na m\u0119\u017c\u00f3w czyli narzeczony nr 69<\/em><\/em>. Zrealizowa\u0142 <em>Gwa\u0142t na Lukrecji <\/em>Brittena (2004), kt\u00f3ry uznano za najlepszy spektakl roku (Bydgoski Festiwal Operowy). Wsp\u00f3\u0142tw\u00f3rca Krakowskiej Opery Kameralnej, zast\u0119pca dyrektora Ch\u00f3ru Polskiego Radia (2008-09), kierownik muzyczny Toru\u0144skiej Orkiestry Symfonicznej (2009-11), pierwszy go\u015bcinny dyrygent Signature Symphony Orchestra (2008-14) w Tulsie (USA).<\/p>\n<p>Wsp\u00f3\u0142pracuje z wieloma orkiestrami oraz zajmuje si\u0119 prac\u0105 dydaktyczn\u0105 na Akademii Muzycznej w Bydgoszczy, gdzie prowadzi klas\u0119 dyrygentury. Pomys\u0142odawca i dyrektor artystyczny Festiwalu Barbakan. W 2010 roku zainaugurowa\u0142 dzia\u0142alno\u015b\u0107 Fundacji Panteon Narodowy.<\/p>\n<p>W 2010 roku w Pampelunie (Hiszpania) z Orquesta Sinf\u00f3nica de Navarra i ch\u00f3rem Premier Ensemble de la A.G.A.O. przygotowa\u0142 premier\u0119 <em>Carmen <\/em>Bizeta. Zrealizowa\u0142 mi\u0119dzynarodowy projekt operowy <em>Fidelio \u2013 ofiarom holokaustu<\/em>. W Hiszpanii z Orkiestr\u0105 Filharmonii Warmi\u0144sko-Mazurskiej wykona\u0142 spektakle <em>Toski<\/em> Pucciniego (2011).<\/p>\n<p>Uzyska\u0142 tytu\u0142 doktora (2011), oraz doktora habilitowanego sztuki muzycznej(2015). Cz\u0142onek Rady Programowej Radia Olsztyn (2012-16). Wiceprzewodnicz\u0105cy Zarz\u0105du Zrzeszenia Filharmonii Polskich. Otrzyma\u0142 Statuetk\u0119 \u015bw. Jakuba w dziedzinie kultury za rok 2012, statuetk\u0119 Osobowo\u015b\u0107 Warmii i Mazur (2013), Medal Zas\u0142u\u017cony Kulturze Gloria Artis (2014), statuetk\u0119 Pegaza (2015), a tak\u017ce Srebrny Krzy\u017c Zas\u0142ugi (2016).<\/p>\n<p>&nbsp;<\/p>","protected":false},"excerpt":{"rendered":"<p>Dyrektor naczelny i artystyczny Warmi\u0144sko-Mazurskiej Filharmonii w\u00a0Olsztynie. Piotr Su\u0142kowski posiada ogromne do\u015bwiadczenie operowe, zdobyte w czasie wieloletniej pracy dyrygenta, a potem dyrektora artystycznego w Operze Krakowskiej oraz w Opera Wildwood Festival AR (USA). Przygotowa\u0142 wiele premier operowych, w tym kilka prawykona\u0144 \u2013 m.in. nieznanej operetki Szymanowskiego Loteria na m\u0119\u017c\u00f3w czyli narzeczony nr 69. Zrealizowa\u0142 Gwa\u0142t [&hellip;]<\/p>\n","protected":false},"author":6,"featured_media":0,"parent":0,"menu_order":104,"comment_status":"closed","ping_status":"closed","template":"template-artist.php","meta":{"footnotes":""},"categories":[],"class_list":["post-1508","page","type-page","status-publish","hentry"],"_links":{"self":[{"href":"https:\/\/beethoven.org.pl\/artysci\/wp-json\/wp\/v2\/pages\/1508","targetHints":{"allow":["GET"]}}],"collection":[{"href":"https:\/\/beethoven.org.pl\/artysci\/wp-json\/wp\/v2\/pages"}],"about":[{"href":"https:\/\/beethoven.org.pl\/artysci\/wp-json\/wp\/v2\/types\/page"}],"author":[{"embeddable":true,"href":"https:\/\/beethoven.org.pl\/artysci\/wp-json\/wp\/v2\/users\/6"}],"replies":[{"embeddable":true,"href":"https:\/\/beethoven.org.pl\/artysci\/wp-json\/wp\/v2\/comments?post=1508"}],"version-history":[{"count":1,"href":"https:\/\/beethoven.org.pl\/artysci\/wp-json\/wp\/v2\/pages\/1508\/revisions"}],"predecessor-version":[{"id":1510,"href":"https:\/\/beethoven.org.pl\/artysci\/wp-json\/wp\/v2\/pages\/1508\/revisions\/1510"}],"wp:attachment":[{"href":"https:\/\/beethoven.org.pl\/artysci\/wp-json\/wp\/v2\/media?parent=1508"}],"wp:term":[{"taxonomy":"category","embeddable":true,"href":"https:\/\/beethoven.org.pl\/artysci\/wp-json\/wp\/v2\/categories?post=1508"}],"curies":[{"name":"wp","href":"https:\/\/api.w.org\/{rel}","templated":true}]}}

Piotr Sułkowski

<p>Dyrektor naczelny i artystyczny Warmińsko-Mazurskiej Filharmonii w Olsztynie.</p>
<p>Piotr Sułkowski posiada ogromne doświadczenie operowe, zdobyte w czasie wieloletniej pracy dyrygenta, a potem dyrektora artystycznego w Operze Krakowskiej oraz w Opera Wildwood Festival AR (USA). Przygotował wiele premier operowych, w tym kilka prawykonań – m.in. nieznanej operetki Szymanowskiego<em> <em>Loteria na mężów czyli narzeczony nr 69</em></em>. Zrealizował <em>Gwałt na Lukrecji </em>Brittena (2004), który uznano za najlepszy spektakl roku (Bydgoski Festiwal Operowy). Współtwórca Krakowskiej Opery Kameralnej, zastępca dyrektora Chóru Polskiego Radia (2008-09), kierownik muzyczny Toruńskiej Orkiestry Symfonicznej (2009-11), pierwszy gościnny dyrygent Signature Symphony Orchestra (2008-14) w Tulsie (USA).</p>
<p>Współpracuje z wieloma orkiestrami oraz zajmuje się pracą dydaktyczną na Akademii Muzycznej w Bydgoszczy, gdzie prowadzi klasę dyrygentury. Pomysłodawca i dyrektor artystyczny Festiwalu Barbakan. W 2010 roku zainaugurował działalność Fundacji Panteon Narodowy.</p>
<p>W 2010 roku w Pampelunie (Hiszpania) z Orquesta Sinfónica de Navarra i chórem Premier Ensemble de la A.G.A.O. przygotował premierę <em>Carmen </em>Bizeta. Zrealizował międzynarodowy projekt operowy <em>Fidelio – ofiarom holokaustu</em>. W Hiszpanii z Orkiestrą Filharmonii Warmińsko-Mazurskiej wykonał spektakle <em>Toski</em> Pucciniego (2011).</p>
<p>Uzyskał tytuł doktora (2011), oraz doktora habilitowanego sztuki muzycznej(2015). Członek Rady Programowej Radia Olsztyn (2012-16). Wiceprzewodniczący Zarządu Zrzeszenia Filharmonii Polskich. Otrzymał Statuetkę św. Jakuba w dziedzinie kultury za rok 2012, statuetkę Osobowość Warmii i Mazur (2013), Medal Zasłużony Kulturze Gloria Artis (2014), statuetkę Pegaza (2015), a także Srebrny Krzyż Zasługi (2016).</p>
<p>&nbsp;</p>

<p>Dyrektor naczelny i artystyczny Warmińsko-Mazurskiej Filharmonii w Olsztynie. Piotr Sułkowski posiada ogromne doświadczenie operowe, zdobyte w czasie wieloletniej pracy dyrygenta, a potem dyrektora artystycznego w Operze Krakowskiej oraz w Opera Wildwood Festival AR (USA). Przygotował wiele premier operowych, w tym kilka prawykonań – m.in. nieznanej operetki Szymanowskiego Loteria na mężów czyli narzeczony nr 69. Zrealizował Gwałt [&hellip;]</p>
