{"id":1487,"date":"2017-04-10T15:22:43","date_gmt":"2017-04-10T13:22:43","guid":{"rendered":"http:\/\/beethoven.org.pl\/artysci\/?page_id=1487"},"modified":"2017-04-11T10:53:19","modified_gmt":"2017-04-11T08:53:19","slug":"sinfonia-varsovia-3","status":"publish","type":"page","link":"https:\/\/beethoven.org.pl\/artysci\/sinfonia-varsovia-3\/","title":{"rendered":"Sinfonia Varsovia"},"content":{"rendered":"<p>W 1984 roku, na zaproszenie Waldemara D\u0105browskiego, dyrektora naczelnego Centrum Sztuki Studio im. St.I.\u00a0Witkiewicza w Warszawie oraz Franciszka Wybra\u0144czyka, dyrektora Polskiej Orkiestry Kameralnej, na wyst\u0119py w Polsce w charakterze solisty i dyrygenta przyby\u0142 legendarny skrzypek Yehudi Menuhin. By sprosta\u0107 wymaganiom repertuaru, orkiestra zaprosi\u0142a do wsp\u00f3\u0142pracy wybitnych muzyk\u00f3w z ca\u0142ego kraju. Pierwsze koncerty zespo\u0142u dyrygowanego przez Menuhina spotka\u0142y si\u0119 z entuzjastycznym przyj\u0119ciem publiczno\u015bci i uznaniem krytyk\u00f3w, a Menuhin przyj\u0105\u0142 propozycj\u0119 dyrekcji obj\u0119cia funkcji pierwszego go\u015bcinnego dyrygenta nowo powsta\u0142ej orkiestry \u2013 Sinfonii Varsovii.<\/p>\n<p>Sinfonia Varsovia wyst\u0119puje w najbardziej presti\u017cowych salach koncertowych oraz na najwa\u017cniejszych festiwalach, wsp\u00f3\u0142pracuj\u0105c ze \u015bwiatowej s\u0142awy dyrygentami i solistami.<\/p>\n<p>Od 2010 roku Orkiestra Sinfonia Varsovia wraz z Ren\u00e9 Martinem, dyrektorem C.R.E.A., organizuje Festiwal La Folle Journ\u00e9e \/ Szalone Dni Muzyki w Warszawie. Na specjaln\u0105 uwag\u0119 zas\u0142uguje Festiwal im. Franciszka Wybra\u0144czyka Sinfonia Varsovia Swojemu Miastu, zainicjowany w 2001 roku przez Franciszka Wybra\u0144czyka.<\/p>\n<p>Zesp\u00f3\u0142 zrealizowa\u0142 wiele nagra\u0144 p\u0142ytowych, radiowych i telewizyjnych \u2013 jego dyskografia liczy ponad 270 p\u0142yt CD uhonorowanych presti\u017cowymi nagrodami. W 1997 roku dyrektorem muzycznym, a w 2003 roku dyrektorem artystycznym orkiestry zosta\u0142 prof. Krzysztof Penderecki.<\/p>\n<p>Organizatorem Orkiestry Sinfonia Varsovia jest Miasto Sto\u0142eczne Warszawa. W 2015 roku, w obecno\u015bci Prezydent m.st. Warszawy Hanny Gronkiewicz-Waltz, architekt Thomas Pucher i dyrektor Orkiestry Janusz Marynowski podpisali umow\u0119 na projekt wykonania dokumentacji projektowej nowej sali koncertowej Sinfonii Varsovii i zagospodarowania architektonicznego nieruchomo\u015bci przy ul. Grochowskiej 272.<\/p>\n<p><strong>sinfoniavarsovia.org<\/strong><\/p>","protected":false},"excerpt":{"rendered":"<p>W 1984 roku, na zaproszenie Waldemara D\u0105browskiego, dyrektora naczelnego Centrum Sztuki Studio im. St.I.\u00a0Witkiewicza w Warszawie oraz Franciszka Wybra\u0144czyka, dyrektora Polskiej Orkiestry Kameralnej, na wyst\u0119py w Polsce w charakterze solisty i dyrygenta przyby\u0142 legendarny skrzypek Yehudi Menuhin. By sprosta\u0107 wymaganiom repertuaru, orkiestra zaprosi\u0142a do wsp\u00f3\u0142pracy wybitnych muzyk\u00f3w z ca\u0142ego kraju. Pierwsze koncerty zespo\u0142u dyrygowanego przez [&hellip;]<\/p>\n","protected":false},"author":6,"featured_media":0,"parent":0,"menu_order":111,"comment_status":"closed","ping_status":"closed","template":"template-artist.php","meta":{"footnotes":""},"categories":[],"class_list":["post-1487","page","type-page","status-publish","hentry"],"_links":{"self":[{"href":"https:\/\/beethoven.org.pl\/artysci\/wp-json\/wp\/v2\/pages\/1487","targetHints":{"allow":["GET"]}}],"collection":[{"href":"https:\/\/beethoven.org.pl\/artysci\/wp-json\/wp\/v2\/pages"}],"about":[{"href":"https:\/\/beethoven.org.pl\/artysci\/wp-json\/wp\/v2\/types\/page"}],"author":[{"embeddable":true,"href":"https:\/\/beethoven.org.pl\/artysci\/wp-json\/wp\/v2\/users\/6"}],"replies":[{"embeddable":true,"href":"https:\/\/beethoven.org.pl\/artysci\/wp-json\/wp\/v2\/comments?post=1487"}],"version-history":[{"count":1,"href":"https:\/\/beethoven.org.pl\/artysci\/wp-json\/wp\/v2\/pages\/1487\/revisions"}],"predecessor-version":[{"id":1489,"href":"https:\/\/beethoven.org.pl\/artysci\/wp-json\/wp\/v2\/pages\/1487\/revisions\/1489"}],"wp:attachment":[{"href":"https:\/\/beethoven.org.pl\/artysci\/wp-json\/wp\/v2\/media?parent=1487"}],"wp:term":[{"taxonomy":"category","embeddable":true,"href":"https:\/\/beethoven.org.pl\/artysci\/wp-json\/wp\/v2\/categories?post=1487"}],"curies":[{"name":"wp","href":"https:\/\/api.w.org\/{rel}","templated":true}]}}

<p>W 1984 roku, na zaproszenie Waldemara Dąbrowskiego, dyrektora naczelnego Centrum Sztuki Studio im. St.I. Witkiewicza w Warszawie oraz Franciszka Wybrańczyka, dyrektora Polskiej Orkiestry Kameralnej, na występy w Polsce w charakterze solisty i dyrygenta przybył legendarny skrzypek Yehudi Menuhin. By sprostać wymaganiom repertuaru, orkiestra zaprosiła do współpracy wybitnych muzyków z całego kraju. Pierwsze koncerty zespołu dyrygowanego przez Menuhina spotkały się z entuzjastycznym przyjęciem publiczności i uznaniem krytyków, a Menuhin przyjął propozycję dyrekcji objęcia funkcji pierwszego gościnnego dyrygenta nowo powstałej orkiestry – Sinfonii Varsovii.</p>
<p>Sinfonia Varsovia występuje w najbardziej prestiżowych salach koncertowych oraz na najważniejszych festiwalach, współpracując ze światowej sławy dyrygentami i solistami.</p>
<p>Od 2010 roku Orkiestra Sinfonia Varsovia wraz z René Martinem, dyrektorem C.R.E.A., organizuje Festiwal La Folle Journée / Szalone Dni Muzyki w Warszawie. Na specjalną uwagę zasługuje Festiwal im. Franciszka Wybrańczyka Sinfonia Varsovia Swojemu Miastu, zainicjowany w 2001 roku przez Franciszka Wybrańczyka.</p>
<p>Zespół zrealizował wiele nagrań płytowych, radiowych i telewizyjnych – jego dyskografia liczy ponad 270 płyt CD uhonorowanych prestiżowymi nagrodami. W 1997 roku dyrektorem muzycznym, a w 2003 roku dyrektorem artystycznym orkiestry został prof. Krzysztof Penderecki.</p>
<p>Organizatorem Orkiestry Sinfonia Varsovia jest Miasto Stołeczne Warszawa. W 2015 roku, w obecności Prezydent m.st. Warszawy Hanny Gronkiewicz-Waltz, architekt Thomas Pucher i dyrektor Orkiestry Janusz Marynowski podpisali umowę na projekt wykonania dokumentacji projektowej nowej sali koncertowej Sinfonii Varsovii i zagospodarowania architektonicznego nieruchomości przy ul. Grochowskiej 272.</p>
<p><strong>sinfoniavarsovia.org</strong></p>

<p>W 1984 roku, na zaproszenie Waldemara Dąbrowskiego, dyrektora naczelnego Centrum Sztuki Studio im. St.I. Witkiewicza w Warszawie oraz Franciszka Wybrańczyka, dyrektora Polskiej Orkiestry Kameralnej, na występy w Polsce w charakterze solisty i dyrygenta przybył legendarny skrzypek Yehudi Menuhin. By sprostać wymaganiom repertuaru, orkiestra zaprosiła do współpracy wybitnych muzyków z całego kraju. Pierwsze koncerty zespołu dyrygowanego przez [&hellip;]</p>
