{"id":1479,"date":"2017-04-10T15:11:56","date_gmt":"2017-04-10T13:11:56","guid":{"rendered":"http:\/\/beethoven.org.pl\/artysci\/?page_id=1479"},"modified":"2017-04-11T10:38:11","modified_gmt":"2017-04-11T08:38:11","slug":"poznanski-chor-kameralny","status":"publish","type":"page","link":"https:\/\/beethoven.org.pl\/artysci\/poznanski-chor-kameralny\/","title":{"rendered":"Pozna\u0144ski Ch\u00f3r Kameralny"},"content":{"rendered":"<p><strong>Pozna\u0144ski Ch\u00f3r Kameralny<\/strong>. Jeden z najwy\u017cej cenionych polskich ch\u00f3r\u00f3w. Zdobywca nagrody L\u2019Orph\u00e9e d&#8217;Or 2015, przyznanej przez Acad\u00e9mie du Disque Lyrique w Pary\u017cu, nominacji do Fryderyka 2015 oraz Z\u0142otej P\u0142yty.<\/p>\n<p>Zesp\u00f3\u0142 powsta\u0142 w 2005 roku z inicjatywy Bartosza Micha\u0142owskiego \u2013 asystenta prof. Stefana Stuligrosza i II dyrygenta Ch\u00f3ru Ch\u0142opi\u0119cego i M\u0119skiego Filharmonii Pozna\u0144skiej <em>Pozna\u0144skie S\u0142owiki<\/em>. Do\u015bwiadczenie dyrygenckie zdobyte podczas koncert\u00f3w z tym utytu\u0142owanym ch\u00f3rem pozwoli\u0142o arty\u015bcie stworzy\u0107 zesp\u00f3\u0142, o kt\u00f3ry w kr\u00f3tkim czasie zacz\u0119\u0142y zabiega\u0107 powa\u017cne instytucje muzyczne i organizatorzy festiwali.<\/p>\n<p>Pozna\u0144ski Ch\u00f3r Kameralny jest zwyci\u0119zc\u0105 uznanych konkurs\u00f3w ch\u00f3ralnych i zdobywc\u0105 licznych nagr\u00f3d specjalnych: za najlepsz\u0105 technik\u0119 wokaln\u0105, najlepsze wykonanie muzyki wsp\u00f3\u0142czesnej czy dla najlepszego dyrygenta. Drzwi do regularnych wyst\u0119p\u00f3w na presti\u017cowych festiwalach otworzy\u0142 mu spektakularny sukces podczas Festiwalu Muzycznego w Szlezwiku-Holsztynie.<\/p>\n<p>Jako pierwszy zesp\u00f3\u0142 w Polsce wyst\u0119powa\u0142 z legendarn\u0105 orkiestr\u0105 Concerto K\u00f6ln i Irish Baroque Orchestra; koncertowa\u0142 r\u00f3wnie\u017c wielokrotnie z Orkiestr\u0105 Filharmonii Pozna\u0144skiej, a tak\u017ce m.in. z Polsk\u0105 Orkiestr\u0105 Radiow\u0105, Orkiestr\u0105 Filharmonii Dolno\u015bl\u0105skiej, Orkiestr\u0105 Filharmonii Gorzowskiej czy Czech Virtuosi. Stawali przed nim uznani dyrygenci, m.in.: Paul McCreesh, Marek Pijarowski, \u0141ukasz Borowicz, Pawe\u0142 Przytocki, Marcin Na\u0142\u0119cz-Niesio\u0142owski, Monika Woli\u0144ska.<\/p>\n<p>W repertuarze ch\u00f3ru znajduj\u0105 si\u0119 utwory a cappella wszystkich epok. Zesp\u00f3\u0142 regularnie wykonuje r\u00f3wnie\u017c dzie\u0142a wokalno-instrumentalne. Ka\u017cdego roku dokonuje kolejnych prawykona\u0144, m.in. podczas og\u0142oszenia wynik\u00f3w Og\u00f3lnopolskiego Konkursu Kompozytorskiego <em>Opus 966<\/em>, organizowanego w Poznaniu.<\/p>\n<p>Pozna\u0144ski Ch\u00f3r Kameralny nagra\u0142 10 p\u0142yt CD.<\/p>","protected":false},"excerpt":{"rendered":"<p>Pozna\u0144ski Ch\u00f3r Kameralny. Jeden z najwy\u017cej cenionych polskich ch\u00f3r\u00f3w. Zdobywca nagrody L\u2019Orph\u00e9e d&#8217;Or 2015, przyznanej przez Acad\u00e9mie du Disque Lyrique w Pary\u017cu, nominacji do Fryderyka 2015 oraz Z\u0142otej P\u0142yty. Zesp\u00f3\u0142 powsta\u0142 w 2005 roku z inicjatywy Bartosza Micha\u0142owskiego \u2013 asystenta prof. Stefana Stuligrosza i II dyrygenta Ch\u00f3ru Ch\u0142opi\u0119cego i M\u0119skiego Filharmonii Pozna\u0144skiej Pozna\u0144skie S\u0142owiki. Do\u015bwiadczenie [&hellip;]<\/p>\n","protected":false},"author":6,"featured_media":0,"parent":0,"menu_order":114,"comment_status":"closed","ping_status":"closed","template":"template-artist.php","meta":{"footnotes":""},"categories":[],"class_list":["post-1479","page","type-page","status-publish","hentry"],"_links":{"self":[{"href":"https:\/\/beethoven.org.pl\/artysci\/wp-json\/wp\/v2\/pages\/1479","targetHints":{"allow":["GET"]}}],"collection":[{"href":"https:\/\/beethoven.org.pl\/artysci\/wp-json\/wp\/v2\/pages"}],"about":[{"href":"https:\/\/beethoven.org.pl\/artysci\/wp-json\/wp\/v2\/types\/page"}],"author":[{"embeddable":true,"href":"https:\/\/beethoven.org.pl\/artysci\/wp-json\/wp\/v2\/users\/6"}],"replies":[{"embeddable":true,"href":"https:\/\/beethoven.org.pl\/artysci\/wp-json\/wp\/v2\/comments?post=1479"}],"version-history":[{"count":1,"href":"https:\/\/beethoven.org.pl\/artysci\/wp-json\/wp\/v2\/pages\/1479\/revisions"}],"predecessor-version":[{"id":1481,"href":"https:\/\/beethoven.org.pl\/artysci\/wp-json\/wp\/v2\/pages\/1479\/revisions\/1481"}],"wp:attachment":[{"href":"https:\/\/beethoven.org.pl\/artysci\/wp-json\/wp\/v2\/media?parent=1479"}],"wp:term":[{"taxonomy":"category","embeddable":true,"href":"https:\/\/beethoven.org.pl\/artysci\/wp-json\/wp\/v2\/categories?post=1479"}],"curies":[{"name":"wp","href":"https:\/\/api.w.org\/{rel}","templated":true}]}}

Poznański Chór Kameralny

<p><strong>Poznański Chór Kameralny</strong>. Jeden z najwyżej cenionych polskich chórów. Zdobywca nagrody L’Orphée d&#8217;Or 2015, przyznanej przez Académie du Disque Lyrique w Paryżu, nominacji do Fryderyka 2015 oraz Złotej Płyty.</p>
<p>Zespół powstał w 2005 roku z inicjatywy Bartosza Michałowskiego – asystenta prof. Stefana Stuligrosza i II dyrygenta Chóru Chłopięcego i Męskiego Filharmonii Poznańskiej <em>Poznańskie Słowiki</em>. Doświadczenie dyrygenckie zdobyte podczas koncertów z tym utytułowanym chórem pozwoliło artyście stworzyć zespół, o który w krótkim czasie zaczęły zabiegać poważne instytucje muzyczne i organizatorzy festiwali.</p>
<p>Poznański Chór Kameralny jest zwycięzcą uznanych konkursów chóralnych i zdobywcą licznych nagród specjalnych: za najlepszą technikę wokalną, najlepsze wykonanie muzyki współczesnej czy dla najlepszego dyrygenta. Drzwi do regularnych występów na prestiżowych festiwalach otworzył mu spektakularny sukces podczas Festiwalu Muzycznego w Szlezwiku-Holsztynie.</p>
<p>Jako pierwszy zespół w Polsce występował z legendarną orkiestrą Concerto Köln i Irish Baroque Orchestra; koncertował również wielokrotnie z Orkiestrą Filharmonii Poznańskiej, a także m.in. z Polską Orkiestrą Radiową, Orkiestrą Filharmonii Dolnośląskiej, Orkiestrą Filharmonii Gorzowskiej czy Czech Virtuosi. Stawali przed nim uznani dyrygenci, m.in.: Paul McCreesh, Marek Pijarowski, Łukasz Borowicz, Paweł Przytocki, Marcin Nałęcz-Niesiołowski, Monika Wolińska.</p>
<p>W repertuarze chóru znajdują się utwory a cappella wszystkich epok. Zespół regularnie wykonuje również dzieła wokalno-instrumentalne. Każdego roku dokonuje kolejnych prawykonań, m.in. podczas ogłoszenia wyników Ogólnopolskiego Konkursu Kompozytorskiego <em>Opus 966</em>, organizowanego w Poznaniu.</p>
<p>Poznański Chór Kameralny nagrał 10 płyt CD.</p>

<p>Poznański Chór Kameralny. Jeden z najwyżej cenionych polskich chórów. Zdobywca nagrody L’Orphée d&#8217;Or 2015, przyznanej przez Académie du Disque Lyrique w Paryżu, nominacji do Fryderyka 2015 oraz Złotej Płyty. Zespół powstał w 2005 roku z inicjatywy Bartosza Michałowskiego – asystenta prof. Stefana Stuligrosza i II dyrygenta Chóru Chłopięcego i Męskiego Filharmonii Poznańskiej Poznańskie Słowiki. Doświadczenie [&hellip;]</p>
