{"id":1476,"date":"2017-04-10T15:10:26","date_gmt":"2017-04-10T13:10:26","guid":{"rendered":"http:\/\/beethoven.org.pl\/artysci\/?page_id=1476"},"modified":"2017-04-11T10:38:04","modified_gmt":"2017-04-11T08:38:04","slug":"josep-pons","status":"publish","type":"page","link":"https:\/\/beethoven.org.pl\/artysci\/josep-pons\/","title":{"rendered":"Josep Pons"},"content":{"rendered":"<p><strong>Josep Pons<\/strong>. Uwa\u017cany za jednego z czo\u0142owych dyrygent\u00f3w swojego pokolenia w Hiszpanii, Josep Pons zbudowa\u0142 silne relacje z takimi orkiestrami jak Orchestre de Paris, Orchestre National du Capitole de Toulouse, Deutsche Kammerphilharmonie Bremen, a tak\u017ce BBC Symphony Orchestra, z kt\u00f3r\u0105 wyst\u0105pi\u0142 kilka razy podczas koncert\u00f3w BBC Proms. Ponadto, w sezonach 2015\/16 i 2016\/17, ponownie dyryguje Gewandhausorchester z Lipska, Orkiestr\u0105 Symfoniczn\u0105 Birmingham oraz Kr\u00f3lewsk\u0105 Orkiestr\u0105 Filharmoniczn\u0105 ze Sztokholmu. To r\u00f3wnie\u017c czas jego debiut\u00f3w z WDR Sinfonieorchester z Kolonii, Konzerthausorchester z Berlina oraz Orchestra Sinfonica Nazionale della RAI z Turynu.<\/p>\n<p>Jako dyrektor muzyczny Gran Teatre del Liceu, w ka\u017cdym sezonie prowadzi w Barcelonie kilka inscenizacji. Jest dyrygentem honorowym Orkiestry Narodowej Hiszpanii; wcze\u015bniej przez dziewi\u0119\u0107 lat piastowa\u0142 w niej funkcj\u0119 dyrektora artystycznego, znacznie podnosz\u0105c rang\u0119 zespo\u0142u w \u015bwiecie. W latach 1994-2004 by\u0142 r\u00f3wnie\u017c dyrektorem muzycznym Orkiestry Miasta Grenady.<\/p>\n<p>Dyskografia Josepa Ponsa obejmuje ponad 50 p\u0142yt CD i DVD, w\u015br\u00f3d kt\u00f3rych znajduj\u0105 si\u0119 wielokrotnie nagradzane nagrania dzie\u0142 Manuela de Falli i muzyki francuskiej, uchodz\u0105ce za wyznacznik interpretacji. <em>Noce w ogrodach Hiszpanii<\/em>, nagrane z Javierem Perianesem, przynios\u0142y arty\u015bcie nagrod\u0119 Choc de la Musique, p\u0142yta <em>Melancol\u00eda<\/em> z Patrici\u0105 Petibon \u2013 Editor\u2019s Choice magazynu Gramophone, a wsp\u00f3\u0142praca z Tomatito zaowocowa\u0142a przyznaniem Latin Grammy Award.<\/p>\n<p>Nauk\u0119 muzyki rozpoczyna\u0142 w presti\u017cowej Escolan\u00eda de Montserrat. Tradycja \u015bwiecka tego o\u015brodka oraz nacisk k\u0142adziony zar\u00f3wno na nauk\u0119 polifonii, jak i muzyki wsp\u00f3\u0142czesnej wywar\u0142y znacz\u0105cy wp\u0142yw na dalszy rozw\u00f3j artysty, tak muzyczny, jak i intelektualny. W 1999 roku Josep Pons zosta\u0142 uhonorowany Pa\u0144stwow\u0105 Nagrod\u0105 Muzyczn\u0105 Hiszpanii za wybitne osi\u0105gni\u0119cia w muzyce XX wieku.<\/p>","protected":false},"excerpt":{"rendered":"<p>Josep Pons. Uwa\u017cany za jednego z czo\u0142owych dyrygent\u00f3w swojego pokolenia w Hiszpanii, Josep Pons zbudowa\u0142 silne relacje z takimi orkiestrami jak Orchestre de Paris, Orchestre National du Capitole de Toulouse, Deutsche Kammerphilharmonie Bremen, a tak\u017ce BBC Symphony Orchestra, z kt\u00f3r\u0105 wyst\u0105pi\u0142 kilka razy podczas koncert\u00f3w BBC Proms. Ponadto, w sezonach 2015\/16 i 2016\/17, ponownie dyryguje [&hellip;]<\/p>\n","protected":false},"author":6,"featured_media":0,"parent":0,"menu_order":115,"comment_status":"closed","ping_status":"closed","template":"template-artist.php","meta":{"footnotes":""},"categories":[],"class_list":["post-1476","page","type-page","status-publish","hentry"],"_links":{"self":[{"href":"https:\/\/beethoven.org.pl\/artysci\/wp-json\/wp\/v2\/pages\/1476","targetHints":{"allow":["GET"]}}],"collection":[{"href":"https:\/\/beethoven.org.pl\/artysci\/wp-json\/wp\/v2\/pages"}],"about":[{"href":"https:\/\/beethoven.org.pl\/artysci\/wp-json\/wp\/v2\/types\/page"}],"author":[{"embeddable":true,"href":"https:\/\/beethoven.org.pl\/artysci\/wp-json\/wp\/v2\/users\/6"}],"replies":[{"embeddable":true,"href":"https:\/\/beethoven.org.pl\/artysci\/wp-json\/wp\/v2\/comments?post=1476"}],"version-history":[{"count":1,"href":"https:\/\/beethoven.org.pl\/artysci\/wp-json\/wp\/v2\/pages\/1476\/revisions"}],"predecessor-version":[{"id":1478,"href":"https:\/\/beethoven.org.pl\/artysci\/wp-json\/wp\/v2\/pages\/1476\/revisions\/1478"}],"wp:attachment":[{"href":"https:\/\/beethoven.org.pl\/artysci\/wp-json\/wp\/v2\/media?parent=1476"}],"wp:term":[{"taxonomy":"category","embeddable":true,"href":"https:\/\/beethoven.org.pl\/artysci\/wp-json\/wp\/v2\/categories?post=1476"}],"curies":[{"name":"wp","href":"https:\/\/api.w.org\/{rel}","templated":true}]}}

<p><strong>Josep Pons</strong>. Uważany za jednego z czołowych dyrygentów swojego pokolenia w Hiszpanii, Josep Pons zbudował silne relacje z takimi orkiestrami jak Orchestre de Paris, Orchestre National du Capitole de Toulouse, Deutsche Kammerphilharmonie Bremen, a także BBC Symphony Orchestra, z którą wystąpił kilka razy podczas koncertów BBC Proms. Ponadto, w sezonach 2015/16 i 2016/17, ponownie dyryguje Gewandhausorchester z Lipska, Orkiestrą Symfoniczną Birmingham oraz Królewską Orkiestrą Filharmoniczną ze Sztokholmu. To również czas jego debiutów z WDR Sinfonieorchester z Kolonii, Konzerthausorchester z Berlina oraz Orchestra Sinfonica Nazionale della RAI z Turynu.</p>
<p>Jako dyrektor muzyczny Gran Teatre del Liceu, w każdym sezonie prowadzi w Barcelonie kilka inscenizacji. Jest dyrygentem honorowym Orkiestry Narodowej Hiszpanii; wcześniej przez dziewięć lat piastował w niej funkcję dyrektora artystycznego, znacznie podnosząc rangę zespołu w świecie. W latach 1994-2004 był również dyrektorem muzycznym Orkiestry Miasta Grenady.</p>
<p>Dyskografia Josepa Ponsa obejmuje ponad 50 płyt CD i DVD, wśród których znajdują się wielokrotnie nagradzane nagrania dzieł Manuela de Falli i muzyki francuskiej, uchodzące za wyznacznik interpretacji. <em>Noce w ogrodach Hiszpanii</em>, nagrane z Javierem Perianesem, przyniosły artyście nagrodę Choc de la Musique, płyta <em>Melancolía</em> z Patricią Petibon – Editor’s Choice magazynu Gramophone, a współpraca z Tomatito zaowocowała przyznaniem Latin Grammy Award.</p>
<p>Naukę muzyki rozpoczynał w prestiżowej Escolanía de Montserrat. Tradycja świecka tego ośrodka oraz nacisk kładziony zarówno na naukę polifonii, jak i muzyki współczesnej wywarły znaczący wpływ na dalszy rozwój artysty, tak muzyczny, jak i intelektualny. W 1999 roku Josep Pons został uhonorowany Państwową Nagrodą Muzyczną Hiszpanii za wybitne osiągnięcia w muzyce XX wieku.</p>

<p>Josep Pons. Uważany za jednego z czołowych dyrygentów swojego pokolenia w Hiszpanii, Josep Pons zbudował silne relacje z takimi orkiestrami jak Orchestre de Paris, Orchestre National du Capitole de Toulouse, Deutsche Kammerphilharmonie Bremen, a także BBC Symphony Orchestra, z którą wystąpił kilka razy podczas koncertów BBC Proms. Ponadto, w sezonach 2015/16 i 2016/17, ponownie dyryguje [&hellip;]</p>
