{"id":1470,"date":"2017-04-10T14:54:58","date_gmt":"2017-04-10T12:54:58","guid":{"rendered":"http:\/\/beethoven.org.pl\/artysci\/?page_id=1470"},"modified":"2017-04-11T10:37:46","modified_gmt":"2017-04-11T08:37:46","slug":"polska-orkiestra-radiowa","status":"publish","type":"page","link":"https:\/\/beethoven.org.pl\/artysci\/polska-orkiestra-radiowa\/","title":{"rendered":"Polska Orkiestra Radiowa"},"content":{"rendered":"<p>Historia Polskiej Orkiestry Radiowej si\u0119ga lat przedwojennych. W 1945 roku kierownictwo orkiestry obj\u0105\u0142 Stefan Racho\u0144. Kolejnymi dyrektorami artystycznymi orkiestry byli: W\u0142odzimierz Kamirski, Jan Pruszak, Mieczys\u0142aw Nowakowski, Tadeusz Struga\u0142a (za kadencji kt\u00f3rego orkiestra uzyska\u0142a dzisiejsz\u0105 nazw\u0119 i przenios\u0142a si\u0119 do nowej siedziby \u2013 Studia Koncertowego Polskiego Radia im. Witolda Lutos\u0142awskiego), Wojciech Rajski i \u0141ukasz Borowicz. Od lutego 2015 roku na stanowisko Dyrektora Artystycznego POR zosta\u0142 powo\u0142any Micha\u0142 Klauza.<\/p>\n<p>Nawi\u0105zana w 2008 roku wsp\u00f3\u0142praca z Wielkanocnym Festiwalem im. Ludwiga van Beethovena zaowocowa\u0142a udzia\u0142em zespo\u0142u w cyklu prezentuj\u0105cym koncertowe wykonania mniej znanych oper, kt\u00f3re wydawane by\u0142y r\u00f3wnie\u017c na p\u0142ytach. Wykonano takie dzie\u0142a jak: <em>Lodo\u00efska <\/em>Cherubiniego (2008), <em>Berggeist<\/em> Spohra (2009), <em>Euryanthe<\/em> Webera (2010), <em>Maria Padilla<\/em> Donizettiego (2011), <em>L\u2019amore dei tre re<\/em> Italo Montemezziego (2012), pierwotna wersja <em>Simona Boccanegry <\/em>Verdiego (2013) oraz<em> Ifigenia na Taurydzie <\/em>Glucka (2014).<\/p>\n<p>We wsp\u00f3\u0142pracy z wytw\u00f3rni\u0105 <em>cpo<\/em> nagrania radiowe utwor\u00f3w Panufnika pod dyrekcj\u0105 \u0141ukasza Borowicza ukaza\u0142y si\u0119 na 4 p\u0142ytach kompaktowych i zosta\u0142y uhonorowane International Classical Music Award (2015). Na rynku s\u0105 dost\u0119pne p\u0142yty z wybitnymi polskimi \u015bpiewakami: Piotrem Becza\u0142\u0105 (Orfeo), Mariuszem Kwietniem (harmonia mundi) i z Arturem Ruci\u0144skim (Polskie Radio).<\/p>\n<p>Pod now\u0105 dyrekcj\u0105 POR kontynuuje dotychczasow\u0105 lini\u0119 programow\u0105, prezentuj\u0105c i nagrywaj\u0105c zapomniane utwory, szczeg\u00f3lnie polskich kompozytor\u00f3w. Niedzielne koncerty w Studiu im. Witolda Lutos\u0142awskiego prowadzili najwybitniejsi polscy dyrygenci, m.in. Jerzy Maksymiuk, Antoni Wit, Marek Pijarowski, Jos\u00e9 Maria Flor\u00eancio.<\/p>","protected":false},"excerpt":{"rendered":"<p>Historia Polskiej Orkiestry Radiowej si\u0119ga lat przedwojennych. W 1945 roku kierownictwo orkiestry obj\u0105\u0142 Stefan Racho\u0144. Kolejnymi dyrektorami artystycznymi orkiestry byli: W\u0142odzimierz Kamirski, Jan Pruszak, Mieczys\u0142aw Nowakowski, Tadeusz Struga\u0142a (za kadencji kt\u00f3rego orkiestra uzyska\u0142a dzisiejsz\u0105 nazw\u0119 i przenios\u0142a si\u0119 do nowej siedziby \u2013 Studia Koncertowego Polskiego Radia im. Witolda Lutos\u0142awskiego), Wojciech Rajski i \u0141ukasz Borowicz. Od [&hellip;]<\/p>\n","protected":false},"author":6,"featured_media":0,"parent":0,"menu_order":117,"comment_status":"closed","ping_status":"closed","template":"template-artist.php","meta":{"footnotes":""},"categories":[],"class_list":["post-1470","page","type-page","status-publish","hentry"],"_links":{"self":[{"href":"https:\/\/beethoven.org.pl\/artysci\/wp-json\/wp\/v2\/pages\/1470","targetHints":{"allow":["GET"]}}],"collection":[{"href":"https:\/\/beethoven.org.pl\/artysci\/wp-json\/wp\/v2\/pages"}],"about":[{"href":"https:\/\/beethoven.org.pl\/artysci\/wp-json\/wp\/v2\/types\/page"}],"author":[{"embeddable":true,"href":"https:\/\/beethoven.org.pl\/artysci\/wp-json\/wp\/v2\/users\/6"}],"replies":[{"embeddable":true,"href":"https:\/\/beethoven.org.pl\/artysci\/wp-json\/wp\/v2\/comments?post=1470"}],"version-history":[{"count":1,"href":"https:\/\/beethoven.org.pl\/artysci\/wp-json\/wp\/v2\/pages\/1470\/revisions"}],"predecessor-version":[{"id":1472,"href":"https:\/\/beethoven.org.pl\/artysci\/wp-json\/wp\/v2\/pages\/1470\/revisions\/1472"}],"wp:attachment":[{"href":"https:\/\/beethoven.org.pl\/artysci\/wp-json\/wp\/v2\/media?parent=1470"}],"wp:term":[{"taxonomy":"category","embeddable":true,"href":"https:\/\/beethoven.org.pl\/artysci\/wp-json\/wp\/v2\/categories?post=1470"}],"curies":[{"name":"wp","href":"https:\/\/api.w.org\/{rel}","templated":true}]}}

<p>Historia Polskiej Orkiestry Radiowej sięga lat przedwojennych. W 1945 roku kierownictwo orkiestry objął Stefan Rachoń. Kolejnymi dyrektorami artystycznymi orkiestry byli: Włodzimierz Kamirski, Jan Pruszak, Mieczysław Nowakowski, Tadeusz Strugała (za kadencji którego orkiestra uzyskała dzisiejszą nazwę i przeniosła się do nowej siedziby – Studia Koncertowego Polskiego Radia im. Witolda Lutosławskiego), Wojciech Rajski i Łukasz Borowicz. Od lutego 2015 roku na stanowisko Dyrektora Artystycznego POR został powołany Michał Klauza.</p>
<p>Nawiązana w 2008 roku współpraca z Wielkanocnym Festiwalem im. Ludwiga van Beethovena zaowocowała udziałem zespołu w cyklu prezentującym koncertowe wykonania mniej znanych oper, które wydawane były również na płytach. Wykonano takie dzieła jak: <em>Lodoïska </em>Cherubiniego (2008), <em>Berggeist</em> Spohra (2009), <em>Euryanthe</em> Webera (2010), <em>Maria Padilla</em> Donizettiego (2011), <em>L’amore dei tre re</em> Italo Montemezziego (2012), pierwotna wersja <em>Simona Boccanegry </em>Verdiego (2013) oraz<em> Ifigenia na Taurydzie </em>Glucka (2014).</p>
<p>We współpracy z wytwórnią <em>cpo</em> nagrania radiowe utworów Panufnika pod dyrekcją Łukasza Borowicza ukazały się na 4 płytach kompaktowych i zostały uhonorowane International Classical Music Award (2015). Na rynku są dostępne płyty z wybitnymi polskimi śpiewakami: Piotrem Beczałą (Orfeo), Mariuszem Kwietniem (harmonia mundi) i z Arturem Rucińskim (Polskie Radio).</p>
<p>Pod nową dyrekcją POR kontynuuje dotychczasową linię programową, prezentując i nagrywając zapomniane utwory, szczególnie polskich kompozytorów. Niedzielne koncerty w Studiu im. Witolda Lutosławskiego prowadzili najwybitniejsi polscy dyrygenci, m.in. Jerzy Maksymiuk, Antoni Wit, Marek Pijarowski, José Maria Florêncio.</p>

<p>Historia Polskiej Orkiestry Radiowej sięga lat przedwojennych. W 1945 roku kierownictwo orkiestry objął Stefan Rachoń. Kolejnymi dyrektorami artystycznymi orkiestry byli: Włodzimierz Kamirski, Jan Pruszak, Mieczysław Nowakowski, Tadeusz Strugała (za kadencji którego orkiestra uzyskała dzisiejszą nazwę i przeniosła się do nowej siedziby – Studia Koncertowego Polskiego Radia im. Witolda Lutosławskiego), Wojciech Rajski i Łukasz Borowicz. Od [&hellip;]</p>
