{"id":1460,"date":"2017-04-10T13:48:12","date_gmt":"2017-04-10T11:48:12","guid":{"rendered":"http:\/\/beethoven.org.pl\/artysci\/?page_id=1460"},"modified":"2017-04-11T10:37:24","modified_gmt":"2017-04-11T08:37:24","slug":"javier-perianes","status":"publish","type":"page","link":"https:\/\/beethoven.org.pl\/artysci\/javier-perianes\/","title":{"rendered":"Javier Perianes"},"content":{"rendered":"<p><strong>Javier Perianes<\/strong>. B\u0142yskawicznie rozwijaj\u0105ca si\u0119 mi\u0119dzynarodowa kariera Javiera Perianesa wiedzie pianist\u0119 przez pi\u0119\u0107 kontynent\u00f3w do najbardziej presti\u017cowych sal koncertowych \u015bwiata, takich jak Carnegie Hall w Nowym Jorku, Barbican, Royal Festival Hall i Wigmore Hall w Londynie, Berliner Philharmonie, Musikverein w Wiedniu, Concertgebouw w Amsterdamie i Suntory Hall w Tokio. Wyst\u0119powa\u0142 pod batut\u0105 takich dyrygent\u00f3w jak Barenboim, Dutoit, Mehta, Maazel, Dausgaard, Petrenko, Harding i Temirkanov, otrzymuj\u0105c zaproszenia na festiwale w Lucernie, La Roque-d&#8217;Anth\u00e9ron, Grafenegg, San Sebastian i Grenadzie oraz na Ravinia Festival.<\/p>\n<p>W najbli\u017cszym czasie artysta zadebiutuje z Philharmonia Orchestra, filharmoniami Monachijsk\u0105 i Los Angeles, Orkiestr\u0105 Symfoniczn\u0105 Montrealu oraz orkiestrami symfonicznymi fi\u0144skiego i szwedzkiego radia. Perianes wyst\u0119powa\u0142 tak\u017ce z Wiener Philhamoniker, orkiestrami symfonicznymi Chicago, Bostonu, Atlanty i Cleveland, Filharmoni\u0105 Nowojorsk\u0105, orkiestrami Yomiuri Nippon oraz London Philharmonic. Javier Perianes koncertowa\u0142, a tak\u017ce w najbli\u017cszym czasie pojawi si\u0119 z recitalami w Londynie, Lipsku, Petersburgu, Pary\u017cu, Miami, Rio de Janeiro, Montevideo, Madrycie, Barcelonie, Meksyku, Auckland i Hongkongu. W\u015br\u00f3d innych istotnych plan\u00f3w pianisty wymieni\u0107 nale\u017cy mi\u0119dzynarodowe tourn\u00e9e z Niemieck\u0105 Orkiestr\u0105 Radiow\u0105 Saarbr\u00fccken Kaiserslautern obejmuj\u0105ce Wielkanocny Festiwal Ludwiga van Beethovena w Warszawie i Lublinie, a tak\u017ce miesi\u0119czn\u0105 tras\u0119 koncertow\u0105, podczas kt\u00f3rej wyst\u0105pi z towarzyszeniem orkiestr w Australii, Nowej Zelandii, Singapurze oraz obu Amerykach.<\/p>\n<p>Perianes nagrywa wy\u0142\u0105cznie dla wytw\u00f3rni harmonia mundi. Jego p\u0142yta <em>Grieg: Piano Concerto\/Lyric Pieces<\/em> spotka\u0142a si\u0119 z g\u0142\u0119bokim uznaniem krytyk\u00f3w \u2013 czasopismo <em>Classica<\/em> okre\u015bli\u0142o j\u0105 mianem \u201enowego punktu odniesienia\u201d, przyznaj\u0105c jej jednocze\u015bnie nagrod\u0119 \u201eChoc\u201d; otrzyma\u0142a tak\u017ce wyr\u00f3\u017cnienie Editor\u2019s Choice magazynu <em>Gramophone<\/em>, a czasopismo <em>Pianiste<\/em> nada\u0142o jej tytu\u0142 \u201eMaestro\u201d.<\/p>","protected":false},"excerpt":{"rendered":"<p>Javier Perianes. B\u0142yskawicznie rozwijaj\u0105ca si\u0119 mi\u0119dzynarodowa kariera Javiera Perianesa wiedzie pianist\u0119 przez pi\u0119\u0107 kontynent\u00f3w do najbardziej presti\u017cowych sal koncertowych \u015bwiata, takich jak Carnegie Hall w Nowym Jorku, Barbican, Royal Festival Hall i Wigmore Hall w Londynie, Berliner Philharmonie, Musikverein w Wiedniu, Concertgebouw w Amsterdamie i Suntory Hall w Tokio. Wyst\u0119powa\u0142 pod batut\u0105 takich dyrygent\u00f3w jak [&hellip;]<\/p>\n","protected":false},"author":6,"featured_media":0,"parent":0,"menu_order":120,"comment_status":"closed","ping_status":"closed","template":"template-artist.php","meta":{"footnotes":""},"categories":[],"class_list":["post-1460","page","type-page","status-publish","hentry"],"_links":{"self":[{"href":"https:\/\/beethoven.org.pl\/artysci\/wp-json\/wp\/v2\/pages\/1460","targetHints":{"allow":["GET"]}}],"collection":[{"href":"https:\/\/beethoven.org.pl\/artysci\/wp-json\/wp\/v2\/pages"}],"about":[{"href":"https:\/\/beethoven.org.pl\/artysci\/wp-json\/wp\/v2\/types\/page"}],"author":[{"embeddable":true,"href":"https:\/\/beethoven.org.pl\/artysci\/wp-json\/wp\/v2\/users\/6"}],"replies":[{"embeddable":true,"href":"https:\/\/beethoven.org.pl\/artysci\/wp-json\/wp\/v2\/comments?post=1460"}],"version-history":[{"count":1,"href":"https:\/\/beethoven.org.pl\/artysci\/wp-json\/wp\/v2\/pages\/1460\/revisions"}],"predecessor-version":[{"id":1462,"href":"https:\/\/beethoven.org.pl\/artysci\/wp-json\/wp\/v2\/pages\/1460\/revisions\/1462"}],"wp:attachment":[{"href":"https:\/\/beethoven.org.pl\/artysci\/wp-json\/wp\/v2\/media?parent=1460"}],"wp:term":[{"taxonomy":"category","embeddable":true,"href":"https:\/\/beethoven.org.pl\/artysci\/wp-json\/wp\/v2\/categories?post=1460"}],"curies":[{"name":"wp","href":"https:\/\/api.w.org\/{rel}","templated":true}]}}

<p><strong>Javier Perianes</strong>. Błyskawicznie rozwijająca się międzynarodowa kariera Javiera Perianesa wiedzie pianistę przez pięć kontynentów do najbardziej prestiżowych sal koncertowych świata, takich jak Carnegie Hall w Nowym Jorku, Barbican, Royal Festival Hall i Wigmore Hall w Londynie, Berliner Philharmonie, Musikverein w Wiedniu, Concertgebouw w Amsterdamie i Suntory Hall w Tokio. Występował pod batutą takich dyrygentów jak Barenboim, Dutoit, Mehta, Maazel, Dausgaard, Petrenko, Harding i Temirkanov, otrzymując zaproszenia na festiwale w Lucernie, La Roque-d&#8217;Anthéron, Grafenegg, San Sebastian i Grenadzie oraz na Ravinia Festival.</p>
<p>W najbliższym czasie artysta zadebiutuje z Philharmonia Orchestra, filharmoniami Monachijską i Los Angeles, Orkiestrą Symfoniczną Montrealu oraz orkiestrami symfonicznymi fińskiego i szwedzkiego radia. Perianes występował także z Wiener Philhamoniker, orkiestrami symfonicznymi Chicago, Bostonu, Atlanty i Cleveland, Filharmonią Nowojorską, orkiestrami Yomiuri Nippon oraz London Philharmonic. Javier Perianes koncertował, a także w najbliższym czasie pojawi się z recitalami w Londynie, Lipsku, Petersburgu, Paryżu, Miami, Rio de Janeiro, Montevideo, Madrycie, Barcelonie, Meksyku, Auckland i Hongkongu. Wśród innych istotnych planów pianisty wymienić należy międzynarodowe tournée z Niemiecką Orkiestrą Radiową Saarbrücken Kaiserslautern obejmujące Wielkanocny Festiwal Ludwiga van Beethovena w Warszawie i Lublinie, a także miesięczną trasę koncertową, podczas której wystąpi z towarzyszeniem orkiestr w Australii, Nowej Zelandii, Singapurze oraz obu Amerykach.</p>
<p>Perianes nagrywa wyłącznie dla wytwórni harmonia mundi. Jego płyta <em>Grieg: Piano Concerto/Lyric Pieces</em> spotkała się z głębokim uznaniem krytyków – czasopismo <em>Classica</em> określiło ją mianem „nowego punktu odniesienia”, przyznając jej jednocześnie nagrodę „Choc”; otrzymała także wyróżnienie Editor’s Choice magazynu <em>Gramophone</em>, a czasopismo <em>Pianiste</em> nadało jej tytuł „Maestro”.</p>

<p>Javier Perianes. Błyskawicznie rozwijająca się międzynarodowa kariera Javiera Perianesa wiedzie pianistę przez pięć kontynentów do najbardziej prestiżowych sal koncertowych świata, takich jak Carnegie Hall w Nowym Jorku, Barbican, Royal Festival Hall i Wigmore Hall w Londynie, Berliner Philharmonie, Musikverein w Wiedniu, Concertgebouw w Amsterdamie i Suntory Hall w Tokio. Występował pod batutą takich dyrygentów jak [&hellip;]</p>
