{"id":1457,"date":"2017-04-10T20:53:14","date_gmt":"2017-04-10T18:53:14","guid":{"rendered":"http:\/\/beethoven.org.pl\/artysci\/?page_id=1457"},"modified":"2017-04-11T10:37:15","modified_gmt":"2017-04-11T08:37:15","slug":"amit-peled","status":"publish","type":"page","link":"https:\/\/beethoven.org.pl\/artysci\/amit-peled\/","title":{"rendered":"Amit Peled"},"content":{"rendered":"<p><strong>Amit Peled<\/strong>. Od Stan\u00f3w Zjednoczonych, poprzez Europ\u0119, a\u017c po Bliski Wsch\u00f3d i Azj\u0119, izraelski wiolonczelista Amit Peled, muzyk o wielkim kunszcie i charyzmatycznej osobowo\u015bci, ceniony jest jako jeden z najbardziej fascynuj\u0105cych instrumentalist\u00f3w na scenie koncertowej. Przy wzro\u015bcie 195 cm Peled rozpocz\u0105\u0142 karier\u0119 jako koszykarz, a gdy z kolei tymi 195 cm obj\u0105\u0142 wiolonczel\u0119, zyska\u0142 przydomek \u201eJacqueline du Pr\u00e9 w ciele rolnika\u201d. Peled cz\u0119sto zaskakuje s\u0142uchaczy, prze\u0142amuj\u0105c bariery mi\u0119dzy wykonawcami a publiczno\u015bci\u0105 i przybli\u017caj\u0105c muzyk\u0119 klasyczn\u0105 szerszemu gronu. Tim Smith z \u201eThe Baltimore Sun\u201d tak pisa\u0142 o ostatnim wyst\u0119pie artysty: \u201ePeled cz\u0119sto \u017cartowa\u0142, zwracaj\u0105c si\u0119 do widowni. Jego \u017cyczliwo\u015b\u0107 i otwarto\u015b\u0107 to dok\u0142adnie to, czego potrzebujemy, je\u015bli muzyka klasyczna ma w og\u00f3le przetrwa\u0107\u201d.<\/p>\n<p>W sezonie 2016\/2017 artysta nadal dzieli si\u0119 z publiczno\u015bci\u0105 d\u017awi\u0119kiem historycznej wiolonczeli Pabla Casalsa. Marta Casals Istomin, wdowa po maestro Casalsie, osobi\u015bcie przekaza\u0142a mu instrument z pracowni Goffrillera, z ok. 1733 roku.<\/p>\n<p>W\u015br\u00f3d nadchodz\u0105cych wydarze\u0144 z artyst\u0105 i wiekow\u0105 wiolonczel\u0105 w rolach g\u0142\u00f3wnych nale\u017cy wymieni\u0107 wykonanie suit Bacha podczas Ravinia Festival, nowy projekt dla Naxos z zespo\u0142em Tempest Trio, a tak\u017ce wyst\u0119py z Orkiestr\u0105 Symfoniczn\u0105 Jerozolimy i Orkiestr\u0105 Louisville.<\/p>\n<p>Amit Peled koncertowa\u0142 jako solista w wieloma orkiestrami w najwa\u017cniejszych salach \u015bwiata, takich jak Carnegie Hall, Alice Tully Hall, Wigmore Hall w Londynie, Konzerthaus w Berlinie i Mann Auditorium w Tel Awiwie.<\/p>\n<p>Wiolonczelista go\u015bci\u0142 w stacjach radiowych i telewizyjnych na ca\u0142ym \u015bwiecie, m.in. w programie \u201ePerformance Today\u201d stacji NPR, WGBH Boston, WQXR New York, WFMT Chicago, Niemieckim Radio w Berlinie, Radio France oraz w Narodowym Izraelskim Radio i Telewizji.<\/p>\n<p>Peled \u2013 jeden z najbardziej rozchwytywanych pedagog\u00f3w \u2013jest profesorem w Konserwatorium Peabody na Uniwersytecie Johnsa Hopkinsa.<\/p>","protected":false},"excerpt":{"rendered":"<p>Amit Peled. Od Stan\u00f3w Zjednoczonych, poprzez Europ\u0119, a\u017c po Bliski Wsch\u00f3d i Azj\u0119, izraelski wiolonczelista Amit Peled, muzyk o wielkim kunszcie i charyzmatycznej osobowo\u015bci, ceniony jest jako jeden z najbardziej fascynuj\u0105cych instrumentalist\u00f3w na scenie koncertowej. Przy wzro\u015bcie 195 cm Peled rozpocz\u0105\u0142 karier\u0119 jako koszykarz, a gdy z kolei tymi 195 cm obj\u0105\u0142 wiolonczel\u0119, zyska\u0142 przydomek [&hellip;]<\/p>\n","protected":false},"author":6,"featured_media":0,"parent":0,"menu_order":90,"comment_status":"closed","ping_status":"closed","template":"template-artist.php","meta":{"footnotes":""},"categories":[],"class_list":["post-1457","page","type-page","status-publish","hentry"],"_links":{"self":[{"href":"https:\/\/beethoven.org.pl\/artysci\/wp-json\/wp\/v2\/pages\/1457","targetHints":{"allow":["GET"]}}],"collection":[{"href":"https:\/\/beethoven.org.pl\/artysci\/wp-json\/wp\/v2\/pages"}],"about":[{"href":"https:\/\/beethoven.org.pl\/artysci\/wp-json\/wp\/v2\/types\/page"}],"author":[{"embeddable":true,"href":"https:\/\/beethoven.org.pl\/artysci\/wp-json\/wp\/v2\/users\/6"}],"replies":[{"embeddable":true,"href":"https:\/\/beethoven.org.pl\/artysci\/wp-json\/wp\/v2\/comments?post=1457"}],"version-history":[{"count":1,"href":"https:\/\/beethoven.org.pl\/artysci\/wp-json\/wp\/v2\/pages\/1457\/revisions"}],"predecessor-version":[{"id":1459,"href":"https:\/\/beethoven.org.pl\/artysci\/wp-json\/wp\/v2\/pages\/1457\/revisions\/1459"}],"wp:attachment":[{"href":"https:\/\/beethoven.org.pl\/artysci\/wp-json\/wp\/v2\/media?parent=1457"}],"wp:term":[{"taxonomy":"category","embeddable":true,"href":"https:\/\/beethoven.org.pl\/artysci\/wp-json\/wp\/v2\/categories?post=1457"}],"curies":[{"name":"wp","href":"https:\/\/api.w.org\/{rel}","templated":true}]}}

<p><strong>Amit Peled</strong>. Od Stanów Zjednoczonych, poprzez Europę, aż po Bliski Wschód i Azję, izraelski wiolonczelista Amit Peled, muzyk o wielkim kunszcie i charyzmatycznej osobowości, ceniony jest jako jeden z najbardziej fascynujących instrumentalistów na scenie koncertowej. Przy wzroście 195 cm Peled rozpoczął karierę jako koszykarz, a gdy z kolei tymi 195 cm objął wiolonczelę, zyskał przydomek „Jacqueline du Pré w ciele rolnika”. Peled często zaskakuje słuchaczy, przełamując bariery między wykonawcami a publicznością i przybliżając muzykę klasyczną szerszemu gronu. Tim Smith z „The Baltimore Sun” tak pisał o ostatnim występie artysty: „Peled często żartował, zwracając się do widowni. Jego życzliwość i otwartość to dokładnie to, czego potrzebujemy, jeśli muzyka klasyczna ma w ogóle przetrwać”.</p>
<p>W sezonie 2016/2017 artysta nadal dzieli się z publicznością dźwiękiem historycznej wiolonczeli Pabla Casalsa. Marta Casals Istomin, wdowa po maestro Casalsie, osobiście przekazała mu instrument z pracowni Goffrillera, z ok. 1733 roku.</p>
<p>Wśród nadchodzących wydarzeń z artystą i wiekową wiolonczelą w rolach głównych należy wymienić wykonanie suit Bacha podczas Ravinia Festival, nowy projekt dla Naxos z zespołem Tempest Trio, a także występy z Orkiestrą Symfoniczną Jerozolimy i Orkiestrą Louisville.</p>
<p>Amit Peled koncertował jako solista w wieloma orkiestrami w najważniejszych salach świata, takich jak Carnegie Hall, Alice Tully Hall, Wigmore Hall w Londynie, Konzerthaus w Berlinie i Mann Auditorium w Tel Awiwie.</p>
<p>Wiolonczelista gościł w stacjach radiowych i telewizyjnych na całym świecie, m.in. w programie „Performance Today” stacji NPR, WGBH Boston, WQXR New York, WFMT Chicago, Niemieckim Radio w Berlinie, Radio France oraz w Narodowym Izraelskim Radio i Telewizji.</p>
<p>Peled – jeden z najbardziej rozchwytywanych pedagogów –jest profesorem w Konserwatorium Peabody na Uniwersytecie Johnsa Hopkinsa.</p>

<p>Amit Peled. Od Stanów Zjednoczonych, poprzez Europę, aż po Bliski Wschód i Azję, izraelski wiolonczelista Amit Peled, muzyk o wielkim kunszcie i charyzmatycznej osobowości, ceniony jest jako jeden z najbardziej fascynujących instrumentalistów na scenie koncertowej. Przy wzroście 195 cm Peled rozpoczął karierę jako koszykarz, a gdy z kolei tymi 195 cm objął wiolonczelę, zyskał przydomek [&hellip;]</p>
