{"id":1451,"date":"2017-04-10T13:28:14","date_gmt":"2017-04-10T11:28:14","guid":{"rendered":"http:\/\/beethoven.org.pl\/artysci\/?page_id=1451"},"modified":"2017-04-11T10:36:41","modified_gmt":"2017-04-11T08:36:41","slug":"andres-orozco-estrada","status":"publish","type":"page","link":"https:\/\/beethoven.org.pl\/artysci\/andres-orozco-estrada\/","title":{"rendered":"Andr\u00e9s Orozco-Estrada"},"content":{"rendered":"<p>Dyrektor muzyczny Symfonicznej Orkiestry Radiowej we Frankfurcie.<\/p>\n<p>Andr\u00e9s Orozco-Estrada od 2014 roku piastuje stanowisko dyrektora muzycznego hr-Sinfonieorchester. W tym samym roku zosta\u0142 mianowany dyrektorem artystycznym Orkiestry Symfonicznej Houston, a rok p\u00f3\u017aniej zosta\u0142 wybrany pierwszym go\u015bcinnym dyrygentem Filharmonik\u00f3w Londy\u0144skich. Wiosn\u0105 2016 roku przed\u0142u\u017cy\u0142 sw\u00f3j anga\u017c we Frankfurcie o kolejne trzy lata, wyd\u0142u\u017caj\u0105c go w ten spos\u00f3b do lat siedmiu.<\/p>\n<p>Urodzony w Kolumbii, wykszta\u0142cenie muzyczne zdobywa\u0142 w Wiedniu; dzi\u015b jest jednym z najbardziej poszukiwanych dyrygent\u00f3w swojego pokolenia. Na sta\u0142e wsp\u00f3\u0142pracuje z tak znanymi w muzycznym \u015bwiecie zespo\u0142ami, jak: Orkiestra Filharmonii Wiede\u0144skiej, Kr\u00f3lewska Orkiestra Concertgebouw w Amsterdamie, Mahler Chamber Orchestra, Orchestre National de France, orkiestra Santa Cecilia w Rzymie, Orkiestr\u0105 Gewandhaus w Lipsku, a tak\u017ce orkiestry w Pittsburghu, Cleveland i Filadelfii. W 2014 roku po raz pierwszy dyrygowa\u0142 na festiwalu w Glyndebourne, a w 2015 \u2013 na Festiwalu w Salzburgu.<\/p>\n<p>Mi\u0119dzynarodowa publiczno\u015b\u0107 mia\u0142a po raz pierwszy okazj\u0119 podziwia\u0107 Andr\u00e9sa Orozco-Estrad\u0119 w 2004 roku, gdy zosta\u0142 w pilnym trybie poproszony o poprowadzenie Tonk\u00fcnstler Orchestra w wiede\u0144skiej Musikverein. Pi\u0119\u0107 lat p\u00f3\u017aniej sta\u0142 si\u0119 pierwszym dyrygentem tego zespo\u0142u. Ta pe\u0142na znacz\u0105cych sukces\u00f3w wsp\u00f3\u0142praca zako\u0144czy\u0142a si\u0119 w sezonie 2014\/15. Ponadto w latach 2009-2013 Orozco-Estrada by\u0142 r\u00f3wnie\u017c pierwszym dyrygentem Baskijskiej Orkiestry Narodowej.<\/p>\n<p>Dyrygent, urodzony w kolumbijskim Medell\u00edn w 1977 roku, rozpocz\u0105\u0142 studia muzyczne w klasie skrzypiec w wieku lat 15, pobieraj\u0105c jednocze\u015bnie pierwsze lekcje dyrygentury. W 1997 roku przeni\u00f3s\u0142 si\u0119 do Wiednia, gdzie kontynuowa\u0142 nauk\u0119 w s\u0142ynnym Konserwatorium Wiede\u0144skim w klasie dyrygentury Uro\u0161a Lajovica, ucznia legendarnego Hansa Swarowsky\u2019ego.<\/p>","protected":false},"excerpt":{"rendered":"<p>Dyrektor muzyczny Symfonicznej Orkiestry Radiowej we Frankfurcie. Andr\u00e9s Orozco-Estrada od 2014 roku piastuje stanowisko dyrektora muzycznego hr-Sinfonieorchester. W tym samym roku zosta\u0142 mianowany dyrektorem artystycznym Orkiestry Symfonicznej Houston, a rok p\u00f3\u017aniej zosta\u0142 wybrany pierwszym go\u015bcinnym dyrygentem Filharmonik\u00f3w Londy\u0144skich. Wiosn\u0105 2016 roku przed\u0142u\u017cy\u0142 sw\u00f3j anga\u017c we Frankfurcie o kolejne trzy lata, wyd\u0142u\u017caj\u0105c go w ten spos\u00f3b [&hellip;]<\/p>\n","protected":false},"author":6,"featured_media":0,"parent":0,"menu_order":123,"comment_status":"closed","ping_status":"closed","template":"template-artist.php","meta":{"footnotes":""},"categories":[],"class_list":["post-1451","page","type-page","status-publish","hentry"],"_links":{"self":[{"href":"https:\/\/beethoven.org.pl\/artysci\/wp-json\/wp\/v2\/pages\/1451","targetHints":{"allow":["GET"]}}],"collection":[{"href":"https:\/\/beethoven.org.pl\/artysci\/wp-json\/wp\/v2\/pages"}],"about":[{"href":"https:\/\/beethoven.org.pl\/artysci\/wp-json\/wp\/v2\/types\/page"}],"author":[{"embeddable":true,"href":"https:\/\/beethoven.org.pl\/artysci\/wp-json\/wp\/v2\/users\/6"}],"replies":[{"embeddable":true,"href":"https:\/\/beethoven.org.pl\/artysci\/wp-json\/wp\/v2\/comments?post=1451"}],"version-history":[{"count":1,"href":"https:\/\/beethoven.org.pl\/artysci\/wp-json\/wp\/v2\/pages\/1451\/revisions"}],"predecessor-version":[{"id":1453,"href":"https:\/\/beethoven.org.pl\/artysci\/wp-json\/wp\/v2\/pages\/1451\/revisions\/1453"}],"wp:attachment":[{"href":"https:\/\/beethoven.org.pl\/artysci\/wp-json\/wp\/v2\/media?parent=1451"}],"wp:term":[{"taxonomy":"category","embeddable":true,"href":"https:\/\/beethoven.org.pl\/artysci\/wp-json\/wp\/v2\/categories?post=1451"}],"curies":[{"name":"wp","href":"https:\/\/api.w.org\/{rel}","templated":true}]}}

Andrés Orozco-Estrada

<p>Dyrektor muzyczny Symfonicznej Orkiestry Radiowej we Frankfurcie.</p>
<p>Andrés Orozco-Estrada od 2014 roku piastuje stanowisko dyrektora muzycznego hr-Sinfonieorchester. W tym samym roku został mianowany dyrektorem artystycznym Orkiestry Symfonicznej Houston, a rok później został wybrany pierwszym gościnnym dyrygentem Filharmoników Londyńskich. Wiosną 2016 roku przedłużył swój angaż we Frankfurcie o kolejne trzy lata, wydłużając go w ten sposób do lat siedmiu.</p>
<p>Urodzony w Kolumbii, wykształcenie muzyczne zdobywał w Wiedniu; dziś jest jednym z najbardziej poszukiwanych dyrygentów swojego pokolenia. Na stałe współpracuje z tak znanymi w muzycznym świecie zespołami, jak: Orkiestra Filharmonii Wiedeńskiej, Królewska Orkiestra Concertgebouw w Amsterdamie, Mahler Chamber Orchestra, Orchestre National de France, orkiestra Santa Cecilia w Rzymie, Orkiestrą Gewandhaus w Lipsku, a także orkiestry w Pittsburghu, Cleveland i Filadelfii. W 2014 roku po raz pierwszy dyrygował na festiwalu w Glyndebourne, a w 2015 – na Festiwalu w Salzburgu.</p>
<p>Międzynarodowa publiczność miała po raz pierwszy okazję podziwiać Andrésa Orozco-Estradę w 2004 roku, gdy został w pilnym trybie poproszony o poprowadzenie Tonkünstler Orchestra w wiedeńskiej Musikverein. Pięć lat później stał się pierwszym dyrygentem tego zespołu. Ta pełna znaczących sukcesów współpraca zakończyła się w sezonie 2014/15. Ponadto w latach 2009-2013 Orozco-Estrada był również pierwszym dyrygentem Baskijskiej Orkiestry Narodowej.</p>
<p>Dyrygent, urodzony w kolumbijskim Medellín w 1977 roku, rozpoczął studia muzyczne w klasie skrzypiec w wieku lat 15, pobierając jednocześnie pierwsze lekcje dyrygentury. W 1997 roku przeniósł się do Wiednia, gdzie kontynuował naukę w słynnym Konserwatorium Wiedeńskim w klasie dyrygentury Uroša Lajovica, ucznia legendarnego Hansa Swarowsky’ego.</p>

<p>Dyrektor muzyczny Symfonicznej Orkiestry Radiowej we Frankfurcie. Andrés Orozco-Estrada od 2014 roku piastuje stanowisko dyrektora muzycznego hr-Sinfonieorchester. W tym samym roku został mianowany dyrektorem artystycznym Orkiestry Symfonicznej Houston, a rok później został wybrany pierwszym gościnnym dyrygentem Filharmoników Londyńskich. Wiosną 2016 roku przedłużył swój angaż we Frankfurcie o kolejne trzy lata, wydłużając go w ten sposób [&hellip;]</p>
