{"id":1448,"date":"2017-04-10T13:21:53","date_gmt":"2017-04-10T11:21:53","guid":{"rendered":"http:\/\/beethoven.org.pl\/artysci\/?page_id=1448"},"modified":"2017-04-11T10:35:59","modified_gmt":"2017-04-11T08:35:59","slug":"orkiestra-symfoniczna-filharmonii-warminsko-mazurskiej","status":"publish","type":"page","link":"https:\/\/beethoven.org.pl\/artysci\/orkiestra-symfoniczna-filharmonii-warminsko-mazurskiej\/","title":{"rendered":"Orkiestra Symfoniczna Filharmonii Warmi\u0144sko-Mazurskiej"},"content":{"rendered":"<p><strong>Orkiestra Symfoniczna Filharmonii Warmi\u0144sko-Mazurskiej im. <\/strong><strong>Feliksa Nowowiejskiego w Olsztynie<\/strong><\/p>\n<p>Z inicjatyw\u0105 stworzenia orkiestry wyst\u0105pi\u0142 Miros\u0142aw D\u0105browski w styczniu 1946 roku, a koncert inauguruj\u0105cy jej dzia\u0142alno\u015b\u0107 odby\u0142 si\u0119 ju\u017c 17 marca tego samego roku. Imi\u0119 Feliksa Nowowiejskiego nadano orkiestrze w roku 1962. Nast\u0119pnie otrzyma\u0142a ona status Pa\u0144stwowej Orkiestry Symfonicznej i jako Filharmonia zacz\u0119\u0142a funkcjonowa\u0107 od roku 1973. Obecn\u0105 nazw\u0119 przyj\u0119\u0142a w 2002 roku, kiedy to przesz\u0142a pod zarz\u0105d Sejmiku Wojew\u00f3dztwa.<\/p>\n<p>Orkiestra Filharmonii Warmi\u0144sko-Mazurskiej koncertowa\u0142a w kraju i za granic\u0105: w Rosji, Hiszpanii, na Litwie, w Niemczech, Rumunii, Bu\u0142garii, Macedonii, we W\u0142oszech i Francji. Nagra\u0142a 17 p\u0142yt, z kt\u00f3rych ostatni\u0105 jest dwup\u0142ytowy album z oratorium <em>Quo vadis<\/em> Nowowiejskiego.<\/p>\n<p>1 lipca 2011 roku funkcj\u0119 dyrektora naczelnego i artystycznego Filharmonii obj\u0105\u0142 Piotr Su\u0142kowski. Za swoj\u0105 dzia\u0142alno\u015b\u0107 w nowej siedzibie Filharmonia otrzyma\u0142a m.in. Statuetk\u0119 \u015bw. Jakuba, Laur \u201eNajlepszym z\u00a0Najlepszych\u201d oraz miano Inwestycji 25-lecia Warmii i Mazur. Z okazji jubileuszu 70-lecia (2016) zesp\u00f3\u0142 odznaczony zosta\u0142 Srebrnym Medalem Zas\u0142u\u017cony Kulturze \u2013 Gloria Artis.<\/p>\n<p>22 stycznia 2016 roku w Filharmonii odby\u0142a si\u0119 og\u00f3lnopolska inauguracja og\u0142oszonego przez Sejm RP Roku Feliksa Nowowiejskiego, patrona orkiestry. Szczeg\u00f3lnymi wydarzeniami artystycznymi z udzia\u0142em zespo\u0142u by\u0142y wykonania oratorium <em>Quo vadis<\/em> Nowowiejskiego w Krakowie, Barczewie i Warszawie.<\/p>\n<p>Melomani z regionu Warmii i Mazur niezmiennie ceni\u0105 swoj\u0105 orkiestr\u0119, odnajduj\u0105c w jej dokonaniach artystycznych wa\u017cn\u0105 cz\u0119\u015b\u0107 swojej to\u017csamo\u015bci. Nowa siedziba Filharmonii sta\u0142a si\u0119 centrum kulturalnym o znaczeniu wykraczaj\u0105cym poza granice regionu i kraju.<\/p>","protected":false},"excerpt":{"rendered":"<p>Orkiestra Symfoniczna Filharmonii Warmi\u0144sko-Mazurskiej im. Feliksa Nowowiejskiego w Olsztynie Z inicjatyw\u0105 stworzenia orkiestry wyst\u0105pi\u0142 Miros\u0142aw D\u0105browski w styczniu 1946 roku, a koncert inauguruj\u0105cy jej dzia\u0142alno\u015b\u0107 odby\u0142 si\u0119 ju\u017c 17 marca tego samego roku. Imi\u0119 Feliksa Nowowiejskiego nadano orkiestrze w roku 1962. Nast\u0119pnie otrzyma\u0142a ona status Pa\u0144stwowej Orkiestry Symfonicznej i jako Filharmonia zacz\u0119\u0142a funkcjonowa\u0107 od roku [&hellip;]<\/p>\n","protected":false},"author":6,"featured_media":0,"parent":0,"menu_order":124,"comment_status":"closed","ping_status":"closed","template":"template-artist.php","meta":{"footnotes":""},"categories":[],"class_list":["post-1448","page","type-page","status-publish","hentry"],"_links":{"self":[{"href":"https:\/\/beethoven.org.pl\/artysci\/wp-json\/wp\/v2\/pages\/1448","targetHints":{"allow":["GET"]}}],"collection":[{"href":"https:\/\/beethoven.org.pl\/artysci\/wp-json\/wp\/v2\/pages"}],"about":[{"href":"https:\/\/beethoven.org.pl\/artysci\/wp-json\/wp\/v2\/types\/page"}],"author":[{"embeddable":true,"href":"https:\/\/beethoven.org.pl\/artysci\/wp-json\/wp\/v2\/users\/6"}],"replies":[{"embeddable":true,"href":"https:\/\/beethoven.org.pl\/artysci\/wp-json\/wp\/v2\/comments?post=1448"}],"version-history":[{"count":1,"href":"https:\/\/beethoven.org.pl\/artysci\/wp-json\/wp\/v2\/pages\/1448\/revisions"}],"predecessor-version":[{"id":1450,"href":"https:\/\/beethoven.org.pl\/artysci\/wp-json\/wp\/v2\/pages\/1448\/revisions\/1450"}],"wp:attachment":[{"href":"https:\/\/beethoven.org.pl\/artysci\/wp-json\/wp\/v2\/media?parent=1448"}],"wp:term":[{"taxonomy":"category","embeddable":true,"href":"https:\/\/beethoven.org.pl\/artysci\/wp-json\/wp\/v2\/categories?post=1448"}],"curies":[{"name":"wp","href":"https:\/\/api.w.org\/{rel}","templated":true}]}}

Orkiestra Symfoniczna Filharmonii Warmińsko-Mazurskiej

<p><strong>Orkiestra Symfoniczna Filharmonii Warmińsko-Mazurskiej im. </strong><strong>Feliksa Nowowiejskiego w Olsztynie</strong></p>
<p>Z inicjatywą stworzenia orkiestry wystąpił Mirosław Dąbrowski w styczniu 1946 roku, a koncert inaugurujący jej działalność odbył się już 17 marca tego samego roku. Imię Feliksa Nowowiejskiego nadano orkiestrze w roku 1962. Następnie otrzymała ona status Państwowej Orkiestry Symfonicznej i jako Filharmonia zaczęła funkcjonować od roku 1973. Obecną nazwę przyjęła w 2002 roku, kiedy to przeszła pod zarząd Sejmiku Województwa.</p>
<p>Orkiestra Filharmonii Warmińsko-Mazurskiej koncertowała w kraju i za granicą: w Rosji, Hiszpanii, na Litwie, w Niemczech, Rumunii, Bułgarii, Macedonii, we Włoszech i Francji. Nagrała 17 płyt, z których ostatnią jest dwupłytowy album z oratorium <em>Quo vadis</em> Nowowiejskiego.</p>
<p>1 lipca 2011 roku funkcję dyrektora naczelnego i artystycznego Filharmonii objął Piotr Sułkowski. Za swoją działalność w nowej siedzibie Filharmonia otrzymała m.in. Statuetkę św. Jakuba, Laur „Najlepszym z Najlepszych” oraz miano Inwestycji 25-lecia Warmii i Mazur. Z okazji jubileuszu 70-lecia (2016) zespół odznaczony został Srebrnym Medalem Zasłużony Kulturze – Gloria Artis.</p>
<p>22 stycznia 2016 roku w Filharmonii odbyła się ogólnopolska inauguracja ogłoszonego przez Sejm RP Roku Feliksa Nowowiejskiego, patrona orkiestry. Szczególnymi wydarzeniami artystycznymi z udziałem zespołu były wykonania oratorium <em>Quo vadis</em> Nowowiejskiego w Krakowie, Barczewie i Warszawie.</p>
<p>Melomani z regionu Warmii i Mazur niezmiennie cenią swoją orkiestrę, odnajdując w jej dokonaniach artystycznych ważną część swojej tożsamości. Nowa siedziba Filharmonii stała się centrum kulturalnym o znaczeniu wykraczającym poza granice regionu i kraju.</p>

<p>Orkiestra Symfoniczna Filharmonii Warmińsko-Mazurskiej im. Feliksa Nowowiejskiego w Olsztynie Z inicjatywą stworzenia orkiestry wystąpił Mirosław Dąbrowski w styczniu 1946 roku, a koncert inaugurujący jej działalność odbył się już 17 marca tego samego roku. Imię Feliksa Nowowiejskiego nadano orkiestrze w roku 1962. Następnie otrzymała ona status Państwowej Orkiestry Symfonicznej i jako Filharmonia zaczęła funkcjonować od roku [&hellip;]</p>
