{"id":1445,"date":"2017-04-10T13:19:13","date_gmt":"2017-04-10T11:19:13","guid":{"rendered":"http:\/\/beethoven.org.pl\/artysci\/?page_id=1445"},"modified":"2017-04-11T10:35:52","modified_gmt":"2017-04-11T08:35:52","slug":"orkiestra-symfoniczna-filharmonii-narodowej-2","status":"publish","type":"page","link":"https:\/\/beethoven.org.pl\/artysci\/orkiestra-symfoniczna-filharmonii-narodowej-2\/","title":{"rendered":"Orkiestra Symfoniczna Filharmonii Narodowej"},"content":{"rendered":"<p>Pierwszy koncert w wykonaniu Filharmonii Warszawskiej odby\u0142 si\u0119 5 listopada 1901 roku w nowo wybudowanym gmachu. Orkiestr\u0105 dyrygowa\u0142 wsp\u00f3\u0142za\u0142o\u017cyciel Filharmonii, jej pierwszy dyrektor muzyczny i dyrygent Emil M\u0142ynarski, a jako solista wyst\u0105pi\u0142 Ignacy Jan Paderewski. Ju\u017c przed I wojn\u0105 \u015bwiatow\u0105 i w okresie mi\u0119dzywojennym sta\u0142a si\u0119 g\u0142\u00f3wnym o\u015brodkiem \u017cycia muzycznego w Polsce oraz jedn\u0105 z wa\u017cniejszych instytucji muzycznych w Europie.<\/p>\n<p>W pierwszych latach po II wojnie \u015bwiatowej koncerty orkiestry odbywa\u0142y si\u0119 w teatrach i halach sportowych. 21\u00a0lutego 1955 roku, w miejsce wcze\u015bniejszej siedziby zniszczonej nalotami niemieckimi, otrzyma\u0142a odbudowany gmach i\u00a0status Filharmonii Narodowej. Pod kierownictwem Witolda Rowickiego orkiestra odzyska\u0142a sw\u00f3j presti\u017c wiod\u0105cego zespo\u0142u symfonicznego w Polsce. W latach 1955-58 funkcj\u0119 jej dyrektora artystycznego sprawowa\u0142 Bohdan Wodiczko, by przekaza\u0107 j\u0105 ponownie Rowickiemu. W 1977 roku stanowisko to obj\u0105\u0142 Kazimierz Kord, a od stycznia 2002 do sierpnia 2013\u00a0roku dyrektorem naczelnym i\u00a0artystycznym Filharmonii Narodowej by\u0142 Antoni Wit. Od\u00a01\u00a0wrze\u015bnia 2013 roku funkcj\u0119 dyrektora artystycznego pe\u0142ni Jacek Kaspszyk.<\/p>\n<p>Dzi\u015b Orkiestra Filharmonii Narodowej cieszy si\u0119 popularno\u015bci\u0105 i uznaniem na ca\u0142ym \u015bwiecie. Odby\u0142a ponad 140 tourn\u00e9es na pi\u0119ciu kontynentach, wyst\u0119powa\u0142a we wszystkich najwa\u017cniejszych salach koncertowych \u015bwiata.<\/p>\n<p>Orkiestra Filharmonii Narodowej regularnie bierze udzia\u0142 w Mi\u0119dzynarodowych Konkursach Pianistycznych im. F.\u00a0Chopina i w Festiwalu \u201eWarszawska Jesie\u0144\u201d. Nagrywa dla Polskiego Radia i\u00a0telewizji, polskich i zagranicznych firm p\u0142ytowych oraz na\u00a0potrzeby filmu. Dokonania Orkiestry Filharmonii Narodowej bywa\u0142y wielokrotnie nagradzane presti\u017cowymi nagrodami fonograficznymi: m.in. Grammy Award 2013 i siedem innych nominacji do tej nagrody za nagrania dzie\u0142 oratoryjnych Krzysztofa Pendereckiego i\u00a0Karola Szymanowskiego, Diapason d\u2019Or, ICMA, Gramophone, Record Geijutsu, Classical Internet Award, Cannes Classical Award, Fryderyki.<\/p>","protected":false},"excerpt":{"rendered":"<p>Pierwszy koncert w wykonaniu Filharmonii Warszawskiej odby\u0142 si\u0119 5 listopada 1901 roku w nowo wybudowanym gmachu. Orkiestr\u0105 dyrygowa\u0142 wsp\u00f3\u0142za\u0142o\u017cyciel Filharmonii, jej pierwszy dyrektor muzyczny i dyrygent Emil M\u0142ynarski, a jako solista wyst\u0105pi\u0142 Ignacy Jan Paderewski. Ju\u017c przed I wojn\u0105 \u015bwiatow\u0105 i w okresie mi\u0119dzywojennym sta\u0142a si\u0119 g\u0142\u00f3wnym o\u015brodkiem \u017cycia muzycznego w Polsce oraz jedn\u0105 z [&hellip;]<\/p>\n","protected":false},"author":6,"featured_media":0,"parent":0,"menu_order":125,"comment_status":"closed","ping_status":"closed","template":"template-artist.php","meta":{"footnotes":""},"categories":[],"class_list":["post-1445","page","type-page","status-publish","hentry"],"_links":{"self":[{"href":"https:\/\/beethoven.org.pl\/artysci\/wp-json\/wp\/v2\/pages\/1445","targetHints":{"allow":["GET"]}}],"collection":[{"href":"https:\/\/beethoven.org.pl\/artysci\/wp-json\/wp\/v2\/pages"}],"about":[{"href":"https:\/\/beethoven.org.pl\/artysci\/wp-json\/wp\/v2\/types\/page"}],"author":[{"embeddable":true,"href":"https:\/\/beethoven.org.pl\/artysci\/wp-json\/wp\/v2\/users\/6"}],"replies":[{"embeddable":true,"href":"https:\/\/beethoven.org.pl\/artysci\/wp-json\/wp\/v2\/comments?post=1445"}],"version-history":[{"count":1,"href":"https:\/\/beethoven.org.pl\/artysci\/wp-json\/wp\/v2\/pages\/1445\/revisions"}],"predecessor-version":[{"id":1447,"href":"https:\/\/beethoven.org.pl\/artysci\/wp-json\/wp\/v2\/pages\/1445\/revisions\/1447"}],"wp:attachment":[{"href":"https:\/\/beethoven.org.pl\/artysci\/wp-json\/wp\/v2\/media?parent=1445"}],"wp:term":[{"taxonomy":"category","embeddable":true,"href":"https:\/\/beethoven.org.pl\/artysci\/wp-json\/wp\/v2\/categories?post=1445"}],"curies":[{"name":"wp","href":"https:\/\/api.w.org\/{rel}","templated":true}]}}

<p>Pierwszy koncert w wykonaniu Filharmonii Warszawskiej odbył się 5 listopada 1901 roku w nowo wybudowanym gmachu. Orkiestrą dyrygował współzałożyciel Filharmonii, jej pierwszy dyrektor muzyczny i dyrygent Emil Młynarski, a jako solista wystąpił Ignacy Jan Paderewski. Już przed I wojną światową i w okresie międzywojennym stała się głównym ośrodkiem życia muzycznego w Polsce oraz jedną z ważniejszych instytucji muzycznych w Europie.</p>
<p>W pierwszych latach po II wojnie światowej koncerty orkiestry odbywały się w teatrach i halach sportowych. 21 lutego 1955 roku, w miejsce wcześniejszej siedziby zniszczonej nalotami niemieckimi, otrzymała odbudowany gmach i status Filharmonii Narodowej. Pod kierownictwem Witolda Rowickiego orkiestra odzyskała swój prestiż wiodącego zespołu symfonicznego w Polsce. W latach 1955-58 funkcję jej dyrektora artystycznego sprawował Bohdan Wodiczko, by przekazać ją ponownie Rowickiemu. W 1977 roku stanowisko to objął Kazimierz Kord, a od stycznia 2002 do sierpnia 2013 roku dyrektorem naczelnym i artystycznym Filharmonii Narodowej był Antoni Wit. Od 1 września 2013 roku funkcję dyrektora artystycznego pełni Jacek Kaspszyk.</p>
<p>Dziś Orkiestra Filharmonii Narodowej cieszy się popularnością i uznaniem na całym świecie. Odbyła ponad 140 tournées na pięciu kontynentach, występowała we wszystkich najważniejszych salach koncertowych świata.</p>
<p>Orkiestra Filharmonii Narodowej regularnie bierze udział w Międzynarodowych Konkursach Pianistycznych im. F. Chopina i w Festiwalu „Warszawska Jesień”. Nagrywa dla Polskiego Radia i telewizji, polskich i zagranicznych firm płytowych oraz na potrzeby filmu. Dokonania Orkiestry Filharmonii Narodowej bywały wielokrotnie nagradzane prestiżowymi nagrodami fonograficznymi: m.in. Grammy Award 2013 i siedem innych nominacji do tej nagrody za nagrania dzieł oratoryjnych Krzysztofa Pendereckiego i Karola Szymanowskiego, Diapason d’Or, ICMA, Gramophone, Record Geijutsu, Classical Internet Award, Cannes Classical Award, Fryderyki.</p>

<p>Pierwszy koncert w wykonaniu Filharmonii Warszawskiej odbył się 5 listopada 1901 roku w nowo wybudowanym gmachu. Orkiestrą dyrygował współzałożyciel Filharmonii, jej pierwszy dyrektor muzyczny i dyrygent Emil Młynarski, a jako solista wystąpił Ignacy Jan Paderewski. Już przed I wojną światową i w okresie międzywojennym stała się głównym ośrodkiem życia muzycznego w Polsce oraz jedną z [&hellip;]</p>
