{"id":1439,"date":"2017-04-10T13:07:32","date_gmt":"2017-04-10T11:07:32","guid":{"rendered":"http:\/\/beethoven.org.pl\/artysci\/?page_id=1439"},"modified":"2017-04-11T10:35:29","modified_gmt":"2017-04-11T08:35:29","slug":"orchester-wiener-akademie","status":"publish","type":"page","link":"https:\/\/beethoven.org.pl\/artysci\/orchester-wiener-akademie\/","title":{"rendered":"Orchester Wiener Akademie"},"content":{"rendered":"<p><strong>Orchester Wiener Akademie<\/strong><\/p>\n<p>Za\u0142o\u017cona w 1985 roku przez wybitnego dyrygenta i organist\u0119 Martina Haselb\u00f6cka, Orchester Wiener Akademie zyska\u0142a uznanie na ca\u0142ym \u015bwiecie za niew\u0105tpliwie austriack\u0105 muzykalno\u015b\u0107, wirtuozeri\u0119, wyrafinowanie i energi\u0119. Orchester Wiener Akademie jest jedyn\u0105 orkiestr\u0105 w Austrii maj\u0105c\u0105 w swoim repertuarze dzie\u0142a od baroku poprzez klasycyzm i romantyzm, a\u017c po wczesny wiek XX, wykonywane na instrumentach z epoki, a tak\u017ce utwory najnowsze wykonywane na wsp\u00f3\u0142czesnych instrumentach. Jest tak samo dobrze znana z\u00a0interpretacji dzie\u0142 Bacha, Mozarta, Haydna i Beethovena, co muzyki Schumanna, Brahmsa, Liszta i Brucknera.<\/p>\n<p>Coroczny cykl koncert\u00f3w w wiede\u0144skiej Musikverein to ju\u017c sta\u0142y i bardzo popularny punkt w kalendarzu muzycznym miasta. W koncertach zespo\u0142u uczestnicz\u0105 go\u015bcinnie soli\u015bci instrumentali\u015bci i wokali\u015bci, tacy jak: Daniel Hope, Ronald Brautigam, Isabelle Faust, Thomas Hampson, Anne Schwanewilms, Soile Isokoski, Cecilia Bartoli, Sophie Karth\u00e4user, Dorothee Mields i wielu innych.<\/p>\n<p>W 2014 roku Orchester Wiener Akademie i Martin Haselb\u00f6ck zapocz\u0105tkowali nowy cykl koncert\u00f3w w Wiedniu \u2013 RESOUND, w ramach kt\u00f3rego wykonywane s\u0105 dzie\u0142a symfoniczne Beethovena w historycznych salach, w\u00a0kt\u00f3rych odby\u0142y si\u0119 b\u0105d\u017a ich premiery, b\u0105d\u017a pierwsze wiede\u0144skie wykonania. Koncerty w ramach cyklu RESOUND przyjmowane s\u0105 z najwi\u0119kszym entuzjazmem przez wiede\u0144sk\u0105 publiczno\u015b\u0107 i pras\u0119, a towarzyszy im seria r\u00f3wnie popularnych nagra\u0144 symfonii i innych dzie\u0142 dla francuskiej wytw\u00f3rni Alpha. W najbli\u017cszym sezonie cykl zostanie poszerzony o koncerty fortepianowe Beethovena i symfonie Schuberta.<\/p>\n<p>Orchester Wiener Akademie wyje\u017cd\u017ca na liczne tourn\u00e9es. W ostatnim sezonie zesp\u00f3\u0142 wyst\u0105pi\u0142 w ponad 20 krajach na 3 kontynentach. Mo\u017cna go by\u0142o us\u0142ysze\u0107 na mi\u0119dzynarodowych festiwalach muzycznych oraz w ramach cykli koncert\u00f3w, takich jak Praska Wiosna, Frankfurter Fest, Festiwal Muzyczny w Szlezwiku-Holsztynie czy Wiener Festwochen. Wiosn\u0105 2017 roku orkiestra zaprezentuje wszystkie symfonie Beethovena w Osace i Tokio.<\/p>","protected":false},"excerpt":{"rendered":"<p>Orchester Wiener Akademie Za\u0142o\u017cona w 1985 roku przez wybitnego dyrygenta i organist\u0119 Martina Haselb\u00f6cka, Orchester Wiener Akademie zyska\u0142a uznanie na ca\u0142ym \u015bwiecie za niew\u0105tpliwie austriack\u0105 muzykalno\u015b\u0107, wirtuozeri\u0119, wyrafinowanie i energi\u0119. Orchester Wiener Akademie jest jedyn\u0105 orkiestr\u0105 w Austrii maj\u0105c\u0105 w swoim repertuarze dzie\u0142a od baroku poprzez klasycyzm i romantyzm, a\u017c po wczesny wiek XX, wykonywane [&hellip;]<\/p>\n","protected":false},"author":6,"featured_media":0,"parent":0,"menu_order":127,"comment_status":"closed","ping_status":"closed","template":"template-artist.php","meta":{"footnotes":""},"categories":[],"class_list":["post-1439","page","type-page","status-publish","hentry"],"_links":{"self":[{"href":"https:\/\/beethoven.org.pl\/artysci\/wp-json\/wp\/v2\/pages\/1439","targetHints":{"allow":["GET"]}}],"collection":[{"href":"https:\/\/beethoven.org.pl\/artysci\/wp-json\/wp\/v2\/pages"}],"about":[{"href":"https:\/\/beethoven.org.pl\/artysci\/wp-json\/wp\/v2\/types\/page"}],"author":[{"embeddable":true,"href":"https:\/\/beethoven.org.pl\/artysci\/wp-json\/wp\/v2\/users\/6"}],"replies":[{"embeddable":true,"href":"https:\/\/beethoven.org.pl\/artysci\/wp-json\/wp\/v2\/comments?post=1439"}],"version-history":[{"count":1,"href":"https:\/\/beethoven.org.pl\/artysci\/wp-json\/wp\/v2\/pages\/1439\/revisions"}],"predecessor-version":[{"id":1441,"href":"https:\/\/beethoven.org.pl\/artysci\/wp-json\/wp\/v2\/pages\/1439\/revisions\/1441"}],"wp:attachment":[{"href":"https:\/\/beethoven.org.pl\/artysci\/wp-json\/wp\/v2\/media?parent=1439"}],"wp:term":[{"taxonomy":"category","embeddable":true,"href":"https:\/\/beethoven.org.pl\/artysci\/wp-json\/wp\/v2\/categories?post=1439"}],"curies":[{"name":"wp","href":"https:\/\/api.w.org\/{rel}","templated":true}]}}

<p><strong>Orchester Wiener Akademie</strong></p>
<p>Założona w 1985 roku przez wybitnego dyrygenta i organistę Martina Haselböcka, Orchester Wiener Akademie zyskała uznanie na całym świecie za niewątpliwie austriacką muzykalność, wirtuozerię, wyrafinowanie i energię. Orchester Wiener Akademie jest jedyną orkiestrą w Austrii mającą w swoim repertuarze dzieła od baroku poprzez klasycyzm i romantyzm, aż po wczesny wiek XX, wykonywane na instrumentach z epoki, a także utwory najnowsze wykonywane na współczesnych instrumentach. Jest tak samo dobrze znana z interpretacji dzieł Bacha, Mozarta, Haydna i Beethovena, co muzyki Schumanna, Brahmsa, Liszta i Brucknera.</p>
<p>Coroczny cykl koncertów w wiedeńskiej Musikverein to już stały i bardzo popularny punkt w kalendarzu muzycznym miasta. W koncertach zespołu uczestniczą gościnnie soliści instrumentaliści i wokaliści, tacy jak: Daniel Hope, Ronald Brautigam, Isabelle Faust, Thomas Hampson, Anne Schwanewilms, Soile Isokoski, Cecilia Bartoli, Sophie Karthäuser, Dorothee Mields i wielu innych.</p>
<p>W 2014 roku Orchester Wiener Akademie i Martin Haselböck zapoczątkowali nowy cykl koncertów w Wiedniu – RESOUND, w ramach którego wykonywane są dzieła symfoniczne Beethovena w historycznych salach, w których odbyły się bądź ich premiery, bądź pierwsze wiedeńskie wykonania. Koncerty w ramach cyklu RESOUND przyjmowane są z największym entuzjazmem przez wiedeńską publiczność i prasę, a towarzyszy im seria równie popularnych nagrań symfonii i innych dzieł dla francuskiej wytwórni Alpha. W najbliższym sezonie cykl zostanie poszerzony o koncerty fortepianowe Beethovena i symfonie Schuberta.</p>
<p>Orchester Wiener Akademie wyjeżdża na liczne tournées. W ostatnim sezonie zespół wystąpił w ponad 20 krajach na 3 kontynentach. Można go było usłyszeć na międzynarodowych festiwalach muzycznych oraz w ramach cykli koncertów, takich jak Praska Wiosna, Frankfurter Fest, Festiwal Muzyczny w Szlezwiku-Holsztynie czy Wiener Festwochen. Wiosną 2017 roku orkiestra zaprezentuje wszystkie symfonie Beethovena w Osace i Tokio.</p>

<p>Orchester Wiener Akademie Założona w 1985 roku przez wybitnego dyrygenta i organistę Martina Haselböcka, Orchester Wiener Akademie zyskała uznanie na całym świecie za niewątpliwie austriacką muzykalność, wirtuozerię, wyrafinowanie i energię. Orchester Wiener Akademie jest jedyną orkiestrą w Austrii mającą w swoim repertuarze dzieła od baroku poprzez klasycyzm i romantyzm, aż po wczesny wiek XX, wykonywane [&hellip;]</p>
