{"id":1426,"date":"2017-04-10T12:45:04","date_gmt":"2017-04-10T10:45:04","guid":{"rendered":"http:\/\/beethoven.org.pl\/artysci\/?page_id=1426"},"modified":"2017-04-11T10:34:41","modified_gmt":"2017-04-11T08:34:41","slug":"george-mosley","status":"publish","type":"page","link":"https:\/\/beethoven.org.pl\/artysci\/george-mosley\/","title":{"rendered":"George Mosley"},"content":{"rendered":"<p><strong>George Mosley<\/strong>, baryton. Od chwili otrzymania I nagrody podczas Mi\u0119dzynarodowego Konkursu Mozartowskiego w Salzburgu, George Mosley wyst\u0119powa\u0142 w Royal Opera House, Covent Garden jako Dancairo\/<em>Carmen<\/em>; w English National Opera jako Yamadori\/<em>Madama Butterfly<\/em>, Marco\/<em>Gianni Schicchi<\/em>, Sportowiec\/<em>Fennimore and Gerda<\/em>, Ksi\u0105\u017c\u0119 Albany\/<em>Lear<\/em> i Henry\/<em>The Fairy Queen<\/em>; w Scottish Opera jako Ksi\u0105\u017c\u0119 Or\u0142owski\/<em>Zemsta nietoperza<\/em>, Schaunard\/<em>Cyganeria<\/em> i Papageno\/<em>Czarodziejski flet<\/em> oraz w Opera North w roli Patroklesa\/<em>Kr\u00f3l Priam<\/em> i Ojca Wilka\/<em>Baa Baa Black Sheep<\/em> \u2013 spektakl ten emitowany by\u0142 przez telewizj\u0119 BBC.<\/p>\n<p>Spo\u015br\u00f3d zagranicznych debiut\u00f3w \u015bpiewaka warto wymieni\u0107 wyst\u0119p w Teatro Comunale w Modenie w partiach Guglielma\/<em>Cos\u00ec fan tutte <\/em>i Hrabiego\/<em>Wesele Figara<\/em> oraz w tytu\u0142owej roli Don Giovanniego. W Teatro Verdi w Pizie kreowa\u0142 parti\u0119 Malatesty\/<em>Don Pasquale<\/em>, Ottona\/<em>Koronacja Poppei<\/em>, Guglielma, Hrabiego i Dandiniego\/<em>Kopciuszek<\/em> (wykona\u0142 j\u0105 tak\u017ce w Operze w Michigan). W Operze Flandryjskiej wyst\u0105pi\u0142 jako Patrokles, w Concertgebouw jako Apollo\/ <em>Alcesta<\/em>, a w Sali Koncertowej w Atenach jako Hrabia.<\/p>\n<p>Niedawno artyst\u0119 mo\u017cna by\u0142o us\u0142ysze\u0107 tak\u017ce w partii Hrabiego w <em>Capriccio<\/em> w New York City Opera; w tytu\u0142owej roli w <em>Dydonie i Eneaszu<\/em> w ramach tourn\u00e9e z Oper\u0105 Pa\u0144stwow\u0105 Nowosybirska, w Lugo i w Teatro Comunale w Bolonii; jako Ober\u017cyst\u0119\/<em>Cherubin<\/em> w Teatrze Lirycznym w Cagliari (spektakl ukaza\u0142 si\u0119 na DVD); w <em>Powodzi<\/em> oraz <em>Dziecku i czarach <\/em>w Bari, jako Thoasa\/<em>Ifigenia na Taurydzie<\/em> podczas Wielkanocnego Festiwalu im. Ludwiga van Beethovena w Warszawie, a tak\u017ce w <em>Ruinach Aten<\/em> z Drezde\u0144sk\u0105 Orkiestr\u0105 Symfoniczn\u0105. Przysz\u0142e plany Mosleya obejmuj\u0105 m.in. rol\u0119 Pigwy\/<em>Sen nocy letniej<\/em> w Operze Izraelskiej.<\/p>","protected":false},"excerpt":{"rendered":"<p>George Mosley, baryton. Od chwili otrzymania I nagrody podczas Mi\u0119dzynarodowego Konkursu Mozartowskiego w Salzburgu, George Mosley wyst\u0119powa\u0142 w Royal Opera House, Covent Garden jako Dancairo\/Carmen; w English National Opera jako Yamadori\/Madama Butterfly, Marco\/Gianni Schicchi, Sportowiec\/Fennimore and Gerda, Ksi\u0105\u017c\u0119 Albany\/Lear i Henry\/The Fairy Queen; w Scottish Opera jako Ksi\u0105\u017c\u0119 Or\u0142owski\/Zemsta nietoperza, Schaunard\/Cyganeria i Papageno\/Czarodziejski flet oraz [&hellip;]<\/p>\n","protected":false},"author":6,"featured_media":0,"parent":0,"menu_order":131,"comment_status":"closed","ping_status":"closed","template":"template-artist.php","meta":{"footnotes":""},"categories":[],"class_list":["post-1426","page","type-page","status-publish","hentry"],"_links":{"self":[{"href":"https:\/\/beethoven.org.pl\/artysci\/wp-json\/wp\/v2\/pages\/1426","targetHints":{"allow":["GET"]}}],"collection":[{"href":"https:\/\/beethoven.org.pl\/artysci\/wp-json\/wp\/v2\/pages"}],"about":[{"href":"https:\/\/beethoven.org.pl\/artysci\/wp-json\/wp\/v2\/types\/page"}],"author":[{"embeddable":true,"href":"https:\/\/beethoven.org.pl\/artysci\/wp-json\/wp\/v2\/users\/6"}],"replies":[{"embeddable":true,"href":"https:\/\/beethoven.org.pl\/artysci\/wp-json\/wp\/v2\/comments?post=1426"}],"version-history":[{"count":1,"href":"https:\/\/beethoven.org.pl\/artysci\/wp-json\/wp\/v2\/pages\/1426\/revisions"}],"predecessor-version":[{"id":1428,"href":"https:\/\/beethoven.org.pl\/artysci\/wp-json\/wp\/v2\/pages\/1426\/revisions\/1428"}],"wp:attachment":[{"href":"https:\/\/beethoven.org.pl\/artysci\/wp-json\/wp\/v2\/media?parent=1426"}],"wp:term":[{"taxonomy":"category","embeddable":true,"href":"https:\/\/beethoven.org.pl\/artysci\/wp-json\/wp\/v2\/categories?post=1426"}],"curies":[{"name":"wp","href":"https:\/\/api.w.org\/{rel}","templated":true}]}}

<p><strong>George Mosley</strong>, baryton. Od chwili otrzymania I nagrody podczas Międzynarodowego Konkursu Mozartowskiego w Salzburgu, George Mosley występował w Royal Opera House, Covent Garden jako Dancairo/<em>Carmen</em>; w English National Opera jako Yamadori/<em>Madama Butterfly</em>, Marco/<em>Gianni Schicchi</em>, Sportowiec/<em>Fennimore and Gerda</em>, Książę Albany/<em>Lear</em> i Henry/<em>The Fairy Queen</em>; w Scottish Opera jako Książę Orłowski/<em>Zemsta nietoperza</em>, Schaunard/<em>Cyganeria</em> i Papageno/<em>Czarodziejski flet</em> oraz w Opera North w roli Patroklesa/<em>Król Priam</em> i Ojca Wilka/<em>Baa Baa Black Sheep</em> – spektakl ten emitowany był przez telewizję BBC.</p>
<p>Spośród zagranicznych debiutów śpiewaka warto wymienić występ w Teatro Comunale w Modenie w partiach Guglielma/<em>Così fan tutte </em>i Hrabiego/<em>Wesele Figara</em> oraz w tytułowej roli Don Giovanniego. W Teatro Verdi w Pizie kreował partię Malatesty/<em>Don Pasquale</em>, Ottona/<em>Koronacja Poppei</em>, Guglielma, Hrabiego i Dandiniego/<em>Kopciuszek</em> (wykonał ją także w Operze w Michigan). W Operze Flandryjskiej wystąpił jako Patrokles, w Concertgebouw jako Apollo/ <em>Alcesta</em>, a w Sali Koncertowej w Atenach jako Hrabia.</p>
<p>Niedawno artystę można było usłyszeć także w partii Hrabiego w <em>Capriccio</em> w New York City Opera; w tytułowej roli w <em>Dydonie i Eneaszu</em> w ramach tournée z Operą Państwową Nowosybirska, w Lugo i w Teatro Comunale w Bolonii; jako Oberżystę/<em>Cherubin</em> w Teatrze Lirycznym w Cagliari (spektakl ukazał się na DVD); w <em>Powodzi</em> oraz <em>Dziecku i czarach </em>w Bari, jako Thoasa/<em>Ifigenia na Taurydzie</em> podczas Wielkanocnego Festiwalu im. Ludwiga van Beethovena w Warszawie, a także w <em>Ruinach Aten</em> z Drezdeńską Orkiestrą Symfoniczną. Przyszłe plany Mosleya obejmują m.in. rolę Pigwy/<em>Sen nocy letniej</em> w Operze Izraelskiej.</p>

<p>George Mosley, baryton. Od chwili otrzymania I nagrody podczas Międzynarodowego Konkursu Mozartowskiego w Salzburgu, George Mosley występował w Royal Opera House, Covent Garden jako Dancairo/Carmen; w English National Opera jako Yamadori/Madama Butterfly, Marco/Gianni Schicchi, Sportowiec/Fennimore and Gerda, Książę Albany/Lear i Henry/The Fairy Queen; w Scottish Opera jako Książę Orłowski/Zemsta nietoperza, Schaunard/Cyganeria i Papageno/Czarodziejski flet oraz [&hellip;]</p>
