{"id":1423,"date":"2017-04-10T12:42:57","date_gmt":"2017-04-10T10:42:57","guid":{"rendered":"http:\/\/beethoven.org.pl\/artysci\/?page_id=1423"},"modified":"2017-04-11T10:34:32","modified_gmt":"2017-04-11T08:34:32","slug":"edgaras-montvidas","status":"publish","type":"page","link":"https:\/\/beethoven.org.pl\/artysci\/edgaras-montvidas\/","title":{"rendered":"Edgaras Montvidas"},"content":{"rendered":"<p><strong>Edgaras Montvidas<\/strong>, tenor litewskiego pochodzenia, kszta\u0142ci\u0142 si\u0119 w Wilnie.<\/p>\n<p>Jego plany na ten i kolejne sezony obejmuj\u0105 partie Don Ottavia\/<em>Don Giovanni<\/em>, Edgarda\/<em>\u0141ucja z Lammermooru <\/em>dla Semperoper w Dre\u017anie, Flamanda\/<em>Capriccio<\/em> dla La Monnaie w Brukseli, Alfreda\/<em>Zemsta nietoperza<\/em> dla Bawarskiej Opery Narodowej w Monachium, tytu\u0142ow\u0105 rol\u0119 Wertera dla Op\u00e9ra national de Lorraine w Nancy oraz debiut w Op\u00e9ra Comique w roli Conrada w <em>Srebrzystym g\u0142osie <\/em>Saint-Sa\u00ebnsa.<\/p>\n<p>W ramach repertuaru koncertowego za\u015bpiewa <em>Requiem<\/em> Verdiego z Royal Scottish National Orchestra, <em>Kr\u00f3la Rogera<\/em> Szymanowskiego z Orkiestr\u0105 Accademia di Santa Cecilia w Rzymie pod batut\u0105 Antonio Pappano i <em>Okup z Zamory <\/em>Gounoda z\u00a0Monachijsk\u0105 Orkiestr\u0105 Radiow\u0105.<\/p>\n<p>Spo\u015br\u00f3d niedawnych wyst\u0119p\u00f3w operowych artysty warto wymieni\u0107 parti\u0119 Le\u0144skiego\/<em>Eugeniusz Oniegin<\/em> i Belmonta w ramach wsp\u00f3\u0142pracy z Bawarsk\u0105 Oper\u0105 Narodow\u0105 oraz podczas Festiwalu Operowego Glyndebourne; Belmonta dla Opery Hamburskiej oraz Du\u0144skiej Opery Narodowej, w kt\u00f3rej wykona\u0142 r\u00f3wnie\u017c parti\u0119 Arbace\/<em>Idomeneo<\/em> i Rybaka w <em>S\u0142owiku<\/em> Strawi\u0144skiego; Nemorina dla Angielskiej Opery Narodowej i Opery Szkockiej; Ruggera\/<em>Jask\u00f3\u0142ka<\/em> i Alfreda dla Opery w Lipsku; Pruniera\/<em>Jask\u00f3\u0142ka <\/em>dla Royal Opera, Covent Garden; Rinuccia\/<em>Gianni Schicchi<\/em> dla Cincinnati Opera; udzia\u0142 w <em>Opowie\u015bciach Hoffmanna<\/em> w nowej produkcji Barriego Kosky\u2019ego dla Komische Oper Berlin i rol\u0119 Don Ottavia\/<em>Don Giovanni<\/em> dla Opery w Santa Fe.<\/p>\n<p>W wersji koncertowej \u015bpiewa\u0142 parti\u0119 Rybaka\/<em>S\u0142owik <\/em>z Filharmonikami Berli\u0144skimi pod batut\u0105 Pierre\u2019a Bouleza, a tak\u017ce <em>Kr\u00f3la Rogera<\/em> i Rybaka oraz <em>Dziecko i czary <\/em>Ravela z Bosto\u0144sk\u0105 Orkiestr\u0105 Symfoniczn\u0105 kierowan\u0105 przez Charles\u2019a Dutoit.<\/p>\n<p>Montvidas zosta\u0142 uhonorowany przez prezydent Dali\u0119 Grybauskait\u0119 Orderem za Zas\u0142ugi dla Litwy; otrzyma\u0142 tak\u017ce odznak\u0119 honorow\u0105 \u201eCarry Your Light and Believe\u201d (Nie\u015b \u015bwiat\u0142o i wierz) Litewskiego Ministerstwa Kultury, a w 2009 roku przyznano mu litewsk\u0105 nagrod\u0119 teatraln\u0105 \u201eGold Cross of the Stage\u201d (Z\u0142oty krzy\u017c sceny) za rol\u0119 Wertera.<\/p>","protected":false},"excerpt":{"rendered":"<p>Edgaras Montvidas, tenor litewskiego pochodzenia, kszta\u0142ci\u0142 si\u0119 w Wilnie. Jego plany na ten i kolejne sezony obejmuj\u0105 partie Don Ottavia\/Don Giovanni, Edgarda\/\u0141ucja z Lammermooru dla Semperoper w Dre\u017anie, Flamanda\/Capriccio dla La Monnaie w Brukseli, Alfreda\/Zemsta nietoperza dla Bawarskiej Opery Narodowej w Monachium, tytu\u0142ow\u0105 rol\u0119 Wertera dla Op\u00e9ra national de Lorraine w Nancy oraz debiut w [&hellip;]<\/p>\n","protected":false},"author":6,"featured_media":0,"parent":0,"menu_order":132,"comment_status":"closed","ping_status":"closed","template":"template-artist.php","meta":{"footnotes":""},"categories":[],"class_list":["post-1423","page","type-page","status-publish","hentry"],"_links":{"self":[{"href":"https:\/\/beethoven.org.pl\/artysci\/wp-json\/wp\/v2\/pages\/1423","targetHints":{"allow":["GET"]}}],"collection":[{"href":"https:\/\/beethoven.org.pl\/artysci\/wp-json\/wp\/v2\/pages"}],"about":[{"href":"https:\/\/beethoven.org.pl\/artysci\/wp-json\/wp\/v2\/types\/page"}],"author":[{"embeddable":true,"href":"https:\/\/beethoven.org.pl\/artysci\/wp-json\/wp\/v2\/users\/6"}],"replies":[{"embeddable":true,"href":"https:\/\/beethoven.org.pl\/artysci\/wp-json\/wp\/v2\/comments?post=1423"}],"version-history":[{"count":1,"href":"https:\/\/beethoven.org.pl\/artysci\/wp-json\/wp\/v2\/pages\/1423\/revisions"}],"predecessor-version":[{"id":1425,"href":"https:\/\/beethoven.org.pl\/artysci\/wp-json\/wp\/v2\/pages\/1423\/revisions\/1425"}],"wp:attachment":[{"href":"https:\/\/beethoven.org.pl\/artysci\/wp-json\/wp\/v2\/media?parent=1423"}],"wp:term":[{"taxonomy":"category","embeddable":true,"href":"https:\/\/beethoven.org.pl\/artysci\/wp-json\/wp\/v2\/categories?post=1423"}],"curies":[{"name":"wp","href":"https:\/\/api.w.org\/{rel}","templated":true}]}}

<p><strong>Edgaras Montvidas</strong>, tenor litewskiego pochodzenia, kształcił się w Wilnie.</p>
<p>Jego plany na ten i kolejne sezony obejmują partie Don Ottavia/<em>Don Giovanni</em>, Edgarda/<em>Łucja z Lammermooru </em>dla Semperoper w Dreźnie, Flamanda/<em>Capriccio</em> dla La Monnaie w Brukseli, Alfreda/<em>Zemsta nietoperza</em> dla Bawarskiej Opery Narodowej w Monachium, tytułową rolę Wertera dla Opéra national de Lorraine w Nancy oraz debiut w Opéra Comique w roli Conrada w <em>Srebrzystym głosie </em>Saint-Saënsa.</p>
<p>W ramach repertuaru koncertowego zaśpiewa <em>Requiem</em> Verdiego z Royal Scottish National Orchestra, <em>Króla Rogera</em> Szymanowskiego z Orkiestrą Accademia di Santa Cecilia w Rzymie pod batutą Antonio Pappano i <em>Okup z Zamory </em>Gounoda z Monachijską Orkiestrą Radiową.</p>
<p>Spośród niedawnych występów operowych artysty warto wymienić partię Leńskiego/<em>Eugeniusz Oniegin</em> i Belmonta w ramach współpracy z Bawarską Operą Narodową oraz podczas Festiwalu Operowego Glyndebourne; Belmonta dla Opery Hamburskiej oraz Duńskiej Opery Narodowej, w której wykonał również partię Arbace/<em>Idomeneo</em> i Rybaka w <em>Słowiku</em> Strawińskiego; Nemorina dla Angielskiej Opery Narodowej i Opery Szkockiej; Ruggera/<em>Jaskółka</em> i Alfreda dla Opery w Lipsku; Pruniera/<em>Jaskółka </em>dla Royal Opera, Covent Garden; Rinuccia/<em>Gianni Schicchi</em> dla Cincinnati Opera; udział w <em>Opowieściach Hoffmanna</em> w nowej produkcji Barriego Kosky’ego dla Komische Oper Berlin i rolę Don Ottavia/<em>Don Giovanni</em> dla Opery w Santa Fe.</p>
<p>W wersji koncertowej śpiewał partię Rybaka/<em>Słowik </em>z Filharmonikami Berlińskimi pod batutą Pierre’a Bouleza, a także <em>Króla Rogera</em> i Rybaka oraz <em>Dziecko i czary </em>Ravela z Bostońską Orkiestrą Symfoniczną kierowaną przez Charles’a Dutoit.</p>
<p>Montvidas został uhonorowany przez prezydent Dalię Grybauskaitę Orderem za Zasługi dla Litwy; otrzymał także odznakę honorową „Carry Your Light and Believe” (Nieś światło i wierz) Litewskiego Ministerstwa Kultury, a w 2009 roku przyznano mu litewską nagrodę teatralną „Gold Cross of the Stage” (Złoty krzyż sceny) za rolę Wertera.</p>

<p>Edgaras Montvidas, tenor litewskiego pochodzenia, kształcił się w Wilnie. Jego plany na ten i kolejne sezony obejmują partie Don Ottavia/Don Giovanni, Edgarda/Łucja z Lammermooru dla Semperoper w Dreźnie, Flamanda/Capriccio dla La Monnaie w Brukseli, Alfreda/Zemsta nietoperza dla Bawarskiej Opery Narodowej w Monachium, tytułową rolę Wertera dla Opéra national de Lorraine w Nancy oraz debiut w [&hellip;]</p>
