{"id":1420,"date":"2017-04-10T12:41:18","date_gmt":"2017-04-10T10:41:18","guid":{"rendered":"http:\/\/beethoven.org.pl\/artysci\/?page_id=1420"},"modified":"2017-04-11T10:26:49","modified_gmt":"2017-04-11T08:26:49","slug":"miroslaw-janowski","status":"publish","type":"page","link":"https:\/\/beethoven.org.pl\/artysci\/miroslaw-janowski\/","title":{"rendered":"Miros\u0142aw Janowski"},"content":{"rendered":"<p><strong>Miros\u0142aw Janowski<\/strong>. Uko\u0144czy\u0142 Akademi\u0119 Muzyczn\u0105 im. Fryderyka Chopina w Warszawie. W latach 1984-1995 pracowa\u0142 jako asystent, a nast\u0119pnie jako dyrygent ch\u00f3ru w Teatrze Wielkim w Warszawie. W 1995 roku obj\u0105\u0142 kierownictwo ch\u00f3ru Teatru Muzycznego Roma, a od 1998 roku ponownie pracuje z ch\u00f3rem Teatru Wielkiego \u2013 Opery Narodowej.<\/p>\n<p>W czasie swojej dzia\u0142alno\u015bci artystycznej przygotowywa\u0142 ch\u00f3ry do ponad stu premier i 2000 spektakli w re\u017cyserii m.in.: Willy\u2019ego Deckera, Augusta Everdinga, Achima Freyera, Harry\u2019ego Kupfera, Keitha Warnera, Roberta Wilsona, Mariusza Treli\u0144skiego, Krzysztofa Warlikowskiego, Marka Weissa i Micha\u0142a Znanieckiego. Za pulpitem dyrygenckim stawali w\u00f3wczas m.in.: Jos\u00e9 Cura, Enrique Diemecke, Pl\u00e1cido Domingo, Patrick Fournillier, Valery Gergiev, Marc Minkowski, Alberto Zedda, \u0141ukasz Borowicz, Gabriel Chmura, Jacek Kaspszyk, Kazimierz Kord, Wojciech Michniewski, Krzysztof Penderecki, Andrzej Straszy\u0144ski, Antoni Wit.<\/p>\n<p>Dyrygowa\u0142 ch\u00f3rem w takich spektaklach, jak: <em>Aida<\/em>, <em>Borys Godunow<\/em>, <em>Carmen<\/em>, <em>Dama pikowa<\/em>, <em>Diab\u0142y z Loudun<\/em>, <em>Don Carlos<\/em>, <em>Halka<\/em>, <em>Kr\u00f3l Roger<\/em>, <em>Holender tu\u0142acz<\/em>, <em>Madame Butterfly<\/em>, <em>Manon Lescaut<\/em>, <em>Maria Stuart<\/em>, <em>Eugeniusz Oniegin<\/em>, <em>Raj utracony<\/em>, <em>Turandot<\/em>, <em>Wilhelm Tell<\/em> i wielu innych.<\/p>\n<p>Przygotowywa\u0142 ch\u00f3ry do operetek i musicali (m.in.: <em>West Side Story<\/em> i <em>Wonderful Town<\/em>). Pracowa\u0142 dla wytw\u00f3rni Walta Disneya i Warner Bros. By\u0142 dyrektorem artystycznym Towarzystwa \u015apiewaczego \u201eHarfa\u201d. Dyrygowa\u0142 Polsk\u0105 Orkiestr\u0105 Radiow\u0105 i Sinfoni\u0105 Varsovi\u0105, a obecnie wsp\u00f3\u0142pracuje z\u00a0Filharmoni\u0105 im. Romualda Traugutta, dla kt\u00f3rej wraz zespo\u0142em Media Choir nagrywa p\u0142yty z\u00a0pie\u015bniami patriotycznymi.<\/p>","protected":false},"excerpt":{"rendered":"<p>Miros\u0142aw Janowski. Uko\u0144czy\u0142 Akademi\u0119 Muzyczn\u0105 im. Fryderyka Chopina w Warszawie. W latach 1984-1995 pracowa\u0142 jako asystent, a nast\u0119pnie jako dyrygent ch\u00f3ru w Teatrze Wielkim w Warszawie. W 1995 roku obj\u0105\u0142 kierownictwo ch\u00f3ru Teatru Muzycznego Roma, a od 1998 roku ponownie pracuje z ch\u00f3rem Teatru Wielkiego \u2013 Opery Narodowej. W czasie swojej dzia\u0142alno\u015bci artystycznej przygotowywa\u0142 ch\u00f3ry [&hellip;]<\/p>\n","protected":false},"author":6,"featured_media":0,"parent":0,"menu_order":133,"comment_status":"closed","ping_status":"closed","template":"template-artist.php","meta":{"footnotes":""},"categories":[],"class_list":["post-1420","page","type-page","status-publish","hentry"],"_links":{"self":[{"href":"https:\/\/beethoven.org.pl\/artysci\/wp-json\/wp\/v2\/pages\/1420","targetHints":{"allow":["GET"]}}],"collection":[{"href":"https:\/\/beethoven.org.pl\/artysci\/wp-json\/wp\/v2\/pages"}],"about":[{"href":"https:\/\/beethoven.org.pl\/artysci\/wp-json\/wp\/v2\/types\/page"}],"author":[{"embeddable":true,"href":"https:\/\/beethoven.org.pl\/artysci\/wp-json\/wp\/v2\/users\/6"}],"replies":[{"embeddable":true,"href":"https:\/\/beethoven.org.pl\/artysci\/wp-json\/wp\/v2\/comments?post=1420"}],"version-history":[{"count":1,"href":"https:\/\/beethoven.org.pl\/artysci\/wp-json\/wp\/v2\/pages\/1420\/revisions"}],"predecessor-version":[{"id":1422,"href":"https:\/\/beethoven.org.pl\/artysci\/wp-json\/wp\/v2\/pages\/1420\/revisions\/1422"}],"wp:attachment":[{"href":"https:\/\/beethoven.org.pl\/artysci\/wp-json\/wp\/v2\/media?parent=1420"}],"wp:term":[{"taxonomy":"category","embeddable":true,"href":"https:\/\/beethoven.org.pl\/artysci\/wp-json\/wp\/v2\/categories?post=1420"}],"curies":[{"name":"wp","href":"https:\/\/api.w.org\/{rel}","templated":true}]}}

Mirosław Janowski

<p><strong>Mirosław Janowski</strong>. Ukończył Akademię Muzyczną im. Fryderyka Chopina w Warszawie. W latach 1984-1995 pracował jako asystent, a następnie jako dyrygent chóru w Teatrze Wielkim w Warszawie. W 1995 roku objął kierownictwo chóru Teatru Muzycznego Roma, a od 1998 roku ponownie pracuje z chórem Teatru Wielkiego – Opery Narodowej.</p>
<p>W czasie swojej działalności artystycznej przygotowywał chóry do ponad stu premier i 2000 spektakli w reżyserii m.in.: Willy’ego Deckera, Augusta Everdinga, Achima Freyera, Harry’ego Kupfera, Keitha Warnera, Roberta Wilsona, Mariusza Trelińskiego, Krzysztofa Warlikowskiego, Marka Weissa i Michała Znanieckiego. Za pulpitem dyrygenckim stawali wówczas m.in.: José Cura, Enrique Diemecke, Plácido Domingo, Patrick Fournillier, Valery Gergiev, Marc Minkowski, Alberto Zedda, Łukasz Borowicz, Gabriel Chmura, Jacek Kaspszyk, Kazimierz Kord, Wojciech Michniewski, Krzysztof Penderecki, Andrzej Straszyński, Antoni Wit.</p>
<p>Dyrygował chórem w takich spektaklach, jak: <em>Aida</em>, <em>Borys Godunow</em>, <em>Carmen</em>, <em>Dama pikowa</em>, <em>Diabły z Loudun</em>, <em>Don Carlos</em>, <em>Halka</em>, <em>Król Roger</em>, <em>Holender tułacz</em>, <em>Madame Butterfly</em>, <em>Manon Lescaut</em>, <em>Maria Stuart</em>, <em>Eugeniusz Oniegin</em>, <em>Raj utracony</em>, <em>Turandot</em>, <em>Wilhelm Tell</em> i wielu innych.</p>
<p>Przygotowywał chóry do operetek i musicali (m.in.: <em>West Side Story</em> i <em>Wonderful Town</em>). Pracował dla wytwórni Walta Disneya i Warner Bros. Był dyrektorem artystycznym Towarzystwa Śpiewaczego „Harfa”. Dyrygował Polską Orkiestrą Radiową i Sinfonią Varsovią, a obecnie współpracuje z Filharmonią im. Romualda Traugutta, dla której wraz zespołem Media Choir nagrywa płyty z pieśniami patriotycznymi.</p>

<p>Mirosław Janowski. Ukończył Akademię Muzyczną im. Fryderyka Chopina w Warszawie. W latach 1984-1995 pracował jako asystent, a następnie jako dyrygent chóru w Teatrze Wielkim w Warszawie. W 1995 roku objął kierownictwo chóru Teatru Muzycznego Roma, a od 1998 roku ponownie pracuje z chórem Teatru Wielkiego – Opery Narodowej. W czasie swojej działalności artystycznej przygotowywał chóry [&hellip;]</p>
