{"id":1417,"date":"2017-04-10T12:39:32","date_gmt":"2017-04-10T10:39:32","guid":{"rendered":"http:\/\/beethoven.org.pl\/artysci\/?page_id=1417"},"modified":"2017-04-11T10:26:40","modified_gmt":"2017-04-11T08:26:40","slug":"bartosz-michalowski","status":"publish","type":"page","link":"https:\/\/beethoven.org.pl\/artysci\/bartosz-michalowski\/","title":{"rendered":"Bartosz Micha\u0142owski"},"content":{"rendered":"<p>Za\u0142o\u017cyciel, dyrektor artystyczny i dyrygent Pozna\u0144skiego Ch\u00f3ru Kameralnego, dyrektor Ch\u00f3ru Filharmonii Narodowej, pomys\u0142odawca i dyrektor Og\u00f3lnopolskiego Konkursu Kompozytorskiego Opus 966, tw\u00f3rca warsztat\u00f3w kompozytorskich dla dzieci i m\u0142odzie\u017cy <em>Pisz muzyk\u0119 &#8211; to proste!<\/em>, a tak\u017ce wsp\u00f3\u0142autor projektu <em>Obrazogranie<\/em>, realizowanego w ramach Biennale sztuki dla dziecka w Poznaniu.<\/p>\n<p>Uko\u0144czy\u0142 z wyr\u00f3\u017cnieniem wydzia\u0142 dyrygentury ch\u00f3ralnej Akademii Muzycznej im. I. J. Paderewskiego w Poznaniu. Jest zwyci\u0119zc\u0105 IX Og\u00f3lnopolskiego Konkursu Dyrygent\u00f3w Ch\u00f3ralnych oraz laureatem nagrody specjalnej za \u015bwiadomo\u015b\u0107 pracy nad emisj\u0105 g\u0142osu w zespole ch\u00f3ralnym.<\/p>\n<p>Przez siedem lat (1998-2005) by\u0142 asystentem prof. Stefana Stuligrosza i drugim dyrygentem Ch\u00f3ru Filharmonii Pozna\u0144skiej. Poprowadzi\u0142 kilkadziesi\u0105t koncert\u00f3w tego ch\u00f3ru, r\u00f3wnie\u017c z udzia\u0142em Orkiestry Filharmonii Pozna\u0144skiej oraz orkiestry Sinfonia Varsovia. Z Pozna\u0144skimi S\u0142owikami koncertowa\u0142 wielokrotnie w Niemczech, Francji, Hiszpanii, Belgii, Holandii, Danii, Szwecji, W\u0142oszech, Austrii, Szwajcarii, Czechach, na Litwie, w Rosji i w Japonii.<\/p>\n<p>W 2005 roku za\u0142o\u017cy\u0142 Pozna\u0144ski Ch\u00f3r Kameralny, kt\u00f3ry jest dzi\u015b jednym z najwy\u017cej cenionych polskich zespo\u0142\u00f3w wokalnych.<\/p>\n<p>Jako dyrygent, Bartosz Micha\u0142owski przygotowa\u0142 i zaprezentowa\u0142 dotychczas kilkaset utwor\u00f3w a cappella oraz form wokalno-instrumentalnych wszystkich epok.<\/p>\n<p>Obok bogatego do\u015bwiadczenia dyrygenckiego, Bartosz Micha\u0142owski przez wiele lat doskonali\u0142 umiej\u0119tno\u015bci i wiedz\u0119 z zakresu emisji g\u0142osu &#8211; uko\u0144czy\u0142 kursy mistrzowskie u Poppy Holden (Wielka Brytania), Christiana Elssnera (Niemcy) i J\u00f3zefa Fraksteina (Polska). Jako solista wsp\u00f3\u0142pracowa\u0142 m.in. z Paulem McCreshem, Jeremim Rhorerem, Stefanem Stuligroszem i Marcinem Sompoli\u0144skim.<\/p>","protected":false},"excerpt":{"rendered":"<p>Za\u0142o\u017cyciel, dyrektor artystyczny i dyrygent Pozna\u0144skiego Ch\u00f3ru Kameralnego, dyrektor Ch\u00f3ru Filharmonii Narodowej, pomys\u0142odawca i dyrektor Og\u00f3lnopolskiego Konkursu Kompozytorskiego Opus 966, tw\u00f3rca warsztat\u00f3w kompozytorskich dla dzieci i m\u0142odzie\u017cy Pisz muzyk\u0119 &#8211; to proste!, a tak\u017ce wsp\u00f3\u0142autor projektu Obrazogranie, realizowanego w ramach Biennale sztuki dla dziecka w Poznaniu. Uko\u0144czy\u0142 z wyr\u00f3\u017cnieniem wydzia\u0142 dyrygentury ch\u00f3ralnej Akademii Muzycznej im. [&hellip;]<\/p>\n","protected":false},"author":6,"featured_media":0,"parent":0,"menu_order":134,"comment_status":"closed","ping_status":"closed","template":"template-artist.php","meta":{"footnotes":""},"categories":[],"class_list":["post-1417","page","type-page","status-publish","hentry"],"_links":{"self":[{"href":"https:\/\/beethoven.org.pl\/artysci\/wp-json\/wp\/v2\/pages\/1417","targetHints":{"allow":["GET"]}}],"collection":[{"href":"https:\/\/beethoven.org.pl\/artysci\/wp-json\/wp\/v2\/pages"}],"about":[{"href":"https:\/\/beethoven.org.pl\/artysci\/wp-json\/wp\/v2\/types\/page"}],"author":[{"embeddable":true,"href":"https:\/\/beethoven.org.pl\/artysci\/wp-json\/wp\/v2\/users\/6"}],"replies":[{"embeddable":true,"href":"https:\/\/beethoven.org.pl\/artysci\/wp-json\/wp\/v2\/comments?post=1417"}],"version-history":[{"count":1,"href":"https:\/\/beethoven.org.pl\/artysci\/wp-json\/wp\/v2\/pages\/1417\/revisions"}],"predecessor-version":[{"id":1419,"href":"https:\/\/beethoven.org.pl\/artysci\/wp-json\/wp\/v2\/pages\/1417\/revisions\/1419"}],"wp:attachment":[{"href":"https:\/\/beethoven.org.pl\/artysci\/wp-json\/wp\/v2\/media?parent=1417"}],"wp:term":[{"taxonomy":"category","embeddable":true,"href":"https:\/\/beethoven.org.pl\/artysci\/wp-json\/wp\/v2\/categories?post=1417"}],"curies":[{"name":"wp","href":"https:\/\/api.w.org\/{rel}","templated":true}]}}

Bartosz Michałowski

<p>Założyciel, dyrektor artystyczny i dyrygent Poznańskiego Chóru Kameralnego, dyrektor Chóru Filharmonii Narodowej, pomysłodawca i dyrektor Ogólnopolskiego Konkursu Kompozytorskiego Opus 966, twórca warsztatów kompozytorskich dla dzieci i młodzieży <em>Pisz muzykę &#8211; to proste!</em>, a także współautor projektu <em>Obrazogranie</em>, realizowanego w ramach Biennale sztuki dla dziecka w Poznaniu.</p>
<p>Ukończył z wyróżnieniem wydział dyrygentury chóralnej Akademii Muzycznej im. I. J. Paderewskiego w Poznaniu. Jest zwycięzcą IX Ogólnopolskiego Konkursu Dyrygentów Chóralnych oraz laureatem nagrody specjalnej za świadomość pracy nad emisją głosu w zespole chóralnym.</p>
<p>Przez siedem lat (1998-2005) był asystentem prof. Stefana Stuligrosza i drugim dyrygentem Chóru Filharmonii Poznańskiej. Poprowadził kilkadziesiąt koncertów tego chóru, również z udziałem Orkiestry Filharmonii Poznańskiej oraz orkiestry Sinfonia Varsovia. Z Poznańskimi Słowikami koncertował wielokrotnie w Niemczech, Francji, Hiszpanii, Belgii, Holandii, Danii, Szwecji, Włoszech, Austrii, Szwajcarii, Czechach, na Litwie, w Rosji i w Japonii.</p>
<p>W 2005 roku założył Poznański Chór Kameralny, który jest dziś jednym z najwyżej cenionych polskich zespołów wokalnych.</p>
<p>Jako dyrygent, Bartosz Michałowski przygotował i zaprezentował dotychczas kilkaset utworów a cappella oraz form wokalno-instrumentalnych wszystkich epok.</p>
<p>Obok bogatego doświadczenia dyrygenckiego, Bartosz Michałowski przez wiele lat doskonalił umiejętności i wiedzę z zakresu emisji głosu &#8211; ukończył kursy mistrzowskie u Poppy Holden (Wielka Brytania), Christiana Elssnera (Niemcy) i Józefa Fraksteina (Polska). Jako solista współpracował m.in. z Paulem McCreshem, Jeremim Rhorerem, Stefanem Stuligroszem i Marcinem Sompolińskim.</p>

<p>Założyciel, dyrektor artystyczny i dyrygent Poznańskiego Chóru Kameralnego, dyrektor Chóru Filharmonii Narodowej, pomysłodawca i dyrektor Ogólnopolskiego Konkursu Kompozytorskiego Opus 966, twórca warsztatów kompozytorskich dla dzieci i młodzieży Pisz muzykę &#8211; to proste!, a także współautor projektu Obrazogranie, realizowanego w ramach Biennale sztuki dla dziecka w Poznaniu. Ukończył z wyróżnieniem wydział dyrygentury chóralnej Akademii Muzycznej im. [&hellip;]</p>
