{"id":1411,"date":"2017-04-10T12:32:09","date_gmt":"2017-04-10T10:32:09","guid":{"rendered":"http:\/\/beethoven.org.pl\/artysci\/?page_id=1411"},"modified":"2017-04-11T10:26:25","modified_gmt":"2017-04-11T08:26:25","slug":"john-malkovich","status":"publish","type":"page","link":"https:\/\/beethoven.org.pl\/artysci\/john-malkovich\/","title":{"rendered":"John Malkovich"},"content":{"rendered":"<p><strong>John Malkovich<\/strong> jest jednym z najwa\u017cniejszych aktor\u00f3w wsp\u00f3\u0142czesnego kina.<\/p>\n<p>W 1976 roku by\u0142 jednym z cz\u0142onk\u00f3w za\u0142o\u017cycieli Steppenwolf Theatre Company w Chicago. Zadebiutowa\u0142 na Broadwayu w 1984 roku jako Biff w <em>\u015amierci komiwoja\u017cera, <\/em>u boku Dustina Hoffmana (w roli Willy\u2019ego). Za t\u0119 w\u0142a\u015bnie rol\u0119 otrzyma\u0142 Nagrod\u0119 Emmy, gdy sztuka zosta\u0142a zaadaptowana na potrzeby telewizji w 1985 roku.<\/p>\n<p>Jego debiut w filmie fabularnym w 1984 roku, w roli niewidomego lokatora w <em>Miejscach w sercu<\/em>, przyni\u00f3s\u0142 mu nominacj\u0119 do Oscara w kategorii najlepszy aktor drugoplanowy. Podziwia\u0107 go mo\u017cna by\u0142o tak\u017ce w takich filmach jak <em>Pola \u015bmierci, Imperium s\u0142o\u0144ca <\/em>i <em>Szklana mena\u017ceria<\/em>. Prawdziw\u0105 s\u0142aw\u0119 przynios\u0142a mu w 1988 roku rola cynicznego wicehrabiego de Valmonta w <em>Niebezpiecznych zwi\u0105zkach<\/em>.<\/p>\n<p>W 1992 roku wyst\u0105pi\u0142 jako Lennie w filmowej adaptacji <em>Myszy i ludzi<\/em> Steinbecka, obok Gary\u2019ego Sinise\u2019a (George). W 1994 roku otrzyma\u0142 kolejn\u0105 nominacj\u0119 do Oscara za film <em>Na linii ognia. <\/em>Zagra\u0142 tak\u017ce tytu\u0142ow\u0105 rol\u0119 w filmie Charliego Kaufmana <em>By\u0107 jak John Malkovich<\/em>. W 2002 roku wszed\u0142 na ekrany kin <em>Tancerz<\/em>, b\u0119d\u0105cy debiutem re\u017cyserskim Malkovicha. W\u015br\u00f3d najnowszych film\u00f3w aktora wymieni\u0107 nale\u017cy <em>Autostopem przez galaktyk\u0119, Beowulf, Tajne przez poufne, Oszukana, Red 1 i 2, Niezwyci\u0119\u017cony Secretariat, Wiecznie \u017cywy, Ha\u0144ba <\/em>i <em>The Giacomo Variations.<\/em><\/p>\n<p>John Malkovich cz\u0119sto wsp\u00f3\u0142pracuje z austriackim re\u017cyserem Michaelem Sturmingerem i dyrygentem Martinem Haselb\u00f6ckiem. Ich wsp\u00f3\u0142praca zaowocowa\u0142a projektem teatralno-muzycznym <em>The Infernal Comedy<\/em> (<em>Piekielna komedia<\/em>), w kt\u00f3rym Malkovich gra austriackiego seryjnego zab\u00f3jc\u0119 Jacka Unterwegera, oraz <em>The Giacomo Variations<\/em>, gdzie wciela si\u0119 (tak\u017ce \u015bpiewaj\u0105c) w posta\u0107 Casanovy. Spektakle zosta\u0142y wystawione ponad 100 razy na ca\u0142ym \u015bwiecie. Trzecie wsp\u00f3lne przedsi\u0119wzi\u0119cie \u2013 <em>Just Call Me God<\/em> dla aktora i organisty \u2013 b\u0119dzie mia\u0142o premier\u0119 w Hamburgu w 2017 roku, po kt\u00f3rej zaprezentowane zostanie w najwa\u017cniejszych salach koncertowych \u015bwiata.<\/p>","protected":false},"excerpt":{"rendered":"<p>John Malkovich jest jednym z najwa\u017cniejszych aktor\u00f3w wsp\u00f3\u0142czesnego kina. W 1976 roku by\u0142 jednym z cz\u0142onk\u00f3w za\u0142o\u017cycieli Steppenwolf Theatre Company w Chicago. Zadebiutowa\u0142 na Broadwayu w 1984 roku jako Biff w \u015amierci komiwoja\u017cera, u boku Dustina Hoffmana (w roli Willy\u2019ego). Za t\u0119 w\u0142a\u015bnie rol\u0119 otrzyma\u0142 Nagrod\u0119 Emmy, gdy sztuka zosta\u0142a zaadaptowana na potrzeby telewizji w [&hellip;]<\/p>\n","protected":false},"author":6,"featured_media":0,"parent":0,"menu_order":137,"comment_status":"closed","ping_status":"closed","template":"template-artist.php","meta":{"footnotes":""},"categories":[],"class_list":["post-1411","page","type-page","status-publish","hentry"],"_links":{"self":[{"href":"https:\/\/beethoven.org.pl\/artysci\/wp-json\/wp\/v2\/pages\/1411","targetHints":{"allow":["GET"]}}],"collection":[{"href":"https:\/\/beethoven.org.pl\/artysci\/wp-json\/wp\/v2\/pages"}],"about":[{"href":"https:\/\/beethoven.org.pl\/artysci\/wp-json\/wp\/v2\/types\/page"}],"author":[{"embeddable":true,"href":"https:\/\/beethoven.org.pl\/artysci\/wp-json\/wp\/v2\/users\/6"}],"replies":[{"embeddable":true,"href":"https:\/\/beethoven.org.pl\/artysci\/wp-json\/wp\/v2\/comments?post=1411"}],"version-history":[{"count":1,"href":"https:\/\/beethoven.org.pl\/artysci\/wp-json\/wp\/v2\/pages\/1411\/revisions"}],"predecessor-version":[{"id":1413,"href":"https:\/\/beethoven.org.pl\/artysci\/wp-json\/wp\/v2\/pages\/1411\/revisions\/1413"}],"wp:attachment":[{"href":"https:\/\/beethoven.org.pl\/artysci\/wp-json\/wp\/v2\/media?parent=1411"}],"wp:term":[{"taxonomy":"category","embeddable":true,"href":"https:\/\/beethoven.org.pl\/artysci\/wp-json\/wp\/v2\/categories?post=1411"}],"curies":[{"name":"wp","href":"https:\/\/api.w.org\/{rel}","templated":true}]}}

<p><strong>John Malkovich</strong> jest jednym z najważniejszych aktorów współczesnego kina.</p>
<p>W 1976 roku był jednym z członków założycieli Steppenwolf Theatre Company w Chicago. Zadebiutował na Broadwayu w 1984 roku jako Biff w <em>Śmierci komiwojażera, </em>u boku Dustina Hoffmana (w roli Willy’ego). Za tę właśnie rolę otrzymał Nagrodę Emmy, gdy sztuka została zaadaptowana na potrzeby telewizji w 1985 roku.</p>
<p>Jego debiut w filmie fabularnym w 1984 roku, w roli niewidomego lokatora w <em>Miejscach w sercu</em>, przyniósł mu nominację do Oscara w kategorii najlepszy aktor drugoplanowy. Podziwiać go można było także w takich filmach jak <em>Pola śmierci, Imperium słońca </em>i <em>Szklana menażeria</em>. Prawdziwą sławę przyniosła mu w 1988 roku rola cynicznego wicehrabiego de Valmonta w <em>Niebezpiecznych związkach</em>.</p>
<p>W 1992 roku wystąpił jako Lennie w filmowej adaptacji <em>Myszy i ludzi</em> Steinbecka, obok Gary’ego Sinise’a (George). W 1994 roku otrzymał kolejną nominację do Oscara za film <em>Na linii ognia. </em>Zagrał także tytułową rolę w filmie Charliego Kaufmana <em>Być jak John Malkovich</em>. W 2002 roku wszedł na ekrany kin <em>Tancerz</em>, będący debiutem reżyserskim Malkovicha. Wśród najnowszych filmów aktora wymienić należy <em>Autostopem przez galaktykę, Beowulf, Tajne przez poufne, Oszukana, Red 1 i 2, Niezwyciężony Secretariat, Wiecznie żywy, Hańba </em>i <em>The Giacomo Variations.</em></p>
<p>John Malkovich często współpracuje z austriackim reżyserem Michaelem Sturmingerem i dyrygentem Martinem Haselböckiem. Ich współpraca zaowocowała projektem teatralno-muzycznym <em>The Infernal Comedy</em> (<em>Piekielna komedia</em>), w którym Malkovich gra austriackiego seryjnego zabójcę Jacka Unterwegera, oraz <em>The Giacomo Variations</em>, gdzie wciela się (także śpiewając) w postać Casanovy. Spektakle zostały wystawione ponad 100 razy na całym świecie. Trzecie wspólne przedsięwzięcie – <em>Just Call Me God</em> dla aktora i organisty – będzie miało premierę w Hamburgu w 2017 roku, po której zaprezentowane zostanie w najważniejszych salach koncertowych świata.</p>

<p>John Malkovich jest jednym z najważniejszych aktorów współczesnego kina. W 1976 roku był jednym z członków założycieli Steppenwolf Theatre Company w Chicago. Zadebiutował na Broadwayu w 1984 roku jako Biff w Śmierci komiwojażera, u boku Dustina Hoffmana (w roli Willy’ego). Za tę właśnie rolę otrzymał Nagrodę Emmy, gdy sztuka została zaadaptowana na potrzeby telewizji w [&hellip;]</p>
