{"id":1408,"date":"2017-04-10T12:29:54","date_gmt":"2017-04-10T10:29:54","guid":{"rendered":"http:\/\/beethoven.org.pl\/artysci\/?page_id=1408"},"modified":"2017-04-11T10:26:17","modified_gmt":"2017-04-11T08:26:17","slug":"anna-lubanska","status":"publish","type":"page","link":"https:\/\/beethoven.org.pl\/artysci\/anna-lubanska\/","title":{"rendered":"Anna Luba\u0144ska"},"content":{"rendered":"<p><strong>Anna Luba\u0144ska<\/strong>, mezzosopran, uko\u0144czy\u0142a z wyr\u00f3\u017cnieniem Warszawsk\u0105 Akademi\u0119 Muzyczn\u0105 w klasie Krystyny Szostek-Radkowej. Jest laureatk\u0105 Mi\u0119dzynarodowego Konkursu Wokalnego im. Ady Sari, gdzie otrzyma\u0142a I nagrod\u0119 i trzy wyr\u00f3\u017cnienia. Ju\u017c podczas ostatniego roku studi\u00f3w zacz\u0119\u0142a wyst\u0119powa\u0107 na warszawskiej scenie operowej, z kt\u00f3r\u0105 zwi\u0105zana jest do dzisiaj.<\/p>\n<p>Wszechstronny talent, temperament i zdolno\u015bci aktorskie oraz r\u00f3\u017cnorodny repertuar czyni\u0105 z niej jedn\u0105 z najbardziej wszechstronnych wsp\u00f3\u0142czesnych polskich \u015bpiewaczek, zdoln\u0105 z r\u00f3wnym powodzeniem wykonywa\u0107 role tragiczne, a tak\u017ce partie o l\u017cejszym charakterze.<\/p>\n<p>Do najwa\u017cniejszych r\u00f3l w jej repertuarze, kt\u00f3re wykonywa\u0142a na deskach Teatru Wielkiego \u2013 Opery Narodowej, nale\u017c\u0105: Ksi\u0119\u017cniczka Eboli\/<em>Don Carlos<\/em>, Amneris\/<em>Aida<\/em>, Fenena\/<em>Nabucco<\/em>, a tak\u017ce Herodiada\/<em>Salome<\/em>, Jadwiga\/<em>Straszny Dw\u00f3r<\/em>, Matka Ubu\/<em>Ubu Rex<\/em>, Olga\/<em>Eugeniusz Oniegin<\/em>. Jest cenion\u0105 interpretatork\u0105 pie\u015bni. Jej repertuar pie\u015bniarski obejmuje bardzo liczne utwory w j\u0119zyku niemieckim, francuskim, polskim, w\u0142oskim, hiszpa\u0144skim, czeskim, rosyjskim, jidysz i angielskim.<\/p>\n<p>Wsp\u00f3\u0142pracowa\u0142a z wieloma znakomitymi solistami i dyrygentami, takimi jak: Jerzy Maksymiuk, Kazimierz Kord, Jacek Kasprzyk, Marc Minkowski, Jan Krenz, Stanis\u0142aw Skrowaczewski, Pl\u00e1cido Domingo, Edita Gruberov\u00e1, Valery Gergiev.<\/p>\n<p>Zrealizowa\u0142a kilka nagra\u0144, w tym kompletne nagranie studyjne <em>Strasznego Dworu<\/em> Moniuszki wydane przez EMI i <em>Ubu Rex<\/em> Pendereckiego. Oba zosta\u0142y zarejestrowane z zespo\u0142em Teatru Wielkiego \u2013 Opery Narodowej pod batut\u0105 Jacka Kaspszyka.<\/p>","protected":false},"excerpt":{"rendered":"<p>Anna Luba\u0144ska, mezzosopran, uko\u0144czy\u0142a z wyr\u00f3\u017cnieniem Warszawsk\u0105 Akademi\u0119 Muzyczn\u0105 w klasie Krystyny Szostek-Radkowej. Jest laureatk\u0105 Mi\u0119dzynarodowego Konkursu Wokalnego im. Ady Sari, gdzie otrzyma\u0142a I nagrod\u0119 i trzy wyr\u00f3\u017cnienia. Ju\u017c podczas ostatniego roku studi\u00f3w zacz\u0119\u0142a wyst\u0119powa\u0107 na warszawskiej scenie operowej, z kt\u00f3r\u0105 zwi\u0105zana jest do dzisiaj. Wszechstronny talent, temperament i zdolno\u015bci aktorskie oraz r\u00f3\u017cnorodny repertuar czyni\u0105 [&hellip;]<\/p>\n","protected":false},"author":6,"featured_media":0,"parent":0,"menu_order":136,"comment_status":"closed","ping_status":"closed","template":"template-artist.php","meta":{"footnotes":""},"categories":[],"class_list":["post-1408","page","type-page","status-publish","hentry"],"_links":{"self":[{"href":"https:\/\/beethoven.org.pl\/artysci\/wp-json\/wp\/v2\/pages\/1408","targetHints":{"allow":["GET"]}}],"collection":[{"href":"https:\/\/beethoven.org.pl\/artysci\/wp-json\/wp\/v2\/pages"}],"about":[{"href":"https:\/\/beethoven.org.pl\/artysci\/wp-json\/wp\/v2\/types\/page"}],"author":[{"embeddable":true,"href":"https:\/\/beethoven.org.pl\/artysci\/wp-json\/wp\/v2\/users\/6"}],"replies":[{"embeddable":true,"href":"https:\/\/beethoven.org.pl\/artysci\/wp-json\/wp\/v2\/comments?post=1408"}],"version-history":[{"count":1,"href":"https:\/\/beethoven.org.pl\/artysci\/wp-json\/wp\/v2\/pages\/1408\/revisions"}],"predecessor-version":[{"id":1410,"href":"https:\/\/beethoven.org.pl\/artysci\/wp-json\/wp\/v2\/pages\/1408\/revisions\/1410"}],"wp:attachment":[{"href":"https:\/\/beethoven.org.pl\/artysci\/wp-json\/wp\/v2\/media?parent=1408"}],"wp:term":[{"taxonomy":"category","embeddable":true,"href":"https:\/\/beethoven.org.pl\/artysci\/wp-json\/wp\/v2\/categories?post=1408"}],"curies":[{"name":"wp","href":"https:\/\/api.w.org\/{rel}","templated":true}]}}

Anna Lubańska

<p><strong>Anna Lubańska</strong>, mezzosopran, ukończyła z wyróżnieniem Warszawską Akademię Muzyczną w klasie Krystyny Szostek-Radkowej. Jest laureatką Międzynarodowego Konkursu Wokalnego im. Ady Sari, gdzie otrzymała I nagrodę i trzy wyróżnienia. Już podczas ostatniego roku studiów zaczęła występować na warszawskiej scenie operowej, z którą związana jest do dzisiaj.</p>
<p>Wszechstronny talent, temperament i zdolności aktorskie oraz różnorodny repertuar czynią z niej jedną z najbardziej wszechstronnych współczesnych polskich śpiewaczek, zdolną z równym powodzeniem wykonywać role tragiczne, a także partie o lżejszym charakterze.</p>
<p>Do najważniejszych ról w jej repertuarze, które wykonywała na deskach Teatru Wielkiego – Opery Narodowej, należą: Księżniczka Eboli/<em>Don Carlos</em>, Amneris/<em>Aida</em>, Fenena/<em>Nabucco</em>, a także Herodiada/<em>Salome</em>, Jadwiga/<em>Straszny Dwór</em>, Matka Ubu/<em>Ubu Rex</em>, Olga/<em>Eugeniusz Oniegin</em>. Jest cenioną interpretatorką pieśni. Jej repertuar pieśniarski obejmuje bardzo liczne utwory w języku niemieckim, francuskim, polskim, włoskim, hiszpańskim, czeskim, rosyjskim, jidysz i angielskim.</p>
<p>Współpracowała z wieloma znakomitymi solistami i dyrygentami, takimi jak: Jerzy Maksymiuk, Kazimierz Kord, Jacek Kasprzyk, Marc Minkowski, Jan Krenz, Stanisław Skrowaczewski, Plácido Domingo, Edita Gruberová, Valery Gergiev.</p>
<p>Zrealizowała kilka nagrań, w tym kompletne nagranie studyjne <em>Strasznego Dworu</em> Moniuszki wydane przez EMI i <em>Ubu Rex</em> Pendereckiego. Oba zostały zarejestrowane z zespołem Teatru Wielkiego – Opery Narodowej pod batutą Jacka Kaspszyka.</p>

<p>Anna Lubańska, mezzosopran, ukończyła z wyróżnieniem Warszawską Akademię Muzyczną w klasie Krystyny Szostek-Radkowej. Jest laureatką Międzynarodowego Konkursu Wokalnego im. Ady Sari, gdzie otrzymała I nagrodę i trzy wyróżnienia. Już podczas ostatniego roku studiów zaczęła występować na warszawskiej scenie operowej, z którą związana jest do dzisiaj. Wszechstronny talent, temperament i zdolności aktorskie oraz różnorodny repertuar czynią [&hellip;]</p>
