{"id":1405,"date":"2017-04-10T12:09:43","date_gmt":"2017-04-10T10:09:43","guid":{"rendered":"http:\/\/beethoven.org.pl\/artysci\/?page_id=1405"},"modified":"2017-04-11T11:32:22","modified_gmt":"2017-04-11T09:32:22","slug":"alexander-liebreich-2","status":"publish","type":"page","link":"https:\/\/beethoven.org.pl\/artysci\/alexander-liebreich-2\/","title":{"rendered":"Alexander Liebreich"},"content":{"rendered":"<p>Dla Alexandra Liebreicha dyrygowanie jest stanem umys\u0142u, w kt\u00f3rym otwarto\u015b\u0107 i ciekawo\u015b\u0107 stanowi\u0105 elementy integralne. Pe\u0142ni\u0105c od sierpnia 2012 r. funkcj\u0119 pierwszego dyrygenta i dyrektora artystycznego Narodowej Orkiestry Symfonicznej Polskiego Radia, zdoby\u0142 w Polsce uznanie za odkrycie na nowo brzmienia orkiestry i wpisanie go w bogat\u0105 tradycj\u0119 zespo\u0142u.<\/p>\n<p>W latach 2006\u20132016 Alexander Liebreich by\u0142 szefem Monachijskiej Orkiestry Kameralnej, kt\u00f3ra pod jego kierownictwem poczyni\u0142a ogromne post\u0119py, wzbogacaj\u0105c muzyczne \u017cycie miasta. Znamienny wp\u0142yw wywar\u0142 tak\u017ce na prowadzony w latach 2011\u20132014 Mi\u0119dzynarodowy Festiwal Muzyczny w Tongyeong (Korea Po\u0142udniowa). Dyrygent jest r\u00f3wnie\u017c dyrektorem artystycznym Festiwalu Katowice Kultura Natura.<\/p>\n<p>Charyzmatyczne, sugestywne interpretacje wielu dzie\u0142 reprezentuj\u0105cych r\u00f3\u017cnorodn\u0105 stylistyk\u0119 wykonawcz\u0105, pozwalaj\u0105 Liebreichowi nieustannie odkrywa\u0107 nowe perspektywy, przy jednoczesnej \u015bwiadomo\u015bci historycznych, politycznych i spo\u0142ecznych aspekt\u00f3w muzyki oraz faktu, \u017ce obowi\u0105zkiem tw\u00f3rcy wobec przysz\u0142ych pokole\u0144 jest opisanie tera\u017aniejszo\u015bci.<\/p>\n<p>Urodzony w Ratyzbonie, od wczesnych lat nasi\u0105ka\u0142 tradycj\u0105 ch\u00f3raln\u0105 swego rodzinnego miasta. Pr\u00f3cz dyrygentury podj\u0105\u0142 studia wokalne, zg\u0142\u0119biaj\u0105c r\u00f3wnie\u017c filologi\u0119 roma\u0144sk\u0105 i histori\u0119 muzyki.<\/p>\n<p>Wsp\u00f3\u0142pracowa\u0142 z wieloma wybitnymi orkiestrami; w ostatnim czasie debiutowa\u0142 w tak renomowanych o\u015brodkach muzycznych, jak m.in. Musikverein w Wiedniu, Suntory Hall w Tokio i Cit\u00e9 de la Musique w Pary\u017cu.<\/p>\n<p>&nbsp;<\/p>","protected":false},"excerpt":{"rendered":"<p>Dla Alexandra Liebreicha dyrygowanie jest stanem umys\u0142u, w kt\u00f3rym otwarto\u015b\u0107 i ciekawo\u015b\u0107 stanowi\u0105 elementy integralne. Pe\u0142ni\u0105c od sierpnia 2012 r. funkcj\u0119 pierwszego dyrygenta i dyrektora artystycznego Narodowej Orkiestry Symfonicznej Polskiego Radia, zdoby\u0142 w Polsce uznanie za odkrycie na nowo brzmienia orkiestry i wpisanie go w bogat\u0105 tradycj\u0119 zespo\u0142u. W latach 2006\u20132016 Alexander Liebreich by\u0142 szefem [&hellip;]<\/p>\n","protected":false},"author":6,"featured_media":0,"parent":0,"menu_order":138,"comment_status":"closed","ping_status":"closed","template":"template-artist.php","meta":{"footnotes":""},"categories":[],"class_list":["post-1405","page","type-page","status-publish","hentry"],"_links":{"self":[{"href":"https:\/\/beethoven.org.pl\/artysci\/wp-json\/wp\/v2\/pages\/1405","targetHints":{"allow":["GET"]}}],"collection":[{"href":"https:\/\/beethoven.org.pl\/artysci\/wp-json\/wp\/v2\/pages"}],"about":[{"href":"https:\/\/beethoven.org.pl\/artysci\/wp-json\/wp\/v2\/types\/page"}],"author":[{"embeddable":true,"href":"https:\/\/beethoven.org.pl\/artysci\/wp-json\/wp\/v2\/users\/6"}],"replies":[{"embeddable":true,"href":"https:\/\/beethoven.org.pl\/artysci\/wp-json\/wp\/v2\/comments?post=1405"}],"version-history":[{"count":1,"href":"https:\/\/beethoven.org.pl\/artysci\/wp-json\/wp\/v2\/pages\/1405\/revisions"}],"predecessor-version":[{"id":1407,"href":"https:\/\/beethoven.org.pl\/artysci\/wp-json\/wp\/v2\/pages\/1405\/revisions\/1407"}],"wp:attachment":[{"href":"https:\/\/beethoven.org.pl\/artysci\/wp-json\/wp\/v2\/media?parent=1405"}],"wp:term":[{"taxonomy":"category","embeddable":true,"href":"https:\/\/beethoven.org.pl\/artysci\/wp-json\/wp\/v2\/categories?post=1405"}],"curies":[{"name":"wp","href":"https:\/\/api.w.org\/{rel}","templated":true}]}}

<p>Dla Alexandra Liebreicha dyrygowanie jest stanem umysłu, w którym otwartość i ciekawość stanowią elementy integralne. Pełniąc od sierpnia 2012 r. funkcję pierwszego dyrygenta i dyrektora artystycznego Narodowej Orkiestry Symfonicznej Polskiego Radia, zdobył w Polsce uznanie za odkrycie na nowo brzmienia orkiestry i wpisanie go w bogatą tradycję zespołu.</p>
<p>W latach 2006–2016 Alexander Liebreich był szefem Monachijskiej Orkiestry Kameralnej, która pod jego kierownictwem poczyniła ogromne postępy, wzbogacając muzyczne życie miasta. Znamienny wpływ wywarł także na prowadzony w latach 2011–2014 Międzynarodowy Festiwal Muzyczny w Tongyeong (Korea Południowa). Dyrygent jest również dyrektorem artystycznym Festiwalu Katowice Kultura Natura.</p>
<p>Charyzmatyczne, sugestywne interpretacje wielu dzieł reprezentujących różnorodną stylistykę wykonawczą, pozwalają Liebreichowi nieustannie odkrywać nowe perspektywy, przy jednoczesnej świadomości historycznych, politycznych i społecznych aspektów muzyki oraz faktu, że obowiązkiem twórcy wobec przyszłych pokoleń jest opisanie teraźniejszości.</p>
<p>Urodzony w Ratyzbonie, od wczesnych lat nasiąkał tradycją chóralną swego rodzinnego miasta. Prócz dyrygentury podjął studia wokalne, zgłębiając również filologię romańską i historię muzyki.</p>
<p>Współpracował z wieloma wybitnymi orkiestrami; w ostatnim czasie debiutował w tak renomowanych ośrodkach muzycznych, jak m.in. Musikverein w Wiedniu, Suntory Hall w Tokio i Cité de la Musique w Paryżu.</p>
<p>&nbsp;</p>

<p>Dla Alexandra Liebreicha dyrygowanie jest stanem umysłu, w którym otwartość i ciekawość stanowią elementy integralne. Pełniąc od sierpnia 2012 r. funkcję pierwszego dyrygenta i dyrektora artystycznego Narodowej Orkiestry Symfonicznej Polskiego Radia, zdobył w Polsce uznanie za odkrycie na nowo brzmienia orkiestry i wpisanie go w bogatą tradycję zespołu. W latach 2006–2016 Alexander Liebreich był szefem [&hellip;]</p>
