{"id":1402,"date":"2017-04-10T12:06:44","date_gmt":"2017-04-10T10:06:44","guid":{"rendered":"http:\/\/beethoven.org.pl\/artysci\/?page_id=1402"},"modified":"2017-04-11T10:26:02","modified_gmt":"2017-04-11T08:26:02","slug":"hong-kong-sinfonietta","status":"publish","type":"page","link":"https:\/\/beethoven.org.pl\/artysci\/hong-kong-sinfonietta\/","title":{"rendered":"Hong Kong Sinfonietta"},"content":{"rendered":"<p><strong>Hong Kong Sinfonietta<\/strong> to jedna z czo\u0142owych orkiestr Hongkongu. Z Wing-sie Yip jako dyrektorem muzycznym orkiestra przybli\u017ca muzyk\u0119 spo\u0142eczno\u015bci, a jej pe\u0142ne pasji interpretacje i nowatorski program koncert\u00f3w zyska\u0142y uznanie zar\u00f3wno w kraju, jak i za granic\u0105.<\/p>\n<p>Od 1999 roku Hong Kong Sinfonietta wsp\u00f3\u0142pracuje z plejad\u0105 mi\u0119dzynarodowych muzyk\u00f3w i zespo\u0142\u00f3w, takich jak Vladimir Ashkenazy, Pl\u00e1cido Domingo, Augustin Dumay, Fou Ts\u2019ong, Christopher Hogwood, Luciano Pavarotti czy Krzysztof Penderecki. Zesp\u00f3\u0142 daje ponad 100 koncert\u00f3w w sezonie, a ponadto od 2009 roku jest partnerem centrum kulturalnego w kompleksie Hong Kong City Hall. Wierz\u0105c g\u0142\u0119boko w aktualno\u015b\u0107 i wsp\u00f3\u0142czesn\u0105 wag\u0119 muzyki, Hong Kong Sinfonietta co roku zamawia i wykonuje nowe dzie\u0142a, uczestnicz\u0105c tak\u017ce w koncertach typu \u201ecrossover\u201d, \u0142\u0105cz\u0105cych r\u00f3\u017cne style muzyczne. Dyskografia zespo\u0142u obejmuje dzie\u0142a chi\u0144skich kompozytor\u00f3w (wydane przez wytw\u00f3rni\u0119 Hugo), a tak\u017ce trzy podw\u00f3jne albumy zatytu\u0142owane <em>This is Classical Music<\/em> (Decca), kt\u00f3re otrzyma\u0142y status platynowej i z\u0142otej p\u0142yty.<\/p>\n<p>W ramach swoich tourn\u00e9es Hong Kong Sinfonietta zapraszana by\u0142a do Ameryki P\u00f3\u0142nocnej (Kanady i Nowego Jorku) i Po\u0142udniowej (Brazylii, Argentyny i Urugwaju), a tak\u017ce do Europy, gdzie wyst\u0105pi\u0142a podczas presti\u017cowego Mi\u0119dzynarodowego Festiwalu Pianistycznego w La Roque-d\u2019Anth\u00e9ron, festiwali Saint-Riquier, Les Fl\u00e2neries Musicales d\u2019\u00c9t\u00e9 de Reims i Les Nuits Romantiques (Francja), w Tonhalle w Zurychu, Victoria Hall w Genewie oraz we Fryburgu (Szwajcaria), w Mi\u0119dzynarodowym Festiwalu Pianistycznym Arturo Benedetti Michelangeli i podczas Settimane Musicali al Teatro Olimpico (W\u0142ochy), a tak\u017ce w ramach Mi\u0119dzynarodowego Festiwalu Muzycznego w Marv\u00e3o w Portugalii, w sali Filharmonii Narodowej w Warszawie oraz na Litwie. W Chinach zesp\u00f3\u0142 mo\u017cna by\u0142o us\u0142ysze\u0107 podczas Mi\u0119dzynarodowego Wiosennego Festiwalu Muzycznego w Szanghaju oraz Mi\u0119dzynarodowego Festiwalu Sztuki w Szanghaju (Expo 2010 w Szanghaju), a tak\u017ce w Pekinie, w Narodowym Centrum Sztuk Performatywnych. W Japonii muzycy zagrali podczas La Folle Journ\u00e9e w Tokio, a tak\u017ce w Niigacie, Nagano i Kanazawie; w Korei podczas Mi\u0119dzynarodowego Festiwalu Muzycznego w Tongyeong, a w Singapurze w teatrze Esplanade.<\/p>","protected":false},"excerpt":{"rendered":"<p>Hong Kong Sinfonietta to jedna z czo\u0142owych orkiestr Hongkongu. Z Wing-sie Yip jako dyrektorem muzycznym orkiestra przybli\u017ca muzyk\u0119 spo\u0142eczno\u015bci, a jej pe\u0142ne pasji interpretacje i nowatorski program koncert\u00f3w zyska\u0142y uznanie zar\u00f3wno w kraju, jak i za granic\u0105. Od 1999 roku Hong Kong Sinfonietta wsp\u00f3\u0142pracuje z plejad\u0105 mi\u0119dzynarodowych muzyk\u00f3w i zespo\u0142\u00f3w, takich jak Vladimir Ashkenazy, Pl\u00e1cido [&hellip;]<\/p>\n","protected":false},"author":6,"featured_media":0,"parent":0,"menu_order":139,"comment_status":"closed","ping_status":"closed","template":"template-artist.php","meta":{"footnotes":""},"categories":[],"class_list":["post-1402","page","type-page","status-publish","hentry"],"_links":{"self":[{"href":"https:\/\/beethoven.org.pl\/artysci\/wp-json\/wp\/v2\/pages\/1402","targetHints":{"allow":["GET"]}}],"collection":[{"href":"https:\/\/beethoven.org.pl\/artysci\/wp-json\/wp\/v2\/pages"}],"about":[{"href":"https:\/\/beethoven.org.pl\/artysci\/wp-json\/wp\/v2\/types\/page"}],"author":[{"embeddable":true,"href":"https:\/\/beethoven.org.pl\/artysci\/wp-json\/wp\/v2\/users\/6"}],"replies":[{"embeddable":true,"href":"https:\/\/beethoven.org.pl\/artysci\/wp-json\/wp\/v2\/comments?post=1402"}],"version-history":[{"count":1,"href":"https:\/\/beethoven.org.pl\/artysci\/wp-json\/wp\/v2\/pages\/1402\/revisions"}],"predecessor-version":[{"id":1404,"href":"https:\/\/beethoven.org.pl\/artysci\/wp-json\/wp\/v2\/pages\/1402\/revisions\/1404"}],"wp:attachment":[{"href":"https:\/\/beethoven.org.pl\/artysci\/wp-json\/wp\/v2\/media?parent=1402"}],"wp:term":[{"taxonomy":"category","embeddable":true,"href":"https:\/\/beethoven.org.pl\/artysci\/wp-json\/wp\/v2\/categories?post=1402"}],"curies":[{"name":"wp","href":"https:\/\/api.w.org\/{rel}","templated":true}]}}