{"id":1399,"date":"2017-04-10T12:03:50","date_gmt":"2017-04-10T10:03:50","guid":{"rendered":"http:\/\/beethoven.org.pl\/artysci\/?page_id=1399"},"modified":"2017-04-11T10:25:54","modified_gmt":"2017-04-11T08:25:54","slug":"martin-haselbock","status":"publish","type":"page","link":"https:\/\/beethoven.org.pl\/artysci\/martin-haselbock\/","title":{"rendered":"Martin Haselb\u00f6ck"},"content":{"rendered":"<p><strong>Martin <\/strong><strong>Haselb\u00f6ck<\/strong>. Austriacki dyrygent Martin Haselb\u00f6ck pochodzi ze znanej rodziny muzyk\u00f3w. Po studiach w Wiedniu i Pary\u017cu, otrzymawszy wiele nagr\u00f3d i stypendi\u00f3w, zas\u0142yn\u0105\u0142 w \u015bwiecie jako solista organista, wsp\u00f3\u0142pracuj\u0105cy z takimi dyrygentami, jak Claudio Abbado, Lorin Maazel, Wolfgang Sawallisch, Riccardo Muti i innymi.<\/p>\n<p>Po uzyskaniu tytu\u0142u Organisty Dworu Wiede\u0144skiego zanurzy\u0142 si\u0119 we wspania\u0142y repertuar klasycznej muzyki ko\u015bcielnej, co zainspirowa\u0142o go do za\u0142o\u017cenia zespo\u0142u Orchester Wiener Akademie graj\u0105cego na instrumentach z\u00a0epoki. Od momentu powstania w 1985 roku orkiestra uwa\u017cana jest za jeden z wiod\u0105cych zespo\u0142\u00f3w tego nurtu, zyskuj\u0105c szczeg\u00f3lne uznanie za interpretacje utwor\u00f3w z epoki klasycyzmu i romantyzmu.<\/p>\n<p>W 2014 roku Haselb\u00f6ck stworzy\u0142 w Wiedniu nowy wa\u017cny cykl koncert\u00f3w \u2013 RESOUND Beethoven \u2013 podczas kt\u00f3rego Orchester Wiener Akademie wykonuje symfonie i inne dzie\u0142a orkiestrowe kompozytora w historycznych miejscach Wiednia, gdzie zosta\u0142y najwcze\u015bniej wykonane. Cykl odni\u00f3s\u0142 ogromny sukces, zw\u0142aszcza, \u017ce w tym samym czasie, nak\u0142adem francuskiej wytw\u00f3rni Alpha, ukaza\u0142a si\u0119 seria nowych nagra\u0144 dzie\u0142 symfonicznych, w\u015br\u00f3d kt\u00f3rych znalaz\u0142a si\u0119 muzyka do <em>Egmonta <\/em>Goethego z Johnem Malkovichem w roli narratora, w nowej wersji angielskiej autorstwa Christophera Hamptona.<\/p>\n<p>Martin Haselb\u00f6ck jest bardzo aktywny jako dyrygent go\u015bcinny, prowadz\u0105c czo\u0142owe orkiestry \u015bwiata podczas koncert\u00f3w w Europie, Azji i obu Amerykach. Niedawno zadebiutowa\u0142 z orkiestrami symfonicznymi Vancouver i Sydney, a tak\u017ce z Filharmoni\u0105 Malezyjsk\u0105 i Ulster Orchestra.<\/p>\n<p>Razem z Johnem Malkovichem i austriackim re\u017cyserem Michaelem Sturmingerem Haselb\u00f6ck stworzy\u0142 spektakl teatralno-muzyczny <em>The Infernal Comedy <\/em>(Piekielna komedia). Dzie\u0142o zosta\u0142o wykonane ponad 100 razy na ca\u0142ym \u015bwiecie, odnosz\u0105c spektakularny sukces. Kolejny projekt realizowany z Malkovichem \u2013 <em>Just Call Me God<\/em> dla aktora i organisty \u2013 b\u0119dzie mia\u0142 swoj\u0105 premier\u0119 w marcu 2017 roku w nowej Elbphilharmonie w Hamburgu.<\/p>","protected":false},"excerpt":{"rendered":"<p>Martin Haselb\u00f6ck. Austriacki dyrygent Martin Haselb\u00f6ck pochodzi ze znanej rodziny muzyk\u00f3w. Po studiach w Wiedniu i Pary\u017cu, otrzymawszy wiele nagr\u00f3d i stypendi\u00f3w, zas\u0142yn\u0105\u0142 w \u015bwiecie jako solista organista, wsp\u00f3\u0142pracuj\u0105cy z takimi dyrygentami, jak Claudio Abbado, Lorin Maazel, Wolfgang Sawallisch, Riccardo Muti i innymi. Po uzyskaniu tytu\u0142u Organisty Dworu Wiede\u0144skiego zanurzy\u0142 si\u0119 we wspania\u0142y repertuar klasycznej [&hellip;]<\/p>\n","protected":false},"author":6,"featured_media":0,"parent":0,"menu_order":140,"comment_status":"closed","ping_status":"closed","template":"template-artist.php","meta":{"footnotes":""},"categories":[],"class_list":["post-1399","page","type-page","status-publish","hentry"],"_links":{"self":[{"href":"https:\/\/beethoven.org.pl\/artysci\/wp-json\/wp\/v2\/pages\/1399","targetHints":{"allow":["GET"]}}],"collection":[{"href":"https:\/\/beethoven.org.pl\/artysci\/wp-json\/wp\/v2\/pages"}],"about":[{"href":"https:\/\/beethoven.org.pl\/artysci\/wp-json\/wp\/v2\/types\/page"}],"author":[{"embeddable":true,"href":"https:\/\/beethoven.org.pl\/artysci\/wp-json\/wp\/v2\/users\/6"}],"replies":[{"embeddable":true,"href":"https:\/\/beethoven.org.pl\/artysci\/wp-json\/wp\/v2\/comments?post=1399"}],"version-history":[{"count":1,"href":"https:\/\/beethoven.org.pl\/artysci\/wp-json\/wp\/v2\/pages\/1399\/revisions"}],"predecessor-version":[{"id":1401,"href":"https:\/\/beethoven.org.pl\/artysci\/wp-json\/wp\/v2\/pages\/1399\/revisions\/1401"}],"wp:attachment":[{"href":"https:\/\/beethoven.org.pl\/artysci\/wp-json\/wp\/v2\/media?parent=1399"}],"wp:term":[{"taxonomy":"category","embeddable":true,"href":"https:\/\/beethoven.org.pl\/artysci\/wp-json\/wp\/v2\/categories?post=1399"}],"curies":[{"name":"wp","href":"https:\/\/api.w.org\/{rel}","templated":true}]}}

Martin Haselböck

<p><strong>Martin </strong><strong>Haselböck</strong>. Austriacki dyrygent Martin Haselböck pochodzi ze znanej rodziny muzyków. Po studiach w Wiedniu i Paryżu, otrzymawszy wiele nagród i stypendiów, zasłynął w świecie jako solista organista, współpracujący z takimi dyrygentami, jak Claudio Abbado, Lorin Maazel, Wolfgang Sawallisch, Riccardo Muti i innymi.</p>
<p>Po uzyskaniu tytułu Organisty Dworu Wiedeńskiego zanurzył się we wspaniały repertuar klasycznej muzyki kościelnej, co zainspirowało go do założenia zespołu Orchester Wiener Akademie grającego na instrumentach z epoki. Od momentu powstania w 1985 roku orkiestra uważana jest za jeden z wiodących zespołów tego nurtu, zyskując szczególne uznanie za interpretacje utworów z epoki klasycyzmu i romantyzmu.</p>
<p>W 2014 roku Haselböck stworzył w Wiedniu nowy ważny cykl koncertów – RESOUND Beethoven – podczas którego Orchester Wiener Akademie wykonuje symfonie i inne dzieła orkiestrowe kompozytora w historycznych miejscach Wiednia, gdzie zostały najwcześniej wykonane. Cykl odniósł ogromny sukces, zwłaszcza, że w tym samym czasie, nakładem francuskiej wytwórni Alpha, ukazała się seria nowych nagrań dzieł symfonicznych, wśród których znalazła się muzyka do <em>Egmonta </em>Goethego z Johnem Malkovichem w roli narratora, w nowej wersji angielskiej autorstwa Christophera Hamptona.</p>
<p>Martin Haselböck jest bardzo aktywny jako dyrygent gościnny, prowadząc czołowe orkiestry świata podczas koncertów w Europie, Azji i obu Amerykach. Niedawno zadebiutował z orkiestrami symfonicznymi Vancouver i Sydney, a także z Filharmonią Malezyjską i Ulster Orchestra.</p>
<p>Razem z Johnem Malkovichem i austriackim reżyserem Michaelem Sturmingerem Haselböck stworzył spektakl teatralno-muzyczny <em>The Infernal Comedy </em>(Piekielna komedia). Dzieło zostało wykonane ponad 100 razy na całym świecie, odnosząc spektakularny sukces. Kolejny projekt realizowany z Malkovichem – <em>Just Call Me God</em> dla aktora i organisty – będzie miał swoją premierę w marcu 2017 roku w nowej Elbphilharmonie w Hamburgu.</p>

<p>Martin Haselböck. Austriacki dyrygent Martin Haselböck pochodzi ze znanej rodziny muzyków. Po studiach w Wiedniu i Paryżu, otrzymawszy wiele nagród i stypendiów, zasłynął w świecie jako solista organista, współpracujący z takimi dyrygentami, jak Claudio Abbado, Lorin Maazel, Wolfgang Sawallisch, Riccardo Muti i innymi. Po uzyskaniu tytułu Organisty Dworu Wiedeńskiego zanurzył się we wspaniały repertuar klasycznej [&hellip;]</p>
