{"id":1383,"date":"2017-04-10T11:47:28","date_gmt":"2017-04-10T09:47:28","guid":{"rendered":"http:\/\/beethoven.org.pl\/artysci\/?page_id=1383"},"modified":"2017-04-11T10:25:03","modified_gmt":"2017-04-11T08:25:03","slug":"jennifer-feinstein","status":"publish","type":"page","link":"https:\/\/beethoven.org.pl\/artysci\/jennifer-feinstein\/","title":{"rendered":"Jennifer Feinstein"},"content":{"rendered":"<p><strong>Jennifer Feinstein<\/strong>. Mezzosopranistka Jennifer Feinstein zosta\u0142a por\u00f3wnana przez \u201eLos Angeles Times\u201d do \u201em\u0142odej Horne \u2013 tak bogata by\u0142a jej barwa i tak pe\u0142na wigoru by\u0142a na scenie\u201d. Z kolei \u201eSanta Barbara Independent\u201d doceni\u0142 jej \u201eniezwyk\u0142y, pe\u0142en ekspresji g\u0142os, si\u0119gaj\u0105cy swoim b\u00f3lem transcendencji w interpretacji <em>Pie\u015bni o P\u00f3\u0142nocy<\/em> Nietzschego\u201d, a \u201eOpera News\u201d\u00a0niedawno okre\u015bli\u0142a jej Elwir\u0119 jako \u201ezachwycaj\u0105c\u0105 komizmem\u201d.<\/p>\n<p>Debiut sceniczny Feinstein mia\u0142 miejsce w Teatrze w M\u00fcnster, gdzie wykona\u0142a parti\u0119 Santuzzy\/<em>Rycersko\u015b\u0107 wie\u015bniacza <\/em>w sezonie 2015\/16, a tak\u017ce w Pfalztheater Kaiserslautern, gdzie wcieli\u0142a si\u0119 w rol\u0119 Olgi\/<em>Eugeniusz Oniegin<\/em>.\u00a0\u015apiewa\u0142a parti\u0119 Carmen\u00a0z Oper\u0105 Petersbursk\u0105 (na Florydzie), oraz <em>IX Symfoni\u0119<\/em> Beethovena z orkiestr\u0105 Festiwalu Caramoor w lecie 2015 roku.<\/p>\n<p>Niedawno mo\u017cna j\u0105 by\u0142o us\u0142ysze\u0107 w partiach Donny Elwiry\/<em>Don Giovanni<\/em>\u00a0w Operze w Memphis, Magdaleny\/<em>Rigoletto<\/em> oraz Zofii\/<em>Halka<\/em> w Pfalztheater Kaiserslautern; ponadto bra\u0142a udzia\u0142 w \u015bwiatowej premierze <em>Buried Alive<\/em> Jeffa Myersa i\u00a0<em>Embedded<\/em> Patricka Soluriego, w produkcji Fargo-Moorhead Opera. \u015apiewa\u0142a tak\u017ce parti\u0119 Adalgizy\/<em>Norma <\/em>w Operze Petersburskiej, partie solowe w <em>Requiem<\/em> Mozarta i <em>Pierwszej nocy Walpurgi<\/em> Mendelssohna z Oratorio Society of New York w Carnegie Hall oraz w <em>Aleksandrze Newskim <\/em>Prokofiewa z zespo\u0142em Symphoria pod batut\u0105 Jos\u00e9-Luisa Novo.<\/p>\n<p>Wcieli\u0142a si\u0119 tak\u017ce w rol\u0119 Markizy del Poggio\/<em>Dzie\u0144 panowania<\/em> w inscenizacji Sarasota Opera; Magdaleny w Lyric Opera of Baltimore; Madame Dangeville\/<em>Adriana Lecouvreur<\/em> z Opera Orchestra of New York w Carnegie Hall; Pani Nolan\/<em>The<\/em> <em>Medium<\/em> z orkiestr\u0105 Festiwalu w Spoleto (USA); Franciski\/<em>Maria Padilla<\/em> podczas Wielkanocnego Festiwalu im. Ludwiga van Beethovena w Warszawie oraz wykonywa\u0142a parti\u0119 solow\u0105 w <em>II\u00a0Symfonii<\/em> Mahlera z Richmond Symphony i w <em>Requiem<\/em> Verdiego z Waterbury Symphony Orchestra.<\/p>","protected":false},"excerpt":{"rendered":"<p>Jennifer Feinstein. Mezzosopranistka Jennifer Feinstein zosta\u0142a por\u00f3wnana przez \u201eLos Angeles Times\u201d do \u201em\u0142odej Horne \u2013 tak bogata by\u0142a jej barwa i tak pe\u0142na wigoru by\u0142a na scenie\u201d. Z kolei \u201eSanta Barbara Independent\u201d doceni\u0142 jej \u201eniezwyk\u0142y, pe\u0142en ekspresji g\u0142os, si\u0119gaj\u0105cy swoim b\u00f3lem transcendencji w interpretacji Pie\u015bni o P\u00f3\u0142nocy Nietzschego\u201d, a \u201eOpera News\u201d\u00a0niedawno okre\u015bli\u0142a jej Elwir\u0119 jako [&hellip;]<\/p>\n","protected":false},"author":6,"featured_media":0,"parent":0,"menu_order":145,"comment_status":"closed","ping_status":"closed","template":"template-artist.php","meta":{"footnotes":""},"categories":[],"class_list":["post-1383","page","type-page","status-publish","hentry"],"_links":{"self":[{"href":"https:\/\/beethoven.org.pl\/artysci\/wp-json\/wp\/v2\/pages\/1383","targetHints":{"allow":["GET"]}}],"collection":[{"href":"https:\/\/beethoven.org.pl\/artysci\/wp-json\/wp\/v2\/pages"}],"about":[{"href":"https:\/\/beethoven.org.pl\/artysci\/wp-json\/wp\/v2\/types\/page"}],"author":[{"embeddable":true,"href":"https:\/\/beethoven.org.pl\/artysci\/wp-json\/wp\/v2\/users\/6"}],"replies":[{"embeddable":true,"href":"https:\/\/beethoven.org.pl\/artysci\/wp-json\/wp\/v2\/comments?post=1383"}],"version-history":[{"count":1,"href":"https:\/\/beethoven.org.pl\/artysci\/wp-json\/wp\/v2\/pages\/1383\/revisions"}],"predecessor-version":[{"id":1385,"href":"https:\/\/beethoven.org.pl\/artysci\/wp-json\/wp\/v2\/pages\/1383\/revisions\/1385"}],"wp:attachment":[{"href":"https:\/\/beethoven.org.pl\/artysci\/wp-json\/wp\/v2\/media?parent=1383"}],"wp:term":[{"taxonomy":"category","embeddable":true,"href":"https:\/\/beethoven.org.pl\/artysci\/wp-json\/wp\/v2\/categories?post=1383"}],"curies":[{"name":"wp","href":"https:\/\/api.w.org\/{rel}","templated":true}]}}

<p><strong>Jennifer Feinstein</strong>. Mezzosopranistka Jennifer Feinstein została porównana przez „Los Angeles Times” do „młodej Horne – tak bogata była jej barwa i tak pełna wigoru była na scenie”. Z kolei „Santa Barbara Independent” docenił jej „niezwykły, pełen ekspresji głos, sięgający swoim bólem transcendencji w interpretacji <em>Pieśni o Północy</em> Nietzschego”, a „Opera News” niedawno określiła jej Elwirę jako „zachwycającą komizmem”.</p>
<p>Debiut sceniczny Feinstein miał miejsce w Teatrze w Münster, gdzie wykonała partię Santuzzy/<em>Rycerskość wieśniacza </em>w sezonie 2015/16, a także w Pfalztheater Kaiserslautern, gdzie wcieliła się w rolę Olgi/<em>Eugeniusz Oniegin</em>. Śpiewała partię Carmen z Operą Petersburską (na Florydzie), oraz <em>IX Symfonię</em> Beethovena z orkiestrą Festiwalu Caramoor w lecie 2015 roku.</p>
<p>Niedawno można ją było usłyszeć w partiach Donny Elwiry/<em>Don Giovanni</em> w Operze w Memphis, Magdaleny/<em>Rigoletto</em> oraz Zofii/<em>Halka</em> w Pfalztheater Kaiserslautern; ponadto brała udział w światowej premierze <em>Buried Alive</em> Jeffa Myersa i <em>Embedded</em> Patricka Soluriego, w produkcji Fargo-Moorhead Opera. Śpiewała także partię Adalgizy/<em>Norma </em>w Operze Petersburskiej, partie solowe w <em>Requiem</em> Mozarta i <em>Pierwszej nocy Walpurgi</em> Mendelssohna z Oratorio Society of New York w Carnegie Hall oraz w <em>Aleksandrze Newskim </em>Prokofiewa z zespołem Symphoria pod batutą José-Luisa Novo.</p>
<p>Wcieliła się także w rolę Markizy del Poggio/<em>Dzień panowania</em> w inscenizacji Sarasota Opera; Magdaleny w Lyric Opera of Baltimore; Madame Dangeville/<em>Adriana Lecouvreur</em> z Opera Orchestra of New York w Carnegie Hall; Pani Nolan/<em>The</em> <em>Medium</em> z orkiestrą Festiwalu w Spoleto (USA); Franciski/<em>Maria Padilla</em> podczas Wielkanocnego Festiwalu im. Ludwiga van Beethovena w Warszawie oraz wykonywała partię solową w <em>II Symfonii</em> Mahlera z Richmond Symphony i w <em>Requiem</em> Verdiego z Waterbury Symphony Orchestra.</p>

<p>Jennifer Feinstein. Mezzosopranistka Jennifer Feinstein została porównana przez „Los Angeles Times” do „młodej Horne – tak bogata była jej barwa i tak pełna wigoru była na scenie”. Z kolei „Santa Barbara Independent” docenił jej „niezwykły, pełen ekspresji głos, sięgający swoim bólem transcendencji w interpretacji Pieśni o Północy Nietzschego”, a „Opera News” niedawno określiła jej Elwirę jako [&hellip;]</p>
