{"id":1380,"date":"2017-04-10T11:45:17","date_gmt":"2017-04-10T09:45:17","guid":{"rendered":"http:\/\/beethoven.org.pl\/artysci\/?page_id=1380"},"modified":"2017-04-11T10:24:56","modified_gmt":"2017-04-11T08:24:56","slug":"jurek-dybal-2","status":"publish","type":"page","link":"https:\/\/beethoven.org.pl\/artysci\/jurek-dybal-2\/","title":{"rendered":"Jurek Dyba\u0142"},"content":{"rendered":"<p>Dyrektor Orkiestry Sto\u0142ecznego Kr\u00f3lewskiego Miasta Krakowa Sinfonietta Cracovia<\/p>\n<p>Ceniony dyrygent, animator \u017cycia kulturalnego i muzyk s\u0142ynnej orkiestry Filharmonik\u00f3w Wiede\u0144skich. Sw\u0105 dynamiczn\u0105 osobowo\u015bci\u0105 sceniczn\u0105 przyci\u0105ga publiczno\u015b\u0107 sal koncertowych Europy, dyryguj\u0105c takimi orkiestrami jak: Wiener KammerOrchester, Wiener Concert-Verein, Vienna Art Orchestra, Bayerische Kammerphilharmonie, Orchestre Philharmonique de Monte-Carlo, Orkiestra Symfoniczna Praskiego Radia, Czeska Narodowa Orkiestra Symfoniczna i wieloma polskimi orkiestrami symfonicznymi. W zakresie muzyki dawnej wsp\u00f3\u0142pracuje ze s\u0142ynnym zespo\u0142em Concerto K\u00f6ln i \u2013 jako instrumentalista \u2013 z Les Musiciens du Louvre Marca Minkowskiego.<\/p>\n<p>Jest autorem przedstawie\u0144 multimedialnych w\u00a0niekonwencjonalny spos\u00f3b promuj\u0105cych muzyk\u0119 XX i XXI wieku. Dyrygowa\u0142 m.in.\u00a0pierwszym polskim wykonaniem <em>Adagia na smyczki<\/em> Krzysztofa Pendereckiego oraz uczestniczy\u0142 w prawykonaniu <em>Kwintetu \u201eKartki z nienapisanego dziennika\u201d<\/em> i <em>Duo concertante<\/em> tego\u017c kompozytora. Doprowadzi\u0142 te\u017c do wiede\u0144skiej premiery <em>Uwertury<\/em> Franciszka Lessla z Wiener KammerOrchester, a tak\u017ce nak\u0142oni\u0142 Concerto K\u00f6ln do w\u0142\u0105czenia muzyki Grzegorza Gerwazego Gorczyckiego do swego repertuaru.<\/p>\n<p>Wsp\u00f3\u0142pracowa\u0142 z tak wybitnymi muzykami jak: Yuri Bashmet, Julian Rachlin, Angela Hewitt, Itamar Golan, Mihaela Ursuleasa, Michel Lethiec, Frans Helmerson, Arto Noras, Erwin Schrott, Konstanty Andrzej Kulka, Piotr Paleczny, Xavier de Maistre, G\u00e1bor Boldoczki i wieloma innymi. Artyst\u0119 mo\u017cna us\u0142ysze\u0107 na p\u0142ytach polskiej wytw\u00f3rni DUX, belgijskiej \u2013 R.C.P. i japo\u0144skiej \u2013 Camerata. Jest dwukrotnym laureatem nagrody przemys\u0142u fonograficznego \u201eFryderyk\u201d.<\/p>\n<p>Jurek Dyba\u0142 jest dyrektorem orkiestry Sinfonietta Cracovia oraz pomys\u0142odawc\u0105 i dyrektorem Mi\u0119dzynarodowego Festiwalu im. Krzysztofa Pendereckiego \u2013 Poziom 320, odbywaj\u0105cego si\u0119 w\u00a0podziemiach zabytkowej kopalni Guido w Zabrzu.<\/p>","protected":false},"excerpt":{"rendered":"<p>Dyrektor Orkiestry Sto\u0142ecznego Kr\u00f3lewskiego Miasta Krakowa Sinfonietta Cracovia Ceniony dyrygent, animator \u017cycia kulturalnego i muzyk s\u0142ynnej orkiestry Filharmonik\u00f3w Wiede\u0144skich. Sw\u0105 dynamiczn\u0105 osobowo\u015bci\u0105 sceniczn\u0105 przyci\u0105ga publiczno\u015b\u0107 sal koncertowych Europy, dyryguj\u0105c takimi orkiestrami jak: Wiener KammerOrchester, Wiener Concert-Verein, Vienna Art Orchestra, Bayerische Kammerphilharmonie, Orchestre Philharmonique de Monte-Carlo, Orkiestra Symfoniczna Praskiego Radia, Czeska Narodowa Orkiestra Symfoniczna i wieloma [&hellip;]<\/p>\n","protected":false},"author":6,"featured_media":0,"parent":0,"menu_order":146,"comment_status":"closed","ping_status":"closed","template":"template-artist.php","meta":{"footnotes":""},"categories":[],"class_list":["post-1380","page","type-page","status-publish","hentry"],"_links":{"self":[{"href":"https:\/\/beethoven.org.pl\/artysci\/wp-json\/wp\/v2\/pages\/1380","targetHints":{"allow":["GET"]}}],"collection":[{"href":"https:\/\/beethoven.org.pl\/artysci\/wp-json\/wp\/v2\/pages"}],"about":[{"href":"https:\/\/beethoven.org.pl\/artysci\/wp-json\/wp\/v2\/types\/page"}],"author":[{"embeddable":true,"href":"https:\/\/beethoven.org.pl\/artysci\/wp-json\/wp\/v2\/users\/6"}],"replies":[{"embeddable":true,"href":"https:\/\/beethoven.org.pl\/artysci\/wp-json\/wp\/v2\/comments?post=1380"}],"version-history":[{"count":1,"href":"https:\/\/beethoven.org.pl\/artysci\/wp-json\/wp\/v2\/pages\/1380\/revisions"}],"predecessor-version":[{"id":1382,"href":"https:\/\/beethoven.org.pl\/artysci\/wp-json\/wp\/v2\/pages\/1380\/revisions\/1382"}],"wp:attachment":[{"href":"https:\/\/beethoven.org.pl\/artysci\/wp-json\/wp\/v2\/media?parent=1380"}],"wp:term":[{"taxonomy":"category","embeddable":true,"href":"https:\/\/beethoven.org.pl\/artysci\/wp-json\/wp\/v2\/categories?post=1380"}],"curies":[{"name":"wp","href":"https:\/\/api.w.org\/{rel}","templated":true}]}}

Jurek Dybał

<p>Dyrektor Orkiestry Stołecznego Królewskiego Miasta Krakowa Sinfonietta Cracovia</p>
<p>Ceniony dyrygent, animator życia kulturalnego i muzyk słynnej orkiestry Filharmoników Wiedeńskich. Swą dynamiczną osobowością sceniczną przyciąga publiczność sal koncertowych Europy, dyrygując takimi orkiestrami jak: Wiener KammerOrchester, Wiener Concert-Verein, Vienna Art Orchestra, Bayerische Kammerphilharmonie, Orchestre Philharmonique de Monte-Carlo, Orkiestra Symfoniczna Praskiego Radia, Czeska Narodowa Orkiestra Symfoniczna i wieloma polskimi orkiestrami symfonicznymi. W zakresie muzyki dawnej współpracuje ze słynnym zespołem Concerto Köln i – jako instrumentalista – z Les Musiciens du Louvre Marca Minkowskiego.</p>
<p>Jest autorem przedstawień multimedialnych w niekonwencjonalny sposób promujących muzykę XX i XXI wieku. Dyrygował m.in. pierwszym polskim wykonaniem <em>Adagia na smyczki</em> Krzysztofa Pendereckiego oraz uczestniczył w prawykonaniu <em>Kwintetu „Kartki z nienapisanego dziennika”</em> i <em>Duo concertante</em> tegoż kompozytora. Doprowadził też do wiedeńskiej premiery <em>Uwertury</em> Franciszka Lessla z Wiener KammerOrchester, a także nakłonił Concerto Köln do włączenia muzyki Grzegorza Gerwazego Gorczyckiego do swego repertuaru.</p>
<p>Współpracował z tak wybitnymi muzykami jak: Yuri Bashmet, Julian Rachlin, Angela Hewitt, Itamar Golan, Mihaela Ursuleasa, Michel Lethiec, Frans Helmerson, Arto Noras, Erwin Schrott, Konstanty Andrzej Kulka, Piotr Paleczny, Xavier de Maistre, Gábor Boldoczki i wieloma innymi. Artystę można usłyszeć na płytach polskiej wytwórni DUX, belgijskiej – R.C.P. i japońskiej – Camerata. Jest dwukrotnym laureatem nagrody przemysłu fonograficznego „Fryderyk”.</p>
<p>Jurek Dybał jest dyrektorem orkiestry Sinfonietta Cracovia oraz pomysłodawcą i dyrektorem Międzynarodowego Festiwalu im. Krzysztofa Pendereckiego – Poziom 320, odbywającego się w podziemiach zabytkowej kopalni Guido w Zabrzu.</p>

<p>Dyrektor Orkiestry Stołecznego Królewskiego Miasta Krakowa Sinfonietta Cracovia Ceniony dyrygent, animator życia kulturalnego i muzyk słynnej orkiestry Filharmoników Wiedeńskich. Swą dynamiczną osobowością sceniczną przyciąga publiczność sal koncertowych Europy, dyrygując takimi orkiestrami jak: Wiener KammerOrchester, Wiener Concert-Verein, Vienna Art Orchestra, Bayerische Kammerphilharmonie, Orchestre Philharmonique de Monte-Carlo, Orkiestra Symfoniczna Praskiego Radia, Czeska Narodowa Orkiestra Symfoniczna i wieloma [&hellip;]</p>
