{"id":1368,"date":"2017-04-10T11:18:41","date_gmt":"2017-04-10T09:18:41","guid":{"rendered":"http:\/\/beethoven.org.pl\/artysci\/?page_id=1368"},"modified":"2017-04-11T10:23:56","modified_gmt":"2017-04-11T08:23:56","slug":"massimiliano-caldi-2","status":"publish","type":"page","link":"https:\/\/beethoven.org.pl\/artysci\/massimiliano-caldi-2\/","title":{"rendered":"Massimiliano Caldi"},"content":{"rendered":"<p><strong>Massimiliano Caldi<\/strong> (ur. w 1967 roku w Mediolanie) posiada mi\u0119dzynarodowe do\u015bwiadczenie w\u00a0dyrygowaniu muzyk\u0105 symfoniczn\u0105, oper\u0105, operetk\u0105 i baletem, jednocze\u015bnie skupia si\u0119 tak na muzyce wsp\u00f3\u0142czesnej, jak i na przywracaniu do \u017cycia XIX-wiecznej opery. Wyr\u00f3\u017cnia go doskona\u0142e przygotowanie zawodowe oraz przejrzysty, linearny spos\u00f3b prowadzenia orkiestry.<\/p>\n<p>Caldi, zwyci\u0119zca Mi\u0119dzynarodowego Konkursu Dyrygent\u00f3w im. G. Fitelberga w roku 1999, jest obecnie pierwszym dyrygentem Polskiej Filharmonii Ba\u0142tyckiej im. F. Chopina w Gda\u0144sku, a tak\u017ce pierwszym dyrygentem i konsultantem artystycznym Filharmonii Koszali\u0144skiej im. S. Moniuszki w Koszalinie. Od 2016 roku zacie\u015bni\u0142 r\u00f3wnie\u017c wsp\u00f3\u0142prac\u0119 z filharmoniami w Rzeszowie i \u0141odzi. W maju tego samego roku zadebiutowa\u0142 w\u00a0Petersburgu z\u00a0tamtejsz\u0105 Orkiestr\u0105 Filharmoniczn\u0105 w legendarnej Wielkiej Sali. W ci\u0105gu ostatnich dziesi\u0119ciu lat odby\u0142 tourn\u00e9es po Izraelu, Omanie, USA, Chile i Brazylii.<\/p>\n<p>W najbli\u017cszych planach dyrygenta jest poprowadzenie <em>Cyrulika Sewilskiego<\/em> i <em>Nabucca<\/em> w Teatrze Wielkim w\u00a0Poznaniu, <em>Carminy Burany<\/em> w Filharmonii Gda\u0144skiej, a tak\u017ce \u015bwiatowej premiery opery Marco Betty <em>Notte per me luminosa<\/em> w Teatro Municipale w\u00a0Piacenzie. Niedawno zadebiutowa\u0142 w Berlinie dyryguj\u0105c Orkiestr\u0105 Kameraln\u0105 Konzerthaus Berlin oraz w Sali im. Rachmaninowa w\u00a0Konserwatorium Moskiewskim wraz z\u00a0Sinfoniett\u0105 Cracovi\u0105. W 2017 roku we\u017amie udzia\u0142 w presti\u017cowym Mi\u0119dzynarodowym Festiwalu w\u00a0\u0141a\u0144cucie prowadz\u0105c <em>\u015awi\u0119to wiosny<\/em>, a tak\u017ce wyst\u0105pi z Pa\u0144stwow\u0105 Orkiestr\u0105 Symfoniczn\u0105 Stambu\u0142u, ponownie z Mediola\u0144sk\u0105 Orkiestr\u0105 Symfoniczn\u0105 im. Giuseppe Verdiego i Orkiestr\u0105 Kameraln\u0105 Milano Classica, w kt\u00f3rej pe\u0142ni\u0142 funkcj\u0119 pierwszego dyrygenta w latach 1998\u20132009.<\/p>","protected":false},"excerpt":{"rendered":"<p>Massimiliano Caldi (ur. w 1967 roku w Mediolanie) posiada mi\u0119dzynarodowe do\u015bwiadczenie w\u00a0dyrygowaniu muzyk\u0105 symfoniczn\u0105, oper\u0105, operetk\u0105 i baletem, jednocze\u015bnie skupia si\u0119 tak na muzyce wsp\u00f3\u0142czesnej, jak i na przywracaniu do \u017cycia XIX-wiecznej opery. Wyr\u00f3\u017cnia go doskona\u0142e przygotowanie zawodowe oraz przejrzysty, linearny spos\u00f3b prowadzenia orkiestry. Caldi, zwyci\u0119zca Mi\u0119dzynarodowego Konkursu Dyrygent\u00f3w im. G. Fitelberga w roku 1999, [&hellip;]<\/p>\n","protected":false},"author":6,"featured_media":0,"parent":0,"menu_order":150,"comment_status":"closed","ping_status":"closed","template":"template-artist.php","meta":{"footnotes":""},"categories":[],"class_list":["post-1368","page","type-page","status-publish","hentry"],"_links":{"self":[{"href":"https:\/\/beethoven.org.pl\/artysci\/wp-json\/wp\/v2\/pages\/1368","targetHints":{"allow":["GET"]}}],"collection":[{"href":"https:\/\/beethoven.org.pl\/artysci\/wp-json\/wp\/v2\/pages"}],"about":[{"href":"https:\/\/beethoven.org.pl\/artysci\/wp-json\/wp\/v2\/types\/page"}],"author":[{"embeddable":true,"href":"https:\/\/beethoven.org.pl\/artysci\/wp-json\/wp\/v2\/users\/6"}],"replies":[{"embeddable":true,"href":"https:\/\/beethoven.org.pl\/artysci\/wp-json\/wp\/v2\/comments?post=1368"}],"version-history":[{"count":1,"href":"https:\/\/beethoven.org.pl\/artysci\/wp-json\/wp\/v2\/pages\/1368\/revisions"}],"predecessor-version":[{"id":1370,"href":"https:\/\/beethoven.org.pl\/artysci\/wp-json\/wp\/v2\/pages\/1368\/revisions\/1370"}],"wp:attachment":[{"href":"https:\/\/beethoven.org.pl\/artysci\/wp-json\/wp\/v2\/media?parent=1368"}],"wp:term":[{"taxonomy":"category","embeddable":true,"href":"https:\/\/beethoven.org.pl\/artysci\/wp-json\/wp\/v2\/categories?post=1368"}],"curies":[{"name":"wp","href":"https:\/\/api.w.org\/{rel}","templated":true}]}}

<p><strong>Massimiliano Caldi</strong> (ur. w 1967 roku w Mediolanie) posiada międzynarodowe doświadczenie w dyrygowaniu muzyką symfoniczną, operą, operetką i baletem, jednocześnie skupia się tak na muzyce współczesnej, jak i na przywracaniu do życia XIX-wiecznej opery. Wyróżnia go doskonałe przygotowanie zawodowe oraz przejrzysty, linearny sposób prowadzenia orkiestry.</p>
<p>Caldi, zwycięzca Międzynarodowego Konkursu Dyrygentów im. G. Fitelberga w roku 1999, jest obecnie pierwszym dyrygentem Polskiej Filharmonii Bałtyckiej im. F. Chopina w Gdańsku, a także pierwszym dyrygentem i konsultantem artystycznym Filharmonii Koszalińskiej im. S. Moniuszki w Koszalinie. Od 2016 roku zacieśnił również współpracę z filharmoniami w Rzeszowie i Łodzi. W maju tego samego roku zadebiutował w Petersburgu z tamtejszą Orkiestrą Filharmoniczną w legendarnej Wielkiej Sali. W ciągu ostatnich dziesięciu lat odbył tournées po Izraelu, Omanie, USA, Chile i Brazylii.</p>
<p>W najbliższych planach dyrygenta jest poprowadzenie <em>Cyrulika Sewilskiego</em> i <em>Nabucca</em> w Teatrze Wielkim w Poznaniu, <em>Carminy Burany</em> w Filharmonii Gdańskiej, a także światowej premiery opery Marco Betty <em>Notte per me luminosa</em> w Teatro Municipale w Piacenzie. Niedawno zadebiutował w Berlinie dyrygując Orkiestrą Kameralną Konzerthaus Berlin oraz w Sali im. Rachmaninowa w Konserwatorium Moskiewskim wraz z Sinfoniettą Cracovią. W 2017 roku weźmie udział w prestiżowym Międzynarodowym Festiwalu w Łańcucie prowadząc <em>Święto wiosny</em>, a także wystąpi z Państwową Orkiestrą Symfoniczną Stambułu, ponownie z Mediolańską Orkiestrą Symfoniczną im. Giuseppe Verdiego i Orkiestrą Kameralną Milano Classica, w której pełnił funkcję pierwszego dyrygenta w latach 1998–2009.</p>

<p>Massimiliano Caldi (ur. w 1967 roku w Mediolanie) posiada międzynarodowe doświadczenie w dyrygowaniu muzyką symfoniczną, operą, operetką i baletem, jednocześnie skupia się tak na muzyce współczesnej, jak i na przywracaniu do życia XIX-wiecznej opery. Wyróżnia go doskonałe przygotowanie zawodowe oraz przejrzysty, linearny sposób prowadzenia orkiestry. Caldi, zwycięzca Międzynarodowego Konkursu Dyrygentów im. G. Fitelberga w roku 1999, [&hellip;]</p>
