{"id":1343,"date":"2017-04-10T20:55:23","date_gmt":"2017-04-10T18:55:23","guid":{"rendered":"http:\/\/beethoven.org.pl\/artysci\/?page_id=1343"},"modified":"2017-04-10T20:59:59","modified_gmt":"2017-04-10T18:59:59","slug":"marie-arnet","status":"publish","type":"page","link":"https:\/\/beethoven.org.pl\/artysci\/marie-arnet\/","title":{"rendered":"Marie Arnet"},"content":{"rendered":"<p><strong>Marie Arnet<\/strong>. Szwedzka sopranistka Marie Arnet studiowa\u0142a w Royal Academy of Music oraz National Opera Studio w Londynie. W\u015br\u00f3d licznych wykonywanych przez ni\u0105 partii znalaz\u0142y si\u0119: Diana\/<em>Ifigenia w Aulidzie<\/em>, Ilia\/<em>Idomeneo<\/em>, Drusilla\/<em>Koronacja Poppei<\/em> (Festiwal Operowy w Glyndebourne), Zuzanna\/<em>Wesele Figara<\/em> (festiwal w Glyndebourne, English National Opera, Netherlands Opera), Zofia (<em>Kawaler Srebrnej R\u00f3\u017cy<\/em>) i Julia\/<em>Capuleti i Montecchi<\/em> dla Opera North, Eurydyka\/<em>Orfeusz i Eurydyka <\/em>oraz Dori w <em>La Grotta di Trofonio <\/em>Salierego (Opera w Lozannie), Pamina\/<em>Czarodziejski flet <\/em>(Teatro Real Madrid, Los Angeles Opera, festiwal w\u00a0Spoleto, Angers-Nantes Op\u00e9ra), Melizanda\/<em>Peleas i Melizanda <\/em>(Festiwal w Glyndebourne, La Scala), Ilia\/<em>Idomeneo <\/em>(festiwal w Glyndebourne Festival, Opera w Hamburgu, Gran Teatre del Liceu w Barcelonie), Belinda\/<em>Dydona i Eneasz <\/em>(La Scala), Ksenia\/<em>Borys Godunow,<\/em> Ginewra\/<em>Ariodante <\/em>(Liceu w Barcelonie), Despina\/<em>Cos\u00ec fan tutte <\/em>(Opera Kr\u00f3lewska w Sztokholmie) i Harey w premierze <em>Solaris <\/em>Glanerta podczas festiwalu w Bregencji.<\/p>\n<p>Ostatnio \u015bpiewaczka pojawi\u0142a si\u0119 w tytu\u0142owej roli Lulu<em>, <\/em>a tak\u017ce jako Wendy w <em>Piotrusiu Panie<\/em> Richarda Ayresa i Zuzanna w premierze <em>Rozwodu Figara <\/em>Eleny Langer (Welsh National Opera); Kot z Cheshire\/<em>Alicja w Krainie Czar\u00f3w <\/em>(Los Angeles Philharmonic Orchestra) i Anna Trulove\/<em>\u017bywot rozpustnika<\/em> w Caen, Rouen, Reims, Luksemburgu i Limoges. Najbli\u017csze plany artystki obejmuj\u0105 wyst\u0119py w <em>Braciach<\/em> \u2013 nowym dziele Dan\u00edela Bjarnasona na zam\u00f3wienie Den Jyske Opera \u2013 oraz ponownie w <em>Rozwodzie Figara<\/em>, tym razem w Genewie.<\/p>\n<p>&nbsp;<\/p>","protected":false},"excerpt":{"rendered":"<p>Marie Arnet. Szwedzka sopranistka Marie Arnet studiowa\u0142a w Royal Academy of Music oraz National Opera Studio w Londynie. W\u015br\u00f3d licznych wykonywanych przez ni\u0105 partii znalaz\u0142y si\u0119: Diana\/Ifigenia w Aulidzie, Ilia\/Idomeneo, Drusilla\/Koronacja Poppei (Festiwal Operowy w Glyndebourne), Zuzanna\/Wesele Figara (festiwal w Glyndebourne, English National Opera, Netherlands Opera), Zofia (Kawaler Srebrnej R\u00f3\u017cy) i Julia\/Capuleti i Montecchi dla [&hellip;]<\/p>\n","protected":false},"author":6,"featured_media":0,"parent":0,"menu_order":155,"comment_status":"closed","ping_status":"closed","template":"template-artist.php","meta":{"footnotes":""},"categories":[],"class_list":["post-1343","page","type-page","status-publish","hentry"],"_links":{"self":[{"href":"https:\/\/beethoven.org.pl\/artysci\/wp-json\/wp\/v2\/pages\/1343","targetHints":{"allow":["GET"]}}],"collection":[{"href":"https:\/\/beethoven.org.pl\/artysci\/wp-json\/wp\/v2\/pages"}],"about":[{"href":"https:\/\/beethoven.org.pl\/artysci\/wp-json\/wp\/v2\/types\/page"}],"author":[{"embeddable":true,"href":"https:\/\/beethoven.org.pl\/artysci\/wp-json\/wp\/v2\/users\/6"}],"replies":[{"embeddable":true,"href":"https:\/\/beethoven.org.pl\/artysci\/wp-json\/wp\/v2\/comments?post=1343"}],"version-history":[{"count":3,"href":"https:\/\/beethoven.org.pl\/artysci\/wp-json\/wp\/v2\/pages\/1343\/revisions"}],"predecessor-version":[{"id":1355,"href":"https:\/\/beethoven.org.pl\/artysci\/wp-json\/wp\/v2\/pages\/1343\/revisions\/1355"}],"wp:attachment":[{"href":"https:\/\/beethoven.org.pl\/artysci\/wp-json\/wp\/v2\/media?parent=1343"}],"wp:term":[{"taxonomy":"category","embeddable":true,"href":"https:\/\/beethoven.org.pl\/artysci\/wp-json\/wp\/v2\/categories?post=1343"}],"curies":[{"name":"wp","href":"https:\/\/api.w.org\/{rel}","templated":true}]}}

<p><strong>Marie Arnet</strong>. Szwedzka sopranistka Marie Arnet studiowała w Royal Academy of Music oraz National Opera Studio w Londynie. Wśród licznych wykonywanych przez nią partii znalazły się: Diana/<em>Ifigenia w Aulidzie</em>, Ilia/<em>Idomeneo</em>, Drusilla/<em>Koronacja Poppei</em> (Festiwal Operowy w Glyndebourne), Zuzanna/<em>Wesele Figara</em> (festiwal w Glyndebourne, English National Opera, Netherlands Opera), Zofia (<em>Kawaler Srebrnej Róży</em>) i Julia/<em>Capuleti i Montecchi</em> dla Opera North, Eurydyka/<em>Orfeusz i Eurydyka </em>oraz Dori w <em>La Grotta di Trofonio </em>Salierego (Opera w Lozannie), Pamina/<em>Czarodziejski flet </em>(Teatro Real Madrid, Los Angeles Opera, festiwal w Spoleto, Angers-Nantes Opéra), Melizanda/<em>Peleas i Melizanda </em>(Festiwal w Glyndebourne, La Scala), Ilia/<em>Idomeneo </em>(festiwal w Glyndebourne Festival, Opera w Hamburgu, Gran Teatre del Liceu w Barcelonie), Belinda/<em>Dydona i Eneasz </em>(La Scala), Ksenia/<em>Borys Godunow,</em> Ginewra/<em>Ariodante </em>(Liceu w Barcelonie), Despina/<em>Così fan tutte </em>(Opera Królewska w Sztokholmie) i Harey w premierze <em>Solaris </em>Glanerta podczas festiwalu w Bregencji.</p>
<p>Ostatnio śpiewaczka pojawiła się w tytułowej roli Lulu<em>, </em>a także jako Wendy w <em>Piotrusiu Panie</em> Richarda Ayresa i Zuzanna w premierze <em>Rozwodu Figara </em>Eleny Langer (Welsh National Opera); Kot z Cheshire/<em>Alicja w Krainie Czarów </em>(Los Angeles Philharmonic Orchestra) i Anna Trulove/<em>Żywot rozpustnika</em> w Caen, Rouen, Reims, Luksemburgu i Limoges. Najbliższe plany artystki obejmują występy w <em>Braciach</em> – nowym dziele Daníela Bjarnasona na zamówienie Den Jyske Opera – oraz ponownie w <em>Rozwodzie Figara</em>, tym razem w Genewie.</p>
<p>&nbsp;</p>

<p>Marie Arnet. Szwedzka sopranistka Marie Arnet studiowała w Royal Academy of Music oraz National Opera Studio w Londynie. Wśród licznych wykonywanych przez nią partii znalazły się: Diana/Ifigenia w Aulidzie, Ilia/Idomeneo, Drusilla/Koronacja Poppei (Festiwal Operowy w Glyndebourne), Zuzanna/Wesele Figara (festiwal w Glyndebourne, English National Opera, Netherlands Opera), Zofia (Kawaler Srebrnej Róży) i Julia/Capuleti i Montecchi dla [&hellip;]</p>
