{"id":1339,"date":"2017-04-10T20:54:48","date_gmt":"2017-04-10T18:54:48","guid":{"rendered":"http:\/\/beethoven.org.pl\/artysci\/?page_id=1339"},"modified":"2017-04-10T20:58:00","modified_gmt":"2017-04-10T18:58:00","slug":"louise-alder","status":"publish","type":"page","link":"https:\/\/beethoven.org.pl\/artysci\/louise-alder\/","title":{"rendered":"Louise Alder"},"content":{"rendered":"<p><strong>Louise Alder &#8211; sopran. <\/strong>Studiowa\u0142a w Royal College of Music. Nale\u017cy do zespo\u0142u Frankfurt Opera Ensemble, gdzie w tym sezonie \u015bpiewa parti\u0119 Atalanty w nowej produkcji <em>Kserksesa<\/em> i debiutuje jako Gilda\/<em>Rigoletto<\/em>. Ponadto wcieli si\u0119 w rol\u0119 Zerliny\/<em>Don Giovanni<\/em> w ramach tourn\u00e9e z Glyndebourne oraz zadebiutuje z Narodow\u0105 Oper\u0105 Walii jako Zofia w nowej produkcji <em>Kawalera srebrnej r\u00f3\u017cy<\/em>.<\/p>\n<p>Do niedawnych sukces\u00f3w \u015bpiewaczki nale\u017cy wykonanie takich partii jak: Lucia\/<em>Gwa\u0142t na Lukrecji<\/em> podczas Festiwalu w Glyndebourne; Ilia\/<em>Idomeneo<\/em> w inscenizacji Garsington Opera; Eurydyka w <em>Orfeuszu<\/em> Luigiego Rossiego dla Royal Opera; Roszpunka\/<em>Into the Woods<\/em> dla Th\u00e9\u00e2tre du Ch\u00e2telet w Pary\u017cu, a ponadto Zuzanna\/<em>Wesele Figara<\/em>, Kleopatra\/<em>Juliusz Cezar<\/em>, Zofia\/<em>Kawaler srebrnej r\u00f3\u017cy<\/em>, oraz tytu\u0142owe role Lisiczki chytruski i Ma\u0142gosi\/<em>Ja\u015b i Ma\u0142gosia<\/em> dla opery we Frankfurcie.<\/p>\n<p>Kolejne sezony to role Alder we Frankfurcie, powr\u00f3t do Garsington Opera, Festiwal w Glyndebourne, a\u00a0tak\u017ce debiut w Teatro Real w Madrycie.<\/p>","protected":false},"excerpt":{"rendered":"<p>Louise Alder &#8211; sopran. Studiowa\u0142a w Royal College of Music. Nale\u017cy do zespo\u0142u Frankfurt Opera Ensemble, gdzie w tym sezonie \u015bpiewa parti\u0119 Atalanty w nowej produkcji Kserksesa i debiutuje jako Gilda\/Rigoletto. Ponadto wcieli si\u0119 w rol\u0119 Zerliny\/Don Giovanni w ramach tourn\u00e9e z Glyndebourne oraz zadebiutuje z Narodow\u0105 Oper\u0105 Walii jako Zofia w nowej produkcji Kawalera [&hellip;]<\/p>\n","protected":false},"author":6,"featured_media":0,"parent":0,"menu_order":156,"comment_status":"closed","ping_status":"closed","template":"template-artist.php","meta":{"footnotes":""},"categories":[],"class_list":["post-1339","page","type-page","status-publish","hentry"],"_links":{"self":[{"href":"https:\/\/beethoven.org.pl\/artysci\/wp-json\/wp\/v2\/pages\/1339","targetHints":{"allow":["GET"]}}],"collection":[{"href":"https:\/\/beethoven.org.pl\/artysci\/wp-json\/wp\/v2\/pages"}],"about":[{"href":"https:\/\/beethoven.org.pl\/artysci\/wp-json\/wp\/v2\/types\/page"}],"author":[{"embeddable":true,"href":"https:\/\/beethoven.org.pl\/artysci\/wp-json\/wp\/v2\/users\/6"}],"replies":[{"embeddable":true,"href":"https:\/\/beethoven.org.pl\/artysci\/wp-json\/wp\/v2\/comments?post=1339"}],"version-history":[{"count":5,"href":"https:\/\/beethoven.org.pl\/artysci\/wp-json\/wp\/v2\/pages\/1339\/revisions"}],"predecessor-version":[{"id":1353,"href":"https:\/\/beethoven.org.pl\/artysci\/wp-json\/wp\/v2\/pages\/1339\/revisions\/1353"}],"wp:attachment":[{"href":"https:\/\/beethoven.org.pl\/artysci\/wp-json\/wp\/v2\/media?parent=1339"}],"wp:term":[{"taxonomy":"category","embeddable":true,"href":"https:\/\/beethoven.org.pl\/artysci\/wp-json\/wp\/v2\/categories?post=1339"}],"curies":[{"name":"wp","href":"https:\/\/api.w.org\/{rel}","templated":true}]}}

<p><strong>Louise Alder &#8211; sopran. </strong>Studiowała w Royal College of Music. Należy do zespołu Frankfurt Opera Ensemble, gdzie w tym sezonie śpiewa partię Atalanty w nowej produkcji <em>Kserksesa</em> i debiutuje jako Gilda/<em>Rigoletto</em>. Ponadto wcieli się w rolę Zerliny/<em>Don Giovanni</em> w ramach tournée z Glyndebourne oraz zadebiutuje z Narodową Operą Walii jako Zofia w nowej produkcji <em>Kawalera srebrnej róży</em>.</p>
<p>Do niedawnych sukcesów śpiewaczki należy wykonanie takich partii jak: Lucia/<em>Gwałt na Lukrecji</em> podczas Festiwalu w Glyndebourne; Ilia/<em>Idomeneo</em> w inscenizacji Garsington Opera; Eurydyka w <em>Orfeuszu</em> Luigiego Rossiego dla Royal Opera; Roszpunka/<em>Into the Woods</em> dla Théâtre du Châtelet w Paryżu, a ponadto Zuzanna/<em>Wesele Figara</em>, Kleopatra/<em>Juliusz Cezar</em>, Zofia/<em>Kawaler srebrnej róży</em>, oraz tytułowe role Lisiczki chytruski i Małgosi/<em>Jaś i Małgosia</em> dla opery we Frankfurcie.</p>
<p>Kolejne sezony to role Alder we Frankfurcie, powrót do Garsington Opera, Festiwal w Glyndebourne, a także debiut w Teatro Real w Madrycie.</p>

<p>Louise Alder &#8211; sopran. Studiowała w Royal College of Music. Należy do zespołu Frankfurt Opera Ensemble, gdzie w tym sezonie śpiewa partię Atalanty w nowej produkcji Kserksesa i debiutuje jako Gilda/Rigoletto. Ponadto wcieli się w rolę Zerliny/Don Giovanni w ramach tournée z Glyndebourne oraz zadebiutuje z Narodową Operą Walii jako Zofia w nowej produkcji Kawalera [&hellip;]</p>
