{"id":116,"date":"2016-09-06T16:02:42","date_gmt":"2016-09-06T14:02:42","guid":{"rendered":"http:\/\/dev.yoho.pl\/beethoven\/artysci\/?page_id=116"},"modified":"2021-07-27T10:44:57","modified_gmt":"2021-07-27T08:44:57","slug":"karolina-jaroszewska","status":"publish","type":"page","link":"https:\/\/beethoven.org.pl\/artysci\/karolina-jaroszewska\/","title":{"rendered":"Karolina Jaroszewska"},"content":{"rendered":"<p><\/p>\n<p style=\"text-align: center\"><strong>Wiolonczelistka, absolwentka Julliard School. Wsp\u00f3\u0142pracowa\u0142a ze \u015bwiatowej s\u0142awy muzykami m.in. w World Orchestra for Peace.<\/strong><\/p>\n<p><img loading=\"lazy\" decoding=\"async\" class=\"alignnone wp-image-281 size-full\" src=\"http:\/\/beethoven.org.pl\/artysci\/wp-content\/uploads\/sites\/2\/2016\/09\/bazi_11092008_034.jpg\" alt=\"11.09.200 Poznan. Karolina Jaroszewska. Fot. Katarzyna Ziober\/Kamil Babka\" width=\"3504\" height=\"2336\" srcset=\"https:\/\/beethoven.org.pl\/artysci\/wp-content\/uploads\/sites\/2\/2016\/09\/bazi_11092008_034.jpg 3504w, https:\/\/beethoven.org.pl\/artysci\/wp-content\/uploads\/sites\/2\/2016\/09\/bazi_11092008_034-300x200.jpg 300w, https:\/\/beethoven.org.pl\/artysci\/wp-content\/uploads\/sites\/2\/2016\/09\/bazi_11092008_034-768x512.jpg 768w, https:\/\/beethoven.org.pl\/artysci\/wp-content\/uploads\/sites\/2\/2016\/09\/bazi_11092008_034-1024x683.jpg 1024w\" sizes=\"auto, (max-width: 3504px) 100vw, 3504px\" \/><\/p>\n<p>Urodzi\u0142a si\u0119 w Poznaniu. W wieku 19 lat uzyska\u0142a dyplom z wyr\u00f3\u017cnieniem Akademii Muzycznej w Poznaniu, w klasie Stanis\u0142awa Pokorskiego. W 1994 r. podczas\u00a0 Aspen Music Festival and School pozna\u0142a Zar\u0119 Nelsov\u0105. Na jej zaproszenie przyjecha\u0142a do Nowego Jorku, aby szlifowa\u0107 swoje umiej\u0119tno\u015bci artystyczne pod okiem s\u0142ynnej wiolonczelistki w Julliard School. Studia uko\u0144czy\u0142a w 2001 r. z dyplomami Bachelor i Master of Music. W czasie studi\u00f3w w 1999 r. bra\u0142a udzia\u0142 w presti\u017cowym kursie wiolonczelowym im. Piatigorskiego w Los Angeles. Pobiera\u0142a r\u00f3wnie\u017c lekcje u J\u00fcrgena-Friedricha Sellheima, Igora Czilipika, Stanis\u0142awa Firleja i Mischy Maiskyego.<\/p>\n<p>Artystka rozpocz\u0119\u0142a karier\u0119 solow\u0105 w wieku szesnastu lat koncertem z Filharmoni\u0105 Pozna\u0144sk\u0105 pod dyrekcj\u0105 Jerzego Swobody. Od tego czasu regularnie wyst\u0119puje z Orkiestr\u0105 Kameraln\u0105 Amadeus Polskiego Radia oraz wieloma orkiestrami w Polsce i za granic\u0105. Mia\u0142a okazj\u0119 koncertowa\u0107 w\u00a0 najznakomitszych salach Europy i Stan\u00f3w Zjednoczonych. W 2001r. bra\u0142a udzia\u0142 w presti\u017cowym festiwalu Europalia w Belgii. W Ameryce zadebiutowa\u0142a koncertem z Savannah Symphony Orchestra w Savannah (Georgia), oraz recitalem w Alice Tully Hall w Nowym Jorku. W lipcu 2004 r. wraz z Symfoni\u0105 Varsovi\u0105 pod dyrekcj\u0105 Wojciecha Michniewskiego bra\u0142a udzia\u0142 w prawykonaniu dzie\u0142a K. Knittla &#8222;Pami\u0119tnik Powstania Warszawskiego&#8221; w 60-t\u0105 rocznic\u0119 powstania, wykonuj\u0105c parti\u0119 solow\u0105 wiolonczeli. W 2005 r. zagra\u0142a wraz z Orkiestr\u0105 Kameraln\u0105 Amadeus Polskiego Radia na Festiwalu Chopinowskim w Dusznikach z okazji 60-tej edycji wydarzenia. W 2013 r. bra\u0142a udzia\u0142 w koncertach Festiwalu K. Pendereckiego z okazji 80 urodzin kompozytora.<\/p>\n<p>W swojej karierze mia\u0142a okazj\u0119 wsp\u00f3\u0142pracowa\u0107 ze \u015bwiatowej s\u0142awy muzykami m.in. Agnieszk\u0105 Duczmal, Gary Karrem, Jerzym Maksymiukiem Philipem Greenbergiem i Krystianem Zimermanem.<\/p>\n<p>Karolina Jaroszewska jest r\u00f3wnie\u017c kameralistk\u0105. Wyst\u0119puje z polsk\u0105 pianistk\u0105 Juli\u0105 Samoj\u0142o. Nale\u017cy tak\u017ce do Emanations Quartet, kt\u00f3ry opr\u00f3cz niej tworz\u0105\u00a0 \u0141ukasz Kuropaczewski (gitara), Maciej Fr\u0105ckiewicz (akordeon) oraz Maria Nowak (skrzypce).<\/p>\n<p>Artystka bra\u0142a udzia\u0142 w wielu nagraniach dla Polskiego Radia i Telewizji Polskiej. W\u015br\u00f3d nich znalaz\u0142y si\u0119 m.in. specjalnie dla niej opracowane\u00a0 Pie\u015bni Rachmaninowa oraz Suita Hiszpa\u0144skia M. De Falli na wiolonczel\u0119 i orkiestr\u0119 smyczkow\u0105,\u00a0 a tak\u017ce koncert A. Piazzolli na gitar\u0119, wiolonczel\u0119 i orkiestr\u0119 smyczkow\u0105. W 2005 r. ukaza\u0142a si\u0119 p\u0142yta \u201eAmadeus\u201d, kt\u00f3r\u0105 nagra\u0142a wraz z Orkiestr\u0105 Kameraln\u0105 Polskiego Radia.<\/p>\n<p>Karolina Jaroszewska od 2005 r. jest cz\u0142onkiem Orkiestry Filharmonii Narodowej na stanowisku wiolonczeli solo. W 2008 r. zosta\u0142a cz\u0142onkiem World Orchestra for Peace pod dyrekcj\u0105 V. Giergieva, sk\u0142adaj\u0105cej si\u0119 z czo\u0142owych muzyk\u00f3w \u015bwiatowych orkiestr.<\/p>\n<p>Jej kunszt artystyczny doceniaj\u0105 tak\u017ce instytucje pozamuzyczne. W 2010 r. otrzyma\u0142a medal \u201eM\u0142odego Pozytywisty\u201d Towarzystwa im. H. Cegielskiego w Poznaniu a tak\u017ce stypendia m.in. Miasta Poznania oraz Fundacji Ewy Czeszejko-Sochackiej.<\/p>\n<p>Karolina Jaroszewska jest reprezentowana przez Stowarzyszenie Ludwika van Beethovena<\/p>","protected":false},"excerpt":{"rendered":"<p>Wiolonczelistka, absolwentka Julliard School. Wsp\u00f3\u0142pracowa\u0142a ze \u015bwiatowej s\u0142awy muzykami m.in. w World Orchestra for Peace. Urodzi\u0142a si\u0119 w Poznaniu. W wieku 19 lat uzyska\u0142a dyplom z wyr\u00f3\u017cnieniem Akademii Muzycznej w Poznaniu, w klasie Stanis\u0142awa Pokorskiego. W 1994 r. podczas\u00a0 Aspen Music Festival and School pozna\u0142a Zar\u0119 Nelsov\u0105. Na jej zaproszenie przyjecha\u0142a do Nowego Jorku, aby [&hellip;]<\/p>\n","protected":false},"author":2,"featured_media":0,"parent":0,"menu_order":299,"comment_status":"closed","ping_status":"closed","template":"template-artist.php","meta":{"footnotes":""},"categories":[14],"class_list":["post-116","page","type-page","status-publish","hentry","category-instrumentalisci-dziela-krzysztofa-pendereckiego"],"_links":{"self":[{"href":"https:\/\/beethoven.org.pl\/artysci\/wp-json\/wp\/v2\/pages\/116","targetHints":{"allow":["GET"]}}],"collection":[{"href":"https:\/\/beethoven.org.pl\/artysci\/wp-json\/wp\/v2\/pages"}],"about":[{"href":"https:\/\/beethoven.org.pl\/artysci\/wp-json\/wp\/v2\/types\/page"}],"author":[{"embeddable":true,"href":"https:\/\/beethoven.org.pl\/artysci\/wp-json\/wp\/v2\/users\/2"}],"replies":[{"embeddable":true,"href":"https:\/\/beethoven.org.pl\/artysci\/wp-json\/wp\/v2\/comments?post=116"}],"version-history":[{"count":5,"href":"https:\/\/beethoven.org.pl\/artysci\/wp-json\/wp\/v2\/pages\/116\/revisions"}],"predecessor-version":[{"id":1267,"href":"https:\/\/beethoven.org.pl\/artysci\/wp-json\/wp\/v2\/pages\/116\/revisions\/1267"}],"wp:attachment":[{"href":"https:\/\/beethoven.org.pl\/artysci\/wp-json\/wp\/v2\/media?parent=116"}],"wp:term":[{"taxonomy":"category","embeddable":true,"href":"https:\/\/beethoven.org.pl\/artysci\/wp-json\/wp\/v2\/categories?post=116"}],"curies":[{"name":"wp","href":"https:\/\/api.w.org\/{rel}","templated":true}]}}

<p></p>
<p style="text-align: center"><strong>Wiolonczelistka, absolwentka Julliard School. Współpracowała ze światowej sławy muzykami m.in. w World Orchestra for Peace.</strong></p>
<p><img loading="lazy" decoding="async" class="alignnone wp-image-281 size-full" src="http://beethoven.org.pl/artysci/wp-content/uploads/sites/2/2016/09/bazi_11092008_034.jpg" alt="11.09.200 Poznan. Karolina Jaroszewska. Fot. Katarzyna Ziober/Kamil Babka" width="3504" height="2336" srcset="https://beethoven.org.pl/artysci/wp-content/uploads/sites/2/2016/09/bazi_11092008_034.jpg 3504w, https://beethoven.org.pl/artysci/wp-content/uploads/sites/2/2016/09/bazi_11092008_034-300x200.jpg 300w, https://beethoven.org.pl/artysci/wp-content/uploads/sites/2/2016/09/bazi_11092008_034-768x512.jpg 768w, https://beethoven.org.pl/artysci/wp-content/uploads/sites/2/2016/09/bazi_11092008_034-1024x683.jpg 1024w" sizes="auto, (max-width: 3504px) 100vw, 3504px" /></p>
<p>Urodziła się w Poznaniu. W wieku 19 lat uzyskała dyplom z wyróżnieniem Akademii Muzycznej w Poznaniu, w klasie Stanisława Pokorskiego. W 1994 r. podczas  Aspen Music Festival and School poznała Zarę Nelsovą. Na jej zaproszenie przyjechała do Nowego Jorku, aby szlifować swoje umiejętności artystyczne pod okiem słynnej wiolonczelistki w Julliard School. Studia ukończyła w 2001 r. z dyplomami Bachelor i Master of Music. W czasie studiów w 1999 r. brała udział w prestiżowym kursie wiolonczelowym im. Piatigorskiego w Los Angeles. Pobierała również lekcje u Jürgena-Friedricha Sellheima, Igora Czilipika, Stanisława Firleja i Mischy Maiskyego.</p>
<p>Artystka rozpoczęła karierę solową w wieku szesnastu lat koncertem z Filharmonią Poznańską pod dyrekcją Jerzego Swobody. Od tego czasu regularnie występuje z Orkiestrą Kameralną Amadeus Polskiego Radia oraz wieloma orkiestrami w Polsce i za granicą. Miała okazję koncertować w  najznakomitszych salach Europy i Stanów Zjednoczonych. W 2001r. brała udział w prestiżowym festiwalu Europalia w Belgii. W Ameryce zadebiutowała koncertem z Savannah Symphony Orchestra w Savannah (Georgia), oraz recitalem w Alice Tully Hall w Nowym Jorku. W lipcu 2004 r. wraz z Symfonią Varsovią pod dyrekcją Wojciecha Michniewskiego brała udział w prawykonaniu dzieła K. Knittla &#8222;Pamiętnik Powstania Warszawskiego&#8221; w 60-tą rocznicę powstania, wykonując partię solową wiolonczeli. W 2005 r. zagrała wraz z Orkiestrą Kameralną Amadeus Polskiego Radia na Festiwalu Chopinowskim w Dusznikach z okazji 60-tej edycji wydarzenia. W 2013 r. brała udział w koncertach Festiwalu K. Pendereckiego z okazji 80 urodzin kompozytora.</p>
<p>W swojej karierze miała okazję współpracować ze światowej sławy muzykami m.in. Agnieszką Duczmal, Gary Karrem, Jerzym Maksymiukiem Philipem Greenbergiem i Krystianem Zimermanem.</p>
<p>Karolina Jaroszewska jest również kameralistką. Występuje z polską pianistką Julią Samojło. Należy także do Emanations Quartet, który oprócz niej tworzą  Łukasz Kuropaczewski (gitara), Maciej Frąckiewicz (akordeon) oraz Maria Nowak (skrzypce).</p>
<p>Artystka brała udział w wielu nagraniach dla Polskiego Radia i Telewizji Polskiej. Wśród nich znalazły się m.in. specjalnie dla niej opracowane  Pieśni Rachmaninowa oraz Suita Hiszpańskia M. De Falli na wiolonczelę i orkiestrę smyczkową,  a także koncert A. Piazzolli na gitarę, wiolonczelę i orkiestrę smyczkową. W 2005 r. ukazała się płyta „Amadeus”, którą nagrała wraz z Orkiestrą Kameralną Polskiego Radia.</p>
<p>Karolina Jaroszewska od 2005 r. jest członkiem Orkiestry Filharmonii Narodowej na stanowisku wiolonczeli solo. W 2008 r. została członkiem World Orchestra for Peace pod dyrekcją V. Giergieva, składającej się z czołowych muzyków światowych orkiestr.</p>
<p>Jej kunszt artystyczny doceniają także instytucje pozamuzyczne. W 2010 r. otrzymała medal „Młodego Pozytywisty” Towarzystwa im. H. Cegielskiego w Poznaniu a także stypendia m.in. Miasta Poznania oraz Fundacji Ewy Czeszejko-Sochackiej.</p>
<p>Karolina Jaroszewska jest reprezentowana przez Stowarzyszenie Ludwika van Beethovena</p>

<p>Wiolonczelistka, absolwentka Julliard School. Współpracowała ze światowej sławy muzykami m.in. w World Orchestra for Peace. Urodziła się w Poznaniu. W wieku 19 lat uzyskała dyplom z wyróżnieniem Akademii Muzycznej w Poznaniu, w klasie Stanisława Pokorskiego. W 1994 r. podczas  Aspen Music Festival and School poznała Zarę Nelsovą. Na jej zaproszenie przyjechała do Nowego Jorku, aby [&hellip;]</p>
