{"id":573,"date":"2016-10-25T15:05:15","date_gmt":"2016-10-25T13:05:15","guid":{"rendered":"http:\/\/dev.yoho.pl\/beethoven\/artysci\/?page_id=573"},"modified":"2016-12-05T15:02:03","modified_gmt":"2016-12-05T14:02:03","slug":"adam-zdunikowski","status":"publish","type":"page","link":"https:\/\/beethoven.org.pl\/artysci\/en\/adam-zdunikowski\/","title":{"rendered":"Adam Zdunikowski"},"content":{"rendered":"<p><\/p>\n<p style=\"text-align: center\">Tenor<\/p>\n<p>A graduate of the Fryderyk Chopin University of Music in Warsaw, he debuted in 1990 at the Teatr Wielki \u2013 Polish National Opera in Warsaw, where he has remained a soloist to this day. Winner of the Stanis\u0142aw Moniuszko International Vocal Competition and a finalist of the International Hans Gabor Belvedere Singing Competition in Vienna.<\/p>\n<p>He has worked with the Warsaw Chamber Opera and is a soloist of the Krak\u00f3w Opera. His other collaborations have included the National Theatre in Prague, the National Opera in Sofia, and Hamburg\u2019s Staatsoper, with whom he toured Japan. He guested as Lansky in Tchaikovsky\u2019s <em>Eugene Onegin<\/em> for the Bolshoi Theatre in Moscow.<\/p>\n<p>The artist also boasts a rich oratorio and cantata repertoire. He has participated in a range of significant cultural projects, including the inauguration of the season of the Warsaw Philharmonic (Haydn\u2019s <em>The Seasons<\/em> conducted by Kazimierz Kord), a recital of Chopin\u2019s songs in Tokyo, and performances of Penderecki\u2019s <em>Seven Gates of Jerusalem<\/em> at the Teatro Real in Madrid, at Midem 2000 Music Fair and \u2013 conducted by the composer \u2013 at the Beijing European Music Festival.<\/p>\n<p>Zdunikowski has had the honour of singing under the baton of maestros Lorin Maazel, Ji\u0159\u00ed B\u011blohl\u00e1vek, Kurt Masur, Nello Santi, Jerzy Semkow, Stanis\u0142aw Skrowaczewski, Jan Krenz, Jerzy Maksymiuk, Antoni Wit, Kazimierz Kord and Jacek Kaspszyk, and side by side with singers of the calibre of Renato Bruson, Soile Isokoski, Siegfried Jerusalem, Yevgeny Nesterenko, Andreas Schmidt, Eva Marton, Sylvia Geszty, and Andrzej Dobber.<\/p>\n<p>His unique achievements certainly include the performance of all Krzysztof Penderecki\u2019s oratorio works under the composer.<\/p>\n<p>The artist was among the winners of the first Ad Astra Awards from the Polish Minister of Culture and Art, while in 2012 he received the Silver <em>Gloria Artis<\/em> Medal for Merit to Culture from the Minister of Culture and National Heritage, and the <em>Honoris Gratia<\/em> Pin in Recognition for Services to Krak\u00f3w. Named Personality of the Year 2015 in music together with Dariusz Stachura and Pawe\u0142 Ska\u0142uba.<\/p>\n<p>&nbsp;<\/p>","protected":false},"excerpt":{"rendered":"<p>Tenor A graduate of the Fryderyk Chopin University of Music in Warsaw, he debuted in 1990 at the Teatr Wielki \u2013 Polish National Opera in Warsaw, where he has remained a soloist to this day. Winner of the Stanis\u0142aw Moniuszko International Vocal Competition and a finalist of the International Hans Gabor Belvedere Singing Competition in [&hellip;]<\/p>\n","protected":false},"author":2,"featured_media":0,"parent":0,"menu_order":240,"comment_status":"closed","ping_status":"closed","template":"template-artist.php","meta":{"footnotes":""},"categories":[],"class_list":["post-573","page","type-page","status-publish","hentry"],"_links":{"self":[{"href":"https:\/\/beethoven.org.pl\/artysci\/en\/wp-json\/wp\/v2\/pages\/573","targetHints":{"allow":["GET"]}}],"collection":[{"href":"https:\/\/beethoven.org.pl\/artysci\/en\/wp-json\/wp\/v2\/pages"}],"about":[{"href":"https:\/\/beethoven.org.pl\/artysci\/en\/wp-json\/wp\/v2\/types\/page"}],"author":[{"embeddable":true,"href":"https:\/\/beethoven.org.pl\/artysci\/en\/wp-json\/wp\/v2\/users\/2"}],"replies":[{"embeddable":true,"href":"https:\/\/beethoven.org.pl\/artysci\/en\/wp-json\/wp\/v2\/comments?post=573"}],"version-history":[{"count":2,"href":"https:\/\/beethoven.org.pl\/artysci\/en\/wp-json\/wp\/v2\/pages\/573\/revisions"}],"predecessor-version":[{"id":1094,"href":"https:\/\/beethoven.org.pl\/artysci\/en\/wp-json\/wp\/v2\/pages\/573\/revisions\/1094"}],"wp:attachment":[{"href":"https:\/\/beethoven.org.pl\/artysci\/en\/wp-json\/wp\/v2\/media?parent=573"}],"wp:term":[{"taxonomy":"category","embeddable":true,"href":"https:\/\/beethoven.org.pl\/artysci\/en\/wp-json\/wp\/v2\/categories?post=573"}],"curies":[{"name":"wp","href":"https:\/\/api.w.org\/{rel}","templated":true}]}}

<p></p>
<p style="text-align: center">Tenor</p>
<p>A graduate of the Fryderyk Chopin University of Music in Warsaw, he debuted in 1990 at the Teatr Wielki – Polish National Opera in Warsaw, where he has remained a soloist to this day. Winner of the Stanisław Moniuszko International Vocal Competition and a finalist of the International Hans Gabor Belvedere Singing Competition in Vienna.</p>
<p>He has worked with the Warsaw Chamber Opera and is a soloist of the Kraków Opera. His other collaborations have included the National Theatre in Prague, the National Opera in Sofia, and Hamburg’s Staatsoper, with whom he toured Japan. He guested as Lansky in Tchaikovsky’s <em>Eugene Onegin</em> for the Bolshoi Theatre in Moscow.</p>
<p>The artist also boasts a rich oratorio and cantata repertoire. He has participated in a range of significant cultural projects, including the inauguration of the season of the Warsaw Philharmonic (Haydn’s <em>The Seasons</em> conducted by Kazimierz Kord), a recital of Chopin’s songs in Tokyo, and performances of Penderecki’s <em>Seven Gates of Jerusalem</em> at the Teatro Real in Madrid, at Midem 2000 Music Fair and – conducted by the composer – at the Beijing European Music Festival.</p>
<p>Zdunikowski has had the honour of singing under the baton of maestros Lorin Maazel, Jiří Bělohlávek, Kurt Masur, Nello Santi, Jerzy Semkow, Stanisław Skrowaczewski, Jan Krenz, Jerzy Maksymiuk, Antoni Wit, Kazimierz Kord and Jacek Kaspszyk, and side by side with singers of the calibre of Renato Bruson, Soile Isokoski, Siegfried Jerusalem, Yevgeny Nesterenko, Andreas Schmidt, Eva Marton, Sylvia Geszty, and Andrzej Dobber.</p>
<p>His unique achievements certainly include the performance of all Krzysztof Penderecki’s oratorio works under the composer.</p>
<p>The artist was among the winners of the first Ad Astra Awards from the Polish Minister of Culture and Art, while in 2012 he received the Silver <em>Gloria Artis</em> Medal for Merit to Culture from the Minister of Culture and National Heritage, and the <em>Honoris Gratia</em> Pin in Recognition for Services to Kraków. Named Personality of the Year 2015 in music together with Dariusz Stachura and Paweł Skałuba.</p>
<p>&nbsp;</p>

<p>Tenor A graduate of the Fryderyk Chopin University of Music in Warsaw, he debuted in 1990 at the Teatr Wielki – Polish National Opera in Warsaw, where he has remained a soloist to this day. Winner of the Stanisław Moniuszko International Vocal Competition and a finalist of the International Hans Gabor Belvedere Singing Competition in [&hellip;]</p>
