{"id":374,"date":"2016-10-17T20:47:01","date_gmt":"2016-10-17T18:47:01","guid":{"rendered":"http:\/\/dev.yoho.pl\/beethoven\/artysci\/?page_id=374"},"modified":"2023-06-15T10:36:43","modified_gmt":"2023-06-15T08:36:43","slug":"wotek-gierlach","status":"publish","type":"page","link":"https:\/\/beethoven.org.pl\/artysci\/en\/wotek-gierlach\/","title":{"rendered":"Wojtek Gierlach"},"content":{"rendered":"<p>Bass Wojtek Gierlach has appeared in many leading operatic roles and his records have been acclaimed by music lovers all over the world.<\/p>\n<p><img loading=\"lazy\" decoding=\"async\" class=\"wp-image-904 size-full aligncenter\" src=\"http:\/\/beethoven.org.pl\/artysci\/wp-content\/uploads\/sites\/2\/2016\/10\/gierlach.jpg\" alt=\"gierlach\" width=\"324\" height=\"249\" srcset=\"https:\/\/beethoven.org.pl\/artysci\/wp-content\/uploads\/sites\/2\/2016\/10\/gierlach.jpg 324w, https:\/\/beethoven.org.pl\/artysci\/wp-content\/uploads\/sites\/2\/2016\/10\/gierlach-300x231.jpg 300w\" sizes=\"auto, (max-width: 324px) 100vw, 324px\" \/>Born in Tarnawa G\u00f3rna, he studied at the Warsaw Chopin Music Academy with Professor K. Pustelak, where he graduated with distinction.<\/p>\n<p>He is a prize-winner of several international vocal competitions: Ada Sari (1999, First Prize), Bilbao (2000, Second Prize), Premio Caruso in Milan (2001, Main Prize), Francisco Vi\u00f1as, Barcelona (2004, Third Prize).<\/p>\n<p>Gierlach made his debut in 1999 at Warsaw Chamber Opera singing Haendel\u2019s Imeneo title role; in this theatre he also performed the role of Don Giovanni. At the Teatr Wielki \u2013 Polish National Opera he appeared as Colline in La Boh\u00e8me, Raimondo in Lucia di Lammermoor, Alfonso in Lucrezia Borgia, Escamillo in Carmen, and Gessler in Guillaume Tell. Some of his other remarkable performances in Poland include M\u00e9phistoph\u00e9l\u00e8s in Berlioz\u2019s The Damnation of Faust at the Cracow Philharmonic and King Louis in Weber\u2019s Euryanthe at the Ludwig van Beethoven Easter Festival.<\/p>\n<p>Abroad, he performed Figaro in Le Nozze di Figaro at Teatro Piccini di Bari and Argenio in Imeneo at Opera Ireland in Dublin. In Rossini\u2019s operas he played Mustafa in L\u2019Italiana in Algeri and in operas in Lisbon, Minneapolis and Ravenna; Assur in Semiramide at Teatro Verdi di Pisa, Alidoro in La Cenerentola at Festival d\u2019Aix-en-Provence and at the Stadttheater in Klagenfurt, Orbazzano in Tancredi at Teatro Maestranza de Sevilla, Don Basilio in Il Barbiere di Siviglia at Deutsche Oper Berlin, the Governor in Le Comte Ory at Wildbad\u2019s Belcanto Opera Festival, and Lord Sidney and Don Profondo in Il Viaggio a Reims at Rossini Festival in Pesaro. He also sang Timur in Turandot (Santa Cruz de Tenerife) and Commendatore in the premiere and recording of Ram\u00f3n Carnicer\u2019s Il dissoluto punito at La Coru\u00f1a Mozart Festival. Some\u00a0 of his other major roles include Salieri in Rimsky-Korsakov\u2019s Mozart and Salieri at the Teatro Filarm\u00f3nica de Oviedo, Orfeo at Narodne Divadlo Bratislava, Conte Rodolfo in Bellini\u2019s Sonnambula and Creonte in Mayr\u2019s Medea in Corinto in St. Gallen, and M\u00e9phistoph\u00e9l\u00e8s in Berlioz\u2019s The Damnation of Faust.<\/p>\n<p>His appearances have included Bach\u2019s Mass in B minor, conducted by Helmuth Rilling\u00a0 at the Warsaw Philharmonic, and Verdi\u2019s Requiem, conducted by Kai Baumann at the Polish Baltic Philharmonic. He performed the solo part in Olivier Greif\u2019s Symphony in a concert inaugurating Marc Minkowski\u2019s artistic directorship of Sinfonia Varsovia. He sang in Salieri\u2019s The Passion of Jesus Christ with I Solisti Veneti conducted by Claudio Scimone (the concert was broadcast by RAI Italian Television), Rossini\u2019s Stabat Mater with Orquesta Sinf\u00f3nica del Principado de Asturias under Alberto Zedda and with ORquesta de Navarra under Antoni Wit, Beethoven\u2019s Symphony No. 9 with Polish National Radio Symphony Orchestra, Penderecki\u2019s Seven Gates of Jerusalem under the composer\u2019s baton, and Arvo P\u00e4rt\u2019s St John\u2019s Passion in Prague\u2019s Spring Festival.<\/p>\n<p>Wojtek Gierlach has recorded Mirteo in Meyerbeer\u2019s Semiramide under Richard Bonynge, Zambri in Ciro in Babilonia, Pharaoh in Mos\u00e8 in Egitto, and Douglas in La Donna del Lago by Rossini under Alberto Zedda, Dourlinski in Cherubini\u2019s Lodo\u00efsca and Domoslav in Spohr\u2019s Der Berggeist (album released in collaboration with the Ludwig van Beethoven Association), and Voivode in Statkowski\u2019s Maria conducted by \u0141ukasz Borowicz.<\/p>\n<p>&nbsp;<\/p>\n<p><em>Wojtek Gierlach is represented by the Ludwig van Beethoven Association<\/em><\/p>","protected":false},"excerpt":{"rendered":"<p>Bass Wojtek Gierlach has appeared in many leading operatic roles and his records have been acclaimed by music lovers all over the world. Born in Tarnawa G\u00f3rna, he studied at the Warsaw Chopin Music Academy with Professor K. Pustelak, where he graduated with distinction. He is a prize-winner of several international vocal competitions: Ada Sari [&hellip;]<\/p>\n","protected":false},"author":2,"featured_media":0,"parent":0,"menu_order":5,"comment_status":"closed","ping_status":"closed","template":"template-artist.php","meta":{"footnotes":""},"categories":[16],"class_list":["post-374","page","type-page","status-publish","hentry","category-artysci-dziela-krzysztofa-pendereckiego"],"_links":{"self":[{"href":"https:\/\/beethoven.org.pl\/artysci\/en\/wp-json\/wp\/v2\/pages\/374","targetHints":{"allow":["GET"]}}],"collection":[{"href":"https:\/\/beethoven.org.pl\/artysci\/en\/wp-json\/wp\/v2\/pages"}],"about":[{"href":"https:\/\/beethoven.org.pl\/artysci\/en\/wp-json\/wp\/v2\/types\/page"}],"author":[{"embeddable":true,"href":"https:\/\/beethoven.org.pl\/artysci\/en\/wp-json\/wp\/v2\/users\/2"}],"replies":[{"embeddable":true,"href":"https:\/\/beethoven.org.pl\/artysci\/en\/wp-json\/wp\/v2\/comments?post=374"}],"version-history":[{"count":6,"href":"https:\/\/beethoven.org.pl\/artysci\/en\/wp-json\/wp\/v2\/pages\/374\/revisions"}],"predecessor-version":[{"id":1701,"href":"https:\/\/beethoven.org.pl\/artysci\/en\/wp-json\/wp\/v2\/pages\/374\/revisions\/1701"}],"wp:attachment":[{"href":"https:\/\/beethoven.org.pl\/artysci\/en\/wp-json\/wp\/v2\/media?parent=374"}],"wp:term":[{"taxonomy":"category","embeddable":true,"href":"https:\/\/beethoven.org.pl\/artysci\/en\/wp-json\/wp\/v2\/categories?post=374"}],"curies":[{"name":"wp","href":"https:\/\/api.w.org\/{rel}","templated":true}]}}

<p>Bass Wojtek Gierlach has appeared in many leading operatic roles and his records have been acclaimed by music lovers all over the world.</p>
<p><img loading="lazy" decoding="async" class="wp-image-904 size-full aligncenter" src="http://beethoven.org.pl/artysci/wp-content/uploads/sites/2/2016/10/gierlach.jpg" alt="gierlach" width="324" height="249" srcset="https://beethoven.org.pl/artysci/wp-content/uploads/sites/2/2016/10/gierlach.jpg 324w, https://beethoven.org.pl/artysci/wp-content/uploads/sites/2/2016/10/gierlach-300x231.jpg 300w" sizes="auto, (max-width: 324px) 100vw, 324px" />Born in Tarnawa Górna, he studied at the Warsaw Chopin Music Academy with Professor K. Pustelak, where he graduated with distinction.</p>
<p>He is a prize-winner of several international vocal competitions: Ada Sari (1999, First Prize), Bilbao (2000, Second Prize), Premio Caruso in Milan (2001, Main Prize), Francisco Viñas, Barcelona (2004, Third Prize).</p>
<p>Gierlach made his debut in 1999 at Warsaw Chamber Opera singing Haendel’s Imeneo title role; in this theatre he also performed the role of Don Giovanni. At the Teatr Wielki – Polish National Opera he appeared as Colline in La Bohème, Raimondo in Lucia di Lammermoor, Alfonso in Lucrezia Borgia, Escamillo in Carmen, and Gessler in Guillaume Tell. Some of his other remarkable performances in Poland include Méphistophélès in Berlioz’s The Damnation of Faust at the Cracow Philharmonic and King Louis in Weber’s Euryanthe at the Ludwig van Beethoven Easter Festival.</p>
<p>Abroad, he performed Figaro in Le Nozze di Figaro at Teatro Piccini di Bari and Argenio in Imeneo at Opera Ireland in Dublin. In Rossini’s operas he played Mustafa in L’Italiana in Algeri and in operas in Lisbon, Minneapolis and Ravenna; Assur in Semiramide at Teatro Verdi di Pisa, Alidoro in La Cenerentola at Festival d’Aix-en-Provence and at the Stadttheater in Klagenfurt, Orbazzano in Tancredi at Teatro Maestranza de Sevilla, Don Basilio in Il Barbiere di Siviglia at Deutsche Oper Berlin, the Governor in Le Comte Ory at Wildbad’s Belcanto Opera Festival, and Lord Sidney and Don Profondo in Il Viaggio a Reims at Rossini Festival in Pesaro. He also sang Timur in Turandot (Santa Cruz de Tenerife) and Commendatore in the premiere and recording of Ramón Carnicer’s Il dissoluto punito at La Coruña Mozart Festival. Some  of his other major roles include Salieri in Rimsky-Korsakov’s Mozart and Salieri at the Teatro Filarmónica de Oviedo, Orfeo at Narodne Divadlo Bratislava, Conte Rodolfo in Bellini’s Sonnambula and Creonte in Mayr’s Medea in Corinto in St. Gallen, and Méphistophélès in Berlioz’s The Damnation of Faust.</p>
<p>His appearances have included Bach’s Mass in B minor, conducted by Helmuth Rilling  at the Warsaw Philharmonic, and Verdi’s Requiem, conducted by Kai Baumann at the Polish Baltic Philharmonic. He performed the solo part in Olivier Greif’s Symphony in a concert inaugurating Marc Minkowski’s artistic directorship of Sinfonia Varsovia. He sang in Salieri’s The Passion of Jesus Christ with I Solisti Veneti conducted by Claudio Scimone (the concert was broadcast by RAI Italian Television), Rossini’s Stabat Mater with Orquesta Sinfónica del Principado de Asturias under Alberto Zedda and with ORquesta de Navarra under Antoni Wit, Beethoven’s Symphony No. 9 with Polish National Radio Symphony Orchestra, Penderecki’s Seven Gates of Jerusalem under the composer’s baton, and Arvo Pärt’s St John’s Passion in Prague’s Spring Festival.</p>
<p>Wojtek Gierlach has recorded Mirteo in Meyerbeer’s Semiramide under Richard Bonynge, Zambri in Ciro in Babilonia, Pharaoh in Mosè in Egitto, and Douglas in La Donna del Lago by Rossini under Alberto Zedda, Dourlinski in Cherubini’s Lodoïsca and Domoslav in Spohr’s Der Berggeist (album released in collaboration with the Ludwig van Beethoven Association), and Voivode in Statkowski’s Maria conducted by Łukasz Borowicz.</p>
<p>&nbsp;</p>
<p><em>Wojtek Gierlach is represented by the Ludwig van Beethoven Association</em></p>

<p>Bass Wojtek Gierlach has appeared in many leading operatic roles and his records have been acclaimed by music lovers all over the world. Born in Tarnawa Górna, he studied at the Warsaw Chopin Music Academy with Professor K. Pustelak, where he graduated with distinction. He is a prize-winner of several international vocal competitions: Ada Sari [&hellip;]</p>
