{"id":1543,"date":"2017-04-11T09:55:55","date_gmt":"2017-04-11T07:55:55","guid":{"rendered":"http:\/\/beethoven.org.pl\/artysci\/?page_id=1543"},"modified":"2017-04-11T10:55:48","modified_gmt":"2017-04-11T08:55:48","slug":"zespol-spiewakow-miasta-katowice-camerata-silesia","status":"publish","type":"page","link":"https:\/\/beethoven.org.pl\/artysci\/en\/zespol-spiewakow-miasta-katowice-camerata-silesia\/","title":{"rendered":"Camerata Silesia \u2013 The Katowice City Singers\u2019 Ensemble"},"content":{"rendered":"<p>Poland\u2019s leading vocal chamber ensemble, known for superb interpretations of early and contemporary music, was established by Anna Szostak in 1990.<\/p>\n<p>Each year, the ensemble, which officially represents the city of Katowice, gives numerous concerts in Poland and abroad in the most prestigious centres. It performs regularly in the building of the Polish National Radio Symphony Orchestra in Katowice. The ensemble\u2019s presence at renowned festivals such as Warsaw Autumn, the Ludwig van Beethoven Easter Festival, Festival of Premieres Polish Modern Music, \u201cChopin and His Europe\u201d, Wratislavia Cantans, Bregenz Festival, and the ISCM World Music Days, is highly acclaimed by music critics around the world.<\/p>\n<p>Camerata Silesia\u2019s achievements in the international domain have been appreciated by Krzysztof Penderecki, under whose baton it has appeared many times in his monumental works the <em>St\u00a0Luke Passion<\/em>, <em>Polish Requiem<\/em> and <em>Seven Gates of Jerusalem<\/em>, in (among other places) M\u00fcnster, Krak\u00f3w and Hamburg; at Warsaw Autumn, the ensemble took part in a highly rated performance of his <em>Canticum Canticorum<\/em>.<\/p>\n<p>Camerata Silesia has collaborated with artists of such stature as Emma Kirkby, Barbara Schlick, <em>Jos\u00e9 Carreras<\/em><em>, <\/em>Leszek Mo\u017cd\u017cer, Tomasz Sta\u0144ko, Paco Pe\u00f1a, and the London Baroque Ensemble.<\/p>\n<p>Its discography includes some several dozen albums, recordings for radio and television, as well as live concerts for the European Broadcasting Union. Particularly noteworthy are the albums Andrzej Siewi\u0144ski\u2019s <em>Requiem<\/em>, <em>Krzysztof Baculewski<\/em> \u2013 <em>Choral Works<\/em>, <em>Camerata Silesia Sings Kilar<\/em>, <em>Musica Claromontana <\/em>vol.\u00a054 \u2013 <em>Tenebrae<\/em>, and <em>Camerata Silesia Sings Szyma\u0144ski<\/em>.<\/p>","protected":false},"excerpt":{"rendered":"<p>Poland\u2019s leading vocal chamber ensemble, known for superb interpretations of early and contemporary music, was established by Anna Szostak in 1990. Each year, the ensemble, which officially represents the city of Katowice, gives numerous concerts in Poland and abroad in the most prestigious centres. It performs regularly in the building of the Polish National Radio [&hellip;]<\/p>\n","protected":false},"author":6,"featured_media":0,"parent":0,"menu_order":95,"comment_status":"closed","ping_status":"closed","template":"template-artist.php","meta":{"footnotes":""},"categories":[],"class_list":["post-1543","page","type-page","status-publish","hentry"],"_links":{"self":[{"href":"https:\/\/beethoven.org.pl\/artysci\/en\/wp-json\/wp\/v2\/pages\/1543","targetHints":{"allow":["GET"]}}],"collection":[{"href":"https:\/\/beethoven.org.pl\/artysci\/en\/wp-json\/wp\/v2\/pages"}],"about":[{"href":"https:\/\/beethoven.org.pl\/artysci\/en\/wp-json\/wp\/v2\/types\/page"}],"author":[{"embeddable":true,"href":"https:\/\/beethoven.org.pl\/artysci\/en\/wp-json\/wp\/v2\/users\/6"}],"replies":[{"embeddable":true,"href":"https:\/\/beethoven.org.pl\/artysci\/en\/wp-json\/wp\/v2\/comments?post=1543"}],"version-history":[{"count":1,"href":"https:\/\/beethoven.org.pl\/artysci\/en\/wp-json\/wp\/v2\/pages\/1543\/revisions"}],"predecessor-version":[{"id":1545,"href":"https:\/\/beethoven.org.pl\/artysci\/en\/wp-json\/wp\/v2\/pages\/1543\/revisions\/1545"}],"wp:attachment":[{"href":"https:\/\/beethoven.org.pl\/artysci\/en\/wp-json\/wp\/v2\/media?parent=1543"}],"wp:term":[{"taxonomy":"category","embeddable":true,"href":"https:\/\/beethoven.org.pl\/artysci\/en\/wp-json\/wp\/v2\/categories?post=1543"}],"curies":[{"name":"wp","href":"https:\/\/api.w.org\/{rel}","templated":true}]}}

<p>Poland’s leading vocal chamber ensemble, known for superb interpretations of early and contemporary music, was established by Anna Szostak in 1990.</p>
<p>Each year, the ensemble, which officially represents the city of Katowice, gives numerous concerts in Poland and abroad in the most prestigious centres. It performs regularly in the building of the Polish National Radio Symphony Orchestra in Katowice. The ensemble’s presence at renowned festivals such as Warsaw Autumn, the Ludwig van Beethoven Easter Festival, Festival of Premieres Polish Modern Music, “Chopin and His Europe”, Wratislavia Cantans, Bregenz Festival, and the ISCM World Music Days, is highly acclaimed by music critics around the world.</p>
<p>Camerata Silesia’s achievements in the international domain have been appreciated by Krzysztof Penderecki, under whose baton it has appeared many times in his monumental works the <em>St Luke Passion</em>, <em>Polish Requiem</em> and <em>Seven Gates of Jerusalem</em>, in (among other places) Münster, Kraków and Hamburg; at Warsaw Autumn, the ensemble took part in a highly rated performance of his <em>Canticum Canticorum</em>.</p>
<p>Camerata Silesia has collaborated with artists of such stature as Emma Kirkby, Barbara Schlick, <em>José Carreras</em><em>, </em>Leszek Możdżer, Tomasz Stańko, Paco Peña, and the London Baroque Ensemble.</p>
<p>Its discography includes some several dozen albums, recordings for radio and television, as well as live concerts for the European Broadcasting Union. Particularly noteworthy are the albums Andrzej Siewiński’s <em>Requiem</em>, <em>Krzysztof Baculewski</em> – <em>Choral Works</em>, <em>Camerata Silesia Sings Kilar</em>, <em>Musica Claromontana </em>vol. 54 – <em>Tenebrae</em>, and <em>Camerata Silesia Sings Szymański</em>.</p>
