{"id":1479,"date":"2017-04-10T15:11:56","date_gmt":"2017-04-10T13:11:56","guid":{"rendered":"http:\/\/beethoven.org.pl\/artysci\/?page_id=1479"},"modified":"2017-04-11T10:38:11","modified_gmt":"2017-04-11T08:38:11","slug":"poznanski-chor-kameralny","status":"publish","type":"page","link":"https:\/\/beethoven.org.pl\/artysci\/en\/poznanski-chor-kameralny\/","title":{"rendered":"Poznan Chamber Choir"},"content":{"rendered":"<p>One of Poland\u2019s most highly regarded choirs. Winner of L\u2019Orph\u00e9e d\u2019Or 2015 of the Acad\u00e9mie du Disque Lyrique in Paris and nominee for a Fryderyk 2015 award as well as recipient of a Gold Album.<\/p>\n<p>The ensemble was established in 2005 on the initiative of Bartosz Micha\u0142owski \u2013 assistant to Professor Stefan Stuligrosz and second conductor of the \u201cPozna\u0144 Nightingales\u201d Boys\u2019 and Men\u2019s Choir of the Pozna\u0144 Philharmonic.<\/p>\n<p>The conducting experience gained during concerts with this award-winning choir led the artist to create an ensemble that was soon in great demand among serious music institutions and festival organisers.<\/p>\n<p>The Poznan Chamber Choir is the winner of prestigious choral competitions and numerous special awards: for best vocal technique of an ensemble, for best performance of contemporary music, and for best conductor, amongst others. Its spectacular success at the prestigious Schleswig-Holstein Music Festival paved the way to regular performances at top festivals.<\/p>\n<p>It was the first ensemble in Poland to perform with the legendary Concerto K\u00f6ln Orchestra and the Irish Baroque Orchestra; it has also given many concerts with the Pozna\u0144 Philharmonic Orchestra, as well as the Polish Radio Orchestra, the Lower Silesia Philharmonic Orchestra, the Gorz\u00f3w Philharmonic Orchestra, and the Czech Virtuosi. It has been led by eminent conductors, including Paul McCreesh, Marek Pijarowski, \u0141ukasz Borowicz, Pawe\u0142 Przytocki, Marcin Na\u0142\u0119cz-Niesio\u0142owski, and Monika Woli\u0144ska.<\/p>\n<p>The choir\u2019s repertoire includes a cappella pieces from all musical periods. It also regularly performs vocal-instrumental works, and each year performs premieres, for example during the announcement of the results of the Polish National Composing Competition <em>Opus 966<\/em>, organised in Pozna\u0144. The Poznan Chamber Choir has recorded ten albums.<\/p>","protected":false},"excerpt":{"rendered":"<p>One of Poland\u2019s most highly regarded choirs. Winner of L\u2019Orph\u00e9e d\u2019Or 2015 of the Acad\u00e9mie du Disque Lyrique in Paris and nominee for a Fryderyk 2015 award as well as recipient of a Gold Album. The ensemble was established in 2005 on the initiative of Bartosz Micha\u0142owski \u2013 assistant to Professor Stefan Stuligrosz and second [&hellip;]<\/p>\n","protected":false},"author":6,"featured_media":0,"parent":0,"menu_order":114,"comment_status":"closed","ping_status":"closed","template":"template-artist.php","meta":{"footnotes":""},"categories":[],"class_list":["post-1479","page","type-page","status-publish","hentry"],"_links":{"self":[{"href":"https:\/\/beethoven.org.pl\/artysci\/en\/wp-json\/wp\/v2\/pages\/1479","targetHints":{"allow":["GET"]}}],"collection":[{"href":"https:\/\/beethoven.org.pl\/artysci\/en\/wp-json\/wp\/v2\/pages"}],"about":[{"href":"https:\/\/beethoven.org.pl\/artysci\/en\/wp-json\/wp\/v2\/types\/page"}],"author":[{"embeddable":true,"href":"https:\/\/beethoven.org.pl\/artysci\/en\/wp-json\/wp\/v2\/users\/6"}],"replies":[{"embeddable":true,"href":"https:\/\/beethoven.org.pl\/artysci\/en\/wp-json\/wp\/v2\/comments?post=1479"}],"version-history":[{"count":1,"href":"https:\/\/beethoven.org.pl\/artysci\/en\/wp-json\/wp\/v2\/pages\/1479\/revisions"}],"predecessor-version":[{"id":1481,"href":"https:\/\/beethoven.org.pl\/artysci\/en\/wp-json\/wp\/v2\/pages\/1479\/revisions\/1481"}],"wp:attachment":[{"href":"https:\/\/beethoven.org.pl\/artysci\/en\/wp-json\/wp\/v2\/media?parent=1479"}],"wp:term":[{"taxonomy":"category","embeddable":true,"href":"https:\/\/beethoven.org.pl\/artysci\/en\/wp-json\/wp\/v2\/categories?post=1479"}],"curies":[{"name":"wp","href":"https:\/\/api.w.org\/{rel}","templated":true}]}}

<p>One of Poland’s most highly regarded choirs. Winner of L’Orphée d’Or 2015 of the Académie du Disque Lyrique in Paris and nominee for a Fryderyk 2015 award as well as recipient of a Gold Album.</p>
<p>The ensemble was established in 2005 on the initiative of Bartosz Michałowski – assistant to Professor Stefan Stuligrosz and second conductor of the “Poznań Nightingales” Boys’ and Men’s Choir of the Poznań Philharmonic.</p>
<p>The conducting experience gained during concerts with this award-winning choir led the artist to create an ensemble that was soon in great demand among serious music institutions and festival organisers.</p>
<p>The Poznan Chamber Choir is the winner of prestigious choral competitions and numerous special awards: for best vocal technique of an ensemble, for best performance of contemporary music, and for best conductor, amongst others. Its spectacular success at the prestigious Schleswig-Holstein Music Festival paved the way to regular performances at top festivals.</p>
<p>It was the first ensemble in Poland to perform with the legendary Concerto Köln Orchestra and the Irish Baroque Orchestra; it has also given many concerts with the Poznań Philharmonic Orchestra, as well as the Polish Radio Orchestra, the Lower Silesia Philharmonic Orchestra, the Gorzów Philharmonic Orchestra, and the Czech Virtuosi. It has been led by eminent conductors, including Paul McCreesh, Marek Pijarowski, Łukasz Borowicz, Paweł Przytocki, Marcin Nałęcz-Niesiołowski, and Monika Wolińska.</p>
<p>The choir’s repertoire includes a cappella pieces from all musical periods. It also regularly performs vocal-instrumental works, and each year performs premieres, for example during the announcement of the results of the Polish National Composing Competition <em>Opus 966</em>, organised in Poznań. The Poznan Chamber Choir has recorded ten albums.</p>

<p>One of Poland’s most highly regarded choirs. Winner of L’Orphée d’Or 2015 of the Académie du Disque Lyrique in Paris and nominee for a Fryderyk 2015 award as well as recipient of a Gold Album. The ensemble was established in 2005 on the initiative of Bartosz Michałowski – assistant to Professor Stefan Stuligrosz and second [&hellip;]</p>
