{"id":1423,"date":"2017-04-10T12:42:57","date_gmt":"2017-04-10T10:42:57","guid":{"rendered":"http:\/\/beethoven.org.pl\/artysci\/?page_id=1423"},"modified":"2017-04-11T10:34:32","modified_gmt":"2017-04-11T08:34:32","slug":"edgaras-montvidas","status":"publish","type":"page","link":"https:\/\/beethoven.org.pl\/artysci\/en\/edgaras-montvidas\/","title":{"rendered":"Edgaras Montvidas"},"content":{"rendered":"<p><strong>Edgaras Montvidas<\/strong>. Lithuanian-born tenor Edgaras Montvidas was educated in Vilnius.<\/p>\n<p>His plans this season and beyond include Don Ottavio\/<em>Don Giovanni <\/em>and Edgardo\/<em>Lucia di Lammermoor <\/em>for Semperoper Dresden, Flamand\/<em>Capriccio<\/em> for La Monnaie, Brussels, Alfred\/<em>Die\u00a0Fledermaus<\/em> for Bayerische Staatsoper, Munich; the title role in <em>Werther <\/em>for the Op\u00e9ra national de Lorraine, Nancy; and his debut at the Op\u00e9ra Comique singing Conrad in Saint-Sa\u00ebns\u2019s <em>Le timbre d\u2019argent.<\/em><\/p>\n<p>In concert, he will sing Verdi\u2019s <em>Requiem <\/em>with the Royal Scottish National Orchestra; Szymanowski\u2019s <em>King<\/em> <em>Roger <\/em>with Pappano for the Santa Cecilia Orchestra in Rome and Gounod\u2019s <em>Le Tribut de Zamora <\/em>with the Munich Radio Orchestra.<\/p>\n<p>Montvidas\u2019s recent opera appearances include Lensky\/<em>Eugene Onegin<\/em> and Belmonte for Bayerische Staatsoper and Glyndebourne Festival Opera; Belmonte for the Hamburg Opera and Dutch National Opera, with whom he has also sung Arbace\/<em>Idomeneo<\/em> and Fisherman in Stravinsky\u2019s <em>Le Rossignol<\/em>; Nemorino for the English National Opera and Scottish Opera; Ruggero\/<em>La Rondine<\/em> and Alfredo for the Leipzig Opera; Prunier\/<em>La<\/em> <em>Rondine <\/em>for the Royal Opera, Covent Garden; Rinuccio\/<em>Gianni Schicchi<\/em> for Cincinnati Opera; <em>Les Contes d\u2019Hoffmann<\/em> in a new production by Barrie Kosky for Komische Oper Berlin, and Don Ottavio\/<em>Don Giovanni<\/em> for Santa Fe Opera.<\/p>\n<p>In concert he has sung Fisherman\/<em>Le Rossignol <\/em>with the Berlin Philharmonic Orchestra and Pierre Boulez and Szymanowski\u2019s <em>King<\/em> <em>Roger<\/em>, and Fisherman and Ravel\u2019s <em>L\u2019Enfant et les sortil\u00e8ges <\/em>with the Boston Symphony Orchestra and Charles Dutoit.<\/p>\n<p>Montvidas was awarded the Lithuanian Order of Merit medal by President Dalia Grybauskaite as well as the \u201cCarry Your Light and Believe\u201d Badge of Honour by the Lithuanian Ministry of Culture, and in 2009 was awarded the \u201cGold Cross of the Stage\u201d Theatre Award in Lithuania for his performances as Werther.<\/p>","protected":false},"excerpt":{"rendered":"<p>Edgaras Montvidas. Lithuanian-born tenor Edgaras Montvidas was educated in Vilnius. His plans this season and beyond include Don Ottavio\/Don Giovanni and Edgardo\/Lucia di Lammermoor for Semperoper Dresden, Flamand\/Capriccio for La Monnaie, Brussels, Alfred\/Die\u00a0Fledermaus for Bayerische Staatsoper, Munich; the title role in Werther for the Op\u00e9ra national de Lorraine, Nancy; and his debut at the Op\u00e9ra [&hellip;]<\/p>\n","protected":false},"author":6,"featured_media":0,"parent":0,"menu_order":132,"comment_status":"closed","ping_status":"closed","template":"template-artist.php","meta":{"footnotes":""},"categories":[],"class_list":["post-1423","page","type-page","status-publish","hentry"],"_links":{"self":[{"href":"https:\/\/beethoven.org.pl\/artysci\/en\/wp-json\/wp\/v2\/pages\/1423","targetHints":{"allow":["GET"]}}],"collection":[{"href":"https:\/\/beethoven.org.pl\/artysci\/en\/wp-json\/wp\/v2\/pages"}],"about":[{"href":"https:\/\/beethoven.org.pl\/artysci\/en\/wp-json\/wp\/v2\/types\/page"}],"author":[{"embeddable":true,"href":"https:\/\/beethoven.org.pl\/artysci\/en\/wp-json\/wp\/v2\/users\/6"}],"replies":[{"embeddable":true,"href":"https:\/\/beethoven.org.pl\/artysci\/en\/wp-json\/wp\/v2\/comments?post=1423"}],"version-history":[{"count":1,"href":"https:\/\/beethoven.org.pl\/artysci\/en\/wp-json\/wp\/v2\/pages\/1423\/revisions"}],"predecessor-version":[{"id":1425,"href":"https:\/\/beethoven.org.pl\/artysci\/en\/wp-json\/wp\/v2\/pages\/1423\/revisions\/1425"}],"wp:attachment":[{"href":"https:\/\/beethoven.org.pl\/artysci\/en\/wp-json\/wp\/v2\/media?parent=1423"}],"wp:term":[{"taxonomy":"category","embeddable":true,"href":"https:\/\/beethoven.org.pl\/artysci\/en\/wp-json\/wp\/v2\/categories?post=1423"}],"curies":[{"name":"wp","href":"https:\/\/api.w.org\/{rel}","templated":true}]}}

<p><strong>Edgaras Montvidas</strong>. Lithuanian-born tenor Edgaras Montvidas was educated in Vilnius.</p>
<p>His plans this season and beyond include Don Ottavio/<em>Don Giovanni </em>and Edgardo/<em>Lucia di Lammermoor </em>for Semperoper Dresden, Flamand/<em>Capriccio</em> for La Monnaie, Brussels, Alfred/<em>Die Fledermaus</em> for Bayerische Staatsoper, Munich; the title role in <em>Werther </em>for the Opéra national de Lorraine, Nancy; and his debut at the Opéra Comique singing Conrad in Saint-Saëns’s <em>Le timbre d’argent.</em></p>
<p>In concert, he will sing Verdi’s <em>Requiem </em>with the Royal Scottish National Orchestra; Szymanowski’s <em>King</em> <em>Roger </em>with Pappano for the Santa Cecilia Orchestra in Rome and Gounod’s <em>Le Tribut de Zamora </em>with the Munich Radio Orchestra.</p>
<p>Montvidas’s recent opera appearances include Lensky/<em>Eugene Onegin</em> and Belmonte for Bayerische Staatsoper and Glyndebourne Festival Opera; Belmonte for the Hamburg Opera and Dutch National Opera, with whom he has also sung Arbace/<em>Idomeneo</em> and Fisherman in Stravinsky’s <em>Le Rossignol</em>; Nemorino for the English National Opera and Scottish Opera; Ruggero/<em>La Rondine</em> and Alfredo for the Leipzig Opera; Prunier/<em>La</em> <em>Rondine </em>for the Royal Opera, Covent Garden; Rinuccio/<em>Gianni Schicchi</em> for Cincinnati Opera; <em>Les Contes d’Hoffmann</em> in a new production by Barrie Kosky for Komische Oper Berlin, and Don Ottavio/<em>Don Giovanni</em> for Santa Fe Opera.</p>
<p>In concert he has sung Fisherman/<em>Le Rossignol </em>with the Berlin Philharmonic Orchestra and Pierre Boulez and Szymanowski’s <em>King</em> <em>Roger</em>, and Fisherman and Ravel’s <em>L’Enfant et les sortilèges </em>with the Boston Symphony Orchestra and Charles Dutoit.</p>
<p>Montvidas was awarded the Lithuanian Order of Merit medal by President Dalia Grybauskaite as well as the “Carry Your Light and Believe” Badge of Honour by the Lithuanian Ministry of Culture, and in 2009 was awarded the “Gold Cross of the Stage” Theatre Award in Lithuania for his performances as Werther.</p>

<p>Edgaras Montvidas. Lithuanian-born tenor Edgaras Montvidas was educated in Vilnius. His plans this season and beyond include Don Ottavio/Don Giovanni and Edgardo/Lucia di Lammermoor for Semperoper Dresden, Flamand/Capriccio for La Monnaie, Brussels, Alfred/Die Fledermaus for Bayerische Staatsoper, Munich; the title role in Werther for the Opéra national de Lorraine, Nancy; and his debut at the Opéra [&hellip;]</p>
