{"id":1368,"date":"2017-04-10T11:18:41","date_gmt":"2017-04-10T09:18:41","guid":{"rendered":"http:\/\/beethoven.org.pl\/artysci\/?page_id=1368"},"modified":"2017-04-11T10:23:56","modified_gmt":"2017-04-11T08:23:56","slug":"massimiliano-caldi-2","status":"publish","type":"page","link":"https:\/\/beethoven.org.pl\/artysci\/en\/massimiliano-caldi-2\/","title":{"rendered":"Massimiliano Caldi"},"content":{"rendered":"<p><strong>Massimiliano Caldi<\/strong> (Milan 1967), with his great international experience in the fields of symphonic music, opera, operetta and ballet, and attention to contemporary music and to the revival of the 19th-century opera, stands out for his high level of professional preparation and for his bright and linear directorial style.<\/p>\n<p>Winner of First Prize at the Grzegorz Fitelberg International Competition (1999), Caldi is Principal Conductor of the Polish Baltic Fryderyk Chopin Philharmonic of Gda\u0144sk and Principal Conductor and Artistic Consultant of the Moniuszko Philharmonic of Koszalin. Since 2016 he has also increased his collaboration with the Philharmonic of Rzesz\u00f3w and \u0141\u00f3d\u017a. Last May, Caldi debuted in St Petersburg with the Philharmonic Orchestra in the legendary Grand Hall, and in the last ten years he has toured in Israel, Oman, USA, Chile and Brazil.<\/p>\n<p>Among his upcoming appointments are directing <em>The Barber of Seville<\/em> and <em>Nabucco<\/em> at the Pozna\u0144 Grand Theatre, the world premiere of Marco Betta\u2019s opera <em>Notte per me luminosa<\/em> at Teatro Municipale of Piacenza and <em>Carmina Burana<\/em> at the Philharmonic in Gda\u0144sk. In the symphonic field, Caldi debuted in Berlin with the Konzerthaus Kammerorchester Berlin and at the Moscow Conservatory\u2019s Rachmaninov Hall with Sinfonietta Cracovia. In 2017 he will take part at the prestigious \u0141a\u0144cut International Festival, conducting <em>Rite of Spring<\/em>, as well as heading the Istanbul State Symphony Orchestra and returning to the podium of the Orchestra Sinfonica di Milano Giuseppe Verdi and of Milano Classica Chamber Orchestra, for which he was Principal Conductor from 1998 to 2009.<\/p>","protected":false},"excerpt":{"rendered":"<p>Massimiliano Caldi (Milan 1967), with his great international experience in the fields of symphonic music, opera, operetta and ballet, and attention to contemporary music and to the revival of the 19th-century opera, stands out for his high level of professional preparation and for his bright and linear directorial style. Winner of First Prize at the [&hellip;]<\/p>\n","protected":false},"author":6,"featured_media":0,"parent":0,"menu_order":150,"comment_status":"closed","ping_status":"closed","template":"template-artist.php","meta":{"footnotes":""},"categories":[],"class_list":["post-1368","page","type-page","status-publish","hentry"],"_links":{"self":[{"href":"https:\/\/beethoven.org.pl\/artysci\/en\/wp-json\/wp\/v2\/pages\/1368","targetHints":{"allow":["GET"]}}],"collection":[{"href":"https:\/\/beethoven.org.pl\/artysci\/en\/wp-json\/wp\/v2\/pages"}],"about":[{"href":"https:\/\/beethoven.org.pl\/artysci\/en\/wp-json\/wp\/v2\/types\/page"}],"author":[{"embeddable":true,"href":"https:\/\/beethoven.org.pl\/artysci\/en\/wp-json\/wp\/v2\/users\/6"}],"replies":[{"embeddable":true,"href":"https:\/\/beethoven.org.pl\/artysci\/en\/wp-json\/wp\/v2\/comments?post=1368"}],"version-history":[{"count":1,"href":"https:\/\/beethoven.org.pl\/artysci\/en\/wp-json\/wp\/v2\/pages\/1368\/revisions"}],"predecessor-version":[{"id":1370,"href":"https:\/\/beethoven.org.pl\/artysci\/en\/wp-json\/wp\/v2\/pages\/1368\/revisions\/1370"}],"wp:attachment":[{"href":"https:\/\/beethoven.org.pl\/artysci\/en\/wp-json\/wp\/v2\/media?parent=1368"}],"wp:term":[{"taxonomy":"category","embeddable":true,"href":"https:\/\/beethoven.org.pl\/artysci\/en\/wp-json\/wp\/v2\/categories?post=1368"}],"curies":[{"name":"wp","href":"https:\/\/api.w.org\/{rel}","templated":true}]}}

<p><strong>Massimiliano Caldi</strong> (Milan 1967), with his great international experience in the fields of symphonic music, opera, operetta and ballet, and attention to contemporary music and to the revival of the 19th-century opera, stands out for his high level of professional preparation and for his bright and linear directorial style.</p>
<p>Winner of First Prize at the Grzegorz Fitelberg International Competition (1999), Caldi is Principal Conductor of the Polish Baltic Fryderyk Chopin Philharmonic of Gdańsk and Principal Conductor and Artistic Consultant of the Moniuszko Philharmonic of Koszalin. Since 2016 he has also increased his collaboration with the Philharmonic of Rzeszów and Łódź. Last May, Caldi debuted in St Petersburg with the Philharmonic Orchestra in the legendary Grand Hall, and in the last ten years he has toured in Israel, Oman, USA, Chile and Brazil.</p>
<p>Among his upcoming appointments are directing <em>The Barber of Seville</em> and <em>Nabucco</em> at the Poznań Grand Theatre, the world premiere of Marco Betta’s opera <em>Notte per me luminosa</em> at Teatro Municipale of Piacenza and <em>Carmina Burana</em> at the Philharmonic in Gdańsk. In the symphonic field, Caldi debuted in Berlin with the Konzerthaus Kammerorchester Berlin and at the Moscow Conservatory’s Rachmaninov Hall with Sinfonietta Cracovia. In 2017 he will take part at the prestigious Łańcut International Festival, conducting <em>Rite of Spring</em>, as well as heading the Istanbul State Symphony Orchestra and returning to the podium of the Orchestra Sinfonica di Milano Giuseppe Verdi and of Milano Classica Chamber Orchestra, for which he was Principal Conductor from 1998 to 2009.</p>
