{"id":116,"date":"2016-09-06T16:02:42","date_gmt":"2016-09-06T14:02:42","guid":{"rendered":"http:\/\/dev.yoho.pl\/beethoven\/artysci\/?page_id=116"},"modified":"2021-07-27T10:44:57","modified_gmt":"2021-07-27T08:44:57","slug":"karolina-jaroszewska","status":"publish","type":"page","link":"https:\/\/beethoven.org.pl\/artysci\/en\/karolina-jaroszewska\/","title":{"rendered":"Karolina Jaroszewska"},"content":{"rendered":"<p><strong>Cellist, graduate of the Juilliard School of Music. Collaborated with internationally renowned musicians, including the World Orchestra for Peace.<\/strong><\/p>\n<figure id=\"attachment_281\" aria-describedby=\"caption-attachment-281\" style=\"width: 3504px\" class=\"wp-caption alignnone\"><img loading=\"lazy\" decoding=\"async\" class=\"wp-image-281 size-full\" src=\"http:\/\/beethoven.org.pl\/artysci\/wp-content\/uploads\/sites\/2\/2016\/09\/bazi_11092008_034.jpg\" alt=\"11.09.200 Poznan. Karolina Jaroszewska. Fot. Katarzyna Ziober\/Kamil Babka\" width=\"3504\" height=\"2336\" srcset=\"https:\/\/beethoven.org.pl\/artysci\/wp-content\/uploads\/sites\/2\/2016\/09\/bazi_11092008_034.jpg 3504w, https:\/\/beethoven.org.pl\/artysci\/wp-content\/uploads\/sites\/2\/2016\/09\/bazi_11092008_034-300x200.jpg 300w, https:\/\/beethoven.org.pl\/artysci\/wp-content\/uploads\/sites\/2\/2016\/09\/bazi_11092008_034-768x512.jpg 768w, https:\/\/beethoven.org.pl\/artysci\/wp-content\/uploads\/sites\/2\/2016\/09\/bazi_11092008_034-1024x683.jpg 1024w\" sizes=\"auto, (max-width: 3504px) 100vw, 3504px\" \/><figcaption id=\"caption-attachment-281\" class=\"wp-caption-text\">11.09.200 Poznan. Karolina Jaroszewska.<br \/> Fot. Katarzyna Ziober\/Kamil Babka<\/figcaption><\/figure>\n<p>Born in Pozna\u0144. At the age of 19 she graduated with honors in the class of Stanis\u0142aw Pokorski at the Academy of Music in Pozna\u0144. In 1994, during the Aspen Music Festival and School she met the famous cellist Zara Nelsova, who invited her to New York to polish her artistic skills under her supervision at the Juilliard School of Music. She graduated in 2001 as a Bachelor and Master of Music. During her studies, in 1999 she took part in the prestigious Piatigorsky cello course in Los Angeles. She was also taught by J\u00fcrgen-Friedrich Sellheim, Igor Chilipik, Stanis\u0142aw Firlej and Mischa Maisky.<\/p>\n<p>Karolina Jaroszewska began her solo career at the age of 16 with Pozna\u0144 Philharmonic Orchestra conducted by Jerzy Swoboda. Since then she has regularly performed with the Amadeus Chamber Orchestra of Polish Radio as well as many other orchestras in Poland and abroad. She toured the most important concert halls in Europe and USA. In 2001 she participated in the prestigious Europalia Festival in Belgium. She made her US debut with Savannah Symphony Orchestra in Savannah, Georgia, and with a recital in Alice Tully Hall in New York. In July 2004, together with Sinfonia Varsovia under Wojciech Michniewski, she performed the cello solo part during the premiere of \u00a0Krzysztof Knittel\u2019s \u201cA Memoir of the Warsaw Uprising\u201d to mark its 60th anniversary. In 2005, she played with the Amadeus Chamber Orchestra of Polish Radio during the Chopin Festival in Duszniki on the occasion of its 60th anniversary. In 2013 she took part in the concerts of the Krzysztof Penderecki Festival commemorating the composer\u2019s 80th birthday.<\/p>\n<p>During her career, she has collaborated with internationally renowned artists, including Agnieszka Duczmal, Gary Karr, Jerzy Maksymiuk, Philip Grenberg, and Krystian Zimerman.<\/p>\n<p>Karolina Jaroszewska is also a chamber musician, performing with Polish pianist Julia Samoj\u0142o. She is also a member of the Emanations Quartet along with \u0141ukasz Kuropaczewski (guitar), Maciej Fr\u0105ckiewicz (accordion) and Maria Nowak (violin).<\/p>\n<p>Karolina Jaroszewska has recorded frequently for Polish Radio and Polish Television, including Rachmaninov\u2019s Songs (arranged specially for her), de Falla\u2019s Spanish Suite \u00a0for cello and string orchestra, and Piazzolla\u2019s Concerto for guitar, cello and string orchestra. In 2005 she released a CD recorded with the Amadeus Chamber Orchestra of Polish Radio.<\/p>\n<p>Since 2005 Karolina Jaroszewska has been a member of the Warsaw National Philharmonic in a solo cello position. In 2008 she became a member of the World Orchestra for Peace conducted by Valery Gergiev and consisting of the finest orchestra players of the world.<\/p>\n<p>Her artistry has been also appreciated by non-music institutions. In 2010 she received a \u201cYoung Positivist\u201d medal from the Hipolit Cegielski Society in Pozna\u0144 as well as scholarships from the City of Pozna\u0144 and the Ewa Czeszejko-Sochacka Foundation.<\/p>\n<p>&nbsp;<\/p>\n<p><em>Karolina Jaroszewska is represented by the Ludwig van Beethoven Association<\/em><\/p>","protected":false},"excerpt":{"rendered":"<p>Cellist, graduate of the Juilliard School of Music. Collaborated with internationally renowned musicians, including the World Orchestra for Peace. Born in Pozna\u0144. At the age of 19 she graduated with honors in the class of Stanis\u0142aw Pokorski at the Academy of Music in Pozna\u0144. In 1994, during the Aspen Music Festival and School she met [&hellip;]<\/p>\n","protected":false},"author":2,"featured_media":0,"parent":0,"menu_order":299,"comment_status":"closed","ping_status":"closed","template":"template-artist.php","meta":{"footnotes":""},"categories":[14],"class_list":["post-116","page","type-page","status-publish","hentry","category-instrumentalisci-dziela-krzysztofa-pendereckiego"],"_links":{"self":[{"href":"https:\/\/beethoven.org.pl\/artysci\/en\/wp-json\/wp\/v2\/pages\/116","targetHints":{"allow":["GET"]}}],"collection":[{"href":"https:\/\/beethoven.org.pl\/artysci\/en\/wp-json\/wp\/v2\/pages"}],"about":[{"href":"https:\/\/beethoven.org.pl\/artysci\/en\/wp-json\/wp\/v2\/types\/page"}],"author":[{"embeddable":true,"href":"https:\/\/beethoven.org.pl\/artysci\/en\/wp-json\/wp\/v2\/users\/2"}],"replies":[{"embeddable":true,"href":"https:\/\/beethoven.org.pl\/artysci\/en\/wp-json\/wp\/v2\/comments?post=116"}],"version-history":[{"count":5,"href":"https:\/\/beethoven.org.pl\/artysci\/en\/wp-json\/wp\/v2\/pages\/116\/revisions"}],"predecessor-version":[{"id":1267,"href":"https:\/\/beethoven.org.pl\/artysci\/en\/wp-json\/wp\/v2\/pages\/116\/revisions\/1267"}],"wp:attachment":[{"href":"https:\/\/beethoven.org.pl\/artysci\/en\/wp-json\/wp\/v2\/media?parent=116"}],"wp:term":[{"taxonomy":"category","embeddable":true,"href":"https:\/\/beethoven.org.pl\/artysci\/en\/wp-json\/wp\/v2\/categories?post=116"}],"curies":[{"name":"wp","href":"https:\/\/api.w.org\/{rel}","templated":true}]}}

<p><strong>Cellist, graduate of the Juilliard School of Music. Collaborated with internationally renowned musicians, including the World Orchestra for Peace.</strong></p>
<figure id="attachment_281" aria-describedby="caption-attachment-281" style="width: 3504px" class="wp-caption alignnone"><img loading="lazy" decoding="async" class="wp-image-281 size-full" src="http://beethoven.org.pl/artysci/wp-content/uploads/sites/2/2016/09/bazi_11092008_034.jpg" alt="11.09.200 Poznan. Karolina Jaroszewska. Fot. Katarzyna Ziober/Kamil Babka" width="3504" height="2336" srcset="https://beethoven.org.pl/artysci/wp-content/uploads/sites/2/2016/09/bazi_11092008_034.jpg 3504w, https://beethoven.org.pl/artysci/wp-content/uploads/sites/2/2016/09/bazi_11092008_034-300x200.jpg 300w, https://beethoven.org.pl/artysci/wp-content/uploads/sites/2/2016/09/bazi_11092008_034-768x512.jpg 768w, https://beethoven.org.pl/artysci/wp-content/uploads/sites/2/2016/09/bazi_11092008_034-1024x683.jpg 1024w" sizes="auto, (max-width: 3504px) 100vw, 3504px" /><figcaption id="caption-attachment-281" class="wp-caption-text">11.09.200 Poznan. Karolina Jaroszewska.<br /> Fot. Katarzyna Ziober/Kamil Babka</figcaption></figure>
<p>Born in Poznań. At the age of 19 she graduated with honors in the class of Stanisław Pokorski at the Academy of Music in Poznań. In 1994, during the Aspen Music Festival and School she met the famous cellist Zara Nelsova, who invited her to New York to polish her artistic skills under her supervision at the Juilliard School of Music. She graduated in 2001 as a Bachelor and Master of Music. During her studies, in 1999 she took part in the prestigious Piatigorsky cello course in Los Angeles. She was also taught by Jürgen-Friedrich Sellheim, Igor Chilipik, Stanisław Firlej and Mischa Maisky.</p>
<p>Karolina Jaroszewska began her solo career at the age of 16 with Poznań Philharmonic Orchestra conducted by Jerzy Swoboda. Since then she has regularly performed with the Amadeus Chamber Orchestra of Polish Radio as well as many other orchestras in Poland and abroad. She toured the most important concert halls in Europe and USA. In 2001 she participated in the prestigious Europalia Festival in Belgium. She made her US debut with Savannah Symphony Orchestra in Savannah, Georgia, and with a recital in Alice Tully Hall in New York. In July 2004, together with Sinfonia Varsovia under Wojciech Michniewski, she performed the cello solo part during the premiere of  Krzysztof Knittel’s “A Memoir of the Warsaw Uprising” to mark its 60th anniversary. In 2005, she played with the Amadeus Chamber Orchestra of Polish Radio during the Chopin Festival in Duszniki on the occasion of its 60th anniversary. In 2013 she took part in the concerts of the Krzysztof Penderecki Festival commemorating the composer’s 80th birthday.</p>
<p>During her career, she has collaborated with internationally renowned artists, including Agnieszka Duczmal, Gary Karr, Jerzy Maksymiuk, Philip Grenberg, and Krystian Zimerman.</p>
<p>Karolina Jaroszewska is also a chamber musician, performing with Polish pianist Julia Samojło. She is also a member of the Emanations Quartet along with Łukasz Kuropaczewski (guitar), Maciej Frąckiewicz (accordion) and Maria Nowak (violin).</p>
<p>Karolina Jaroszewska has recorded frequently for Polish Radio and Polish Television, including Rachmaninov’s Songs (arranged specially for her), de Falla’s Spanish Suite  for cello and string orchestra, and Piazzolla’s Concerto for guitar, cello and string orchestra. In 2005 she released a CD recorded with the Amadeus Chamber Orchestra of Polish Radio.</p>
<p>Since 2005 Karolina Jaroszewska has been a member of the Warsaw National Philharmonic in a solo cello position. In 2008 she became a member of the World Orchestra for Peace conducted by Valery Gergiev and consisting of the finest orchestra players of the world.</p>
<p>Her artistry has been also appreciated by non-music institutions. In 2010 she received a “Young Positivist” medal from the Hipolit Cegielski Society in Poznań as well as scholarships from the City of Poznań and the Ewa Czeszejko-Sochacka Foundation.</p>
<p>&nbsp;</p>
<p><em>Karolina Jaroszewska is represented by the Ludwig van Beethoven Association</em></p>

<p>Cellist, graduate of the Juilliard School of Music. Collaborated with internationally renowned musicians, including the World Orchestra for Peace. Born in Poznań. At the age of 19 she graduated with honors in the class of Stanisław Pokorski at the Academy of Music in Poznań. In 1994, during the Aspen Music Festival and School she met [&hellip;]</p>
